{"id":27,"date":"2012-06-08T18:37:18","date_gmt":"2012-06-08T18:37:18","guid":{"rendered":"http:\/\/blogs.multimeios.ufc.br\/assentamentosdigitais\/?page_id=27"},"modified":"2012-06-08T19:02:31","modified_gmt":"2012-06-08T19:02:31","slug":"educacao-no-campo","status":"publish","type":"page","link":"https:\/\/blogs.multimeios.ufc.br\/assentamentosdigitais\/tematicas\/educacao-no-campo\/","title":{"rendered":"Educa\u00e7\u00e3o no Campo"},"content":{"rendered":"<p><a href=\"http:\/\/blogs.multimeios.ufc.br\/assentamentosdigitais\/files\/2012\/06\/images1.jpeg\"><img fetchpriority=\"high\" decoding=\"async\" class=\"aligncenter  wp-image-53\" title=\"images\" src=\"http:\/\/blogs.multimeios.ufc.br\/assentamentosdigitais\/files\/2012\/06\/images1.jpeg\" alt=\"\" width=\"500\" height=\"200\" \/><\/a><\/p>\n","protected":false},"excerpt":{"rendered":"","protected":false},"author":3,"featured_media":0,"parent":19,"menu_order":0,"comment_status":"open","ping_status":"open","template":"","meta":{"footnotes":""},"class_list":["post-27","page","type-page","status-publish","hentry"],"yoast_head":"<!-- This site is optimized with the Yoast SEO plugin v27.4 - https:\/\/yoast.com\/product\/yoast-seo-wordpress\/ -->\n<title>Educa\u00e7\u00e3o no Campo - Projeto @AD<\/title>\n<meta name=\"robots\" content=\"index, follow, max-snippet:-1, max-image-preview:large, max-video-preview:-1\" \/>\n<link rel=\"canonical\" href=\"http:\/\/blogs.multimeios.ufc.br\/assentamentosdigitais\/tematicas\/educacao-no-campo\/\" \/>\n<meta property=\"og:locale\" content=\"pt_BR\" \/>\n<meta property=\"og:type\" content=\"article\" \/>\n<meta property=\"og:title\" content=\"Educa\u00e7\u00e3o no Campo - Projeto @AD\" \/>\n<meta property=\"og:url\" content=\"http:\/\/blogs.multimeios.ufc.br\/assentamentosdigitais\/tematicas\/educacao-no-campo\/\" \/>\n<meta property=\"og:site_name\" content=\"Projeto @AD\" \/>\n<meta property=\"article:modified_time\" content=\"2012-06-08T19:02:31+00:00\" \/>\n<meta property=\"og:image\" content=\"http:\/\/blogs.multimeios.ufc.br\/assentamentosdigitais\/files\/2012\/06\/images1.jpeg\" \/>\n<meta name=\"twitter:card\" content=\"summary_large_image\" \/>\n<script type=\"application\/ld+json\" class=\"yoast-schema-graph\">{\"@context\":\"https:\\\/\\\/schema.org\",\"@graph\":[{\"@type\":\"WebPage\",\"@id\":\"http:\\\/\\\/blogs.multimeios.ufc.br\\\/assentamentosdigitais\\\/tematicas\\\/educacao-no-campo\\\/\",\"url\":\"http:\\\/\\\/blogs.multimeios.ufc.br\\\/assentamentosdigitais\\\/tematicas\\\/educacao-no-campo\\\/\",\"name\":\"Educa\u00e7\u00e3o no Campo - Projeto @AD\",\"isPartOf\":{\"@id\":\"http:\\\/\\\/blogs.multimeios.ufc.br\\\/assentamentosdigitais\\\/#website\"},\"primaryImageOfPage\":{\"@id\":\"http:\\\/\\\/blogs.multimeios.ufc.br\\\/assentamentosdigitais\\\/tematicas\\\/educacao-no-campo\\\/#primaryimage\"},\"image\":{\"@id\":\"http:\\\/\\\/blogs.multimeios.ufc.br\\\/assentamentosdigitais\\\/tematicas\\\/educacao-no-campo\\\/#primaryimage\"},\"thumbnailUrl\":\"http:\\\/\\\/blogs.multimeios.ufc.br\\\/assentamentosdigitais\\\/files\\\/2012\\\/06\\\/images1.jpeg\",\"datePublished\":\"2012-06-08T18:37:18+00:00\",\"dateModified\":\"2012-06-08T19:02:31+00:00\",\"breadcrumb\":{\"@id\":\"http:\\\/\\\/blogs.multimeios.ufc.br\\\/assentamentosdigitais\\\/tematicas\\\/educacao-no-campo\\\/#breadcrumb\"},\"inLanguage\":\"pt-BR\",\"potentialAction\":[{\"@type\":\"ReadAction\",\"target\":[\"http:\\\/\\\/blogs.multimeios.ufc.br\\\/assentamentosdigitais\\\/tematicas\\\/educacao-no-campo\\\/\"]}]},{\"@type\":\"ImageObject\",\"inLanguage\":\"pt-BR\",\"@id\":\"http:\\\/\\\/blogs.multimeios.ufc.br\\\/assentamentosdigitais\\\/tematicas\\\/educacao-no-campo\\\/#primaryimage\",\"url\":\"http:\\\/\\\/blogs.multimeios.ufc.br\\\/assentamentosdigitais\\\/files\\\/2012\\\/06\\\/images1.jpeg\",\"contentUrl\":\"http:\\\/\\\/blogs.multimeios.ufc.br\\\/assentamentosdigitais\\\/files\\\/2012\\\/06\\\/images1.jpeg\"},{\"@type\":\"BreadcrumbList\",\"@id\":\"http:\\\/\\\/blogs.multimeios.ufc.br\\\/assentamentosdigitais\\\/tematicas\\\/educacao-no-campo\\\/#breadcrumb\",\"itemListElement\":[{\"@type\":\"ListItem\",\"position\":1,\"name\":\"In\u00edcio\",\"item\":\"http:\\\/\\\/blogs.multimeios.ufc.br\\\/assentamentosdigitais\\\/\"},{\"@type\":\"ListItem\",\"position\":2,\"name\":\"Tem\u00e1ticas\",\"item\":\"http:\\\/\\\/blogs.multimeios.ufc.br\\\/assentamentosdigitais\\\/tematicas\\\/\"},{\"@type\":\"ListItem\",\"position\":3,\"name\":\"Educa\u00e7\u00e3o no Campo\"}]},{\"@type\":\"WebSite\",\"@id\":\"http:\\\/\\\/blogs.multimeios.ufc.br\\\/assentamentosdigitais\\\/#website\",\"url\":\"http:\\\/\\\/blogs.multimeios.ufc.br\\\/assentamentosdigitais\\\/\",\"name\":\"Projeto @AD\",\"description\":\"Projeto Assentamentos Digitais que visa promover Inclus\u00e3o Digital em Barra do Feij\u00e3o, Coqueirinho e Juc\u00e1 Grosso.\",\"potentialAction\":[{\"@type\":\"SearchAction\",\"target\":{\"@type\":\"EntryPoint\",\"urlTemplate\":\"http:\\\/\\\/blogs.multimeios.ufc.br\\\/assentamentosdigitais\\\/?s={search_term_string}\"},\"query-input\":{\"@type\":\"PropertyValueSpecification\",\"valueRequired\":true,\"valueName\":\"search_term_string\"}}],\"inLanguage\":\"pt-BR\"}]}<\/script>\n<!-- \/ Yoast SEO plugin. -->","yoast_head_json":{"title":"Educa\u00e7\u00e3o no Campo - Projeto @AD","robots":{"index":"index","follow":"follow","max-snippet":"max-snippet:-1","max-image-preview":"max-image-preview:large","max-video-preview":"max-video-preview:-1"},"canonical":"http:\/\/blogs.multimeios.ufc.br\/assentamentosdigitais\/tematicas\/educacao-no-campo\/","og_locale":"pt_BR","og_type":"article","og_title":"Educa\u00e7\u00e3o no Campo - Projeto @AD","og_url":"http:\/\/blogs.multimeios.ufc.br\/assentamentosdigitais\/tematicas\/educacao-no-campo\/","og_site_name":"Projeto @AD","article_modified_time":"2012-06-08T19:02:31+00:00","og_image":[{"url":"http:\/\/blogs.multimeios.ufc.br\/assentamentosdigitais\/files\/2012\/06\/images1.jpeg","type":"","width":"","height":""}],"twitter_card":"summary_large_image","schema":{"@context":"https:\/\/schema.org","@graph":[{"@type":"WebPage","@id":"http:\/\/blogs.multimeios.ufc.br\/assentamentosdigitais\/tematicas\/educacao-no-campo\/","url":"http:\/\/blogs.multimeios.ufc.br\/assentamentosdigitais\/tematicas\/educacao-no-campo\/","name":"Educa\u00e7\u00e3o no Campo - Projeto @AD","isPartOf":{"@id":"http:\/\/blogs.multimeios.ufc.br\/assentamentosdigitais\/#website"},"primaryImageOfPage":{"@id":"http:\/\/blogs.multimeios.ufc.br\/assentamentosdigitais\/tematicas\/educacao-no-campo\/#primaryimage"},"image":{"@id":"http:\/\/blogs.multimeios.ufc.br\/assentamentosdigitais\/tematicas\/educacao-no-campo\/#primaryimage"},"thumbnailUrl":"http:\/\/blogs.multimeios.ufc.br\/assentamentosdigitais\/files\/2012\/06\/images1.jpeg","datePublished":"2012-06-08T18:37:18+00:00","dateModified":"2012-06-08T19:02:31+00:00","breadcrumb":{"@id":"http:\/\/blogs.multimeios.ufc.br\/assentamentosdigitais\/tematicas\/educacao-no-campo\/#breadcrumb"},"inLanguage":"pt-BR","potentialAction":[{"@type":"ReadAction","target":["http:\/\/blogs.multimeios.ufc.br\/assentamentosdigitais\/tematicas\/educacao-no-campo\/"]}]},{"@type":"ImageObject","inLanguage":"pt-BR","@id":"http:\/\/blogs.multimeios.ufc.br\/assentamentosdigitais\/tematicas\/educacao-no-campo\/#primaryimage","url":"http:\/\/blogs.multimeios.ufc.br\/assentamentosdigitais\/files\/2012\/06\/images1.jpeg","contentUrl":"http:\/\/blogs.multimeios.ufc.br\/assentamentosdigitais\/files\/2012\/06\/images1.jpeg"},{"@type":"BreadcrumbList","@id":"http:\/\/blogs.multimeios.ufc.br\/assentamentosdigitais\/tematicas\/educacao-no-campo\/#breadcrumb","itemListElement":[{"@type":"ListItem","position":1,"name":"In\u00edcio","item":"http:\/\/blogs.multimeios.ufc.br\/assentamentosdigitais\/"},{"@type":"ListItem","position":2,"name":"Tem\u00e1ticas","item":"http:\/\/blogs.multimeios.ufc.br\/assentamentosdigitais\/tematicas\/"},{"@type":"ListItem","position":3,"name":"Educa\u00e7\u00e3o no Campo"}]},{"@type":"WebSite","@id":"http:\/\/blogs.multimeios.ufc.br\/assentamentosdigitais\/#website","url":"http:\/\/blogs.multimeios.ufc.br\/assentamentosdigitais\/","name":"Projeto @AD","description":"Projeto Assentamentos Digitais que visa promover Inclus\u00e3o Digital em Barra do Feij\u00e3o, Coqueirinho e Juc\u00e1 Grosso.","potentialAction":[{"@type":"SearchAction","target":{"@type":"EntryPoint","urlTemplate":"http:\/\/blogs.multimeios.ufc.br\/assentamentosdigitais\/?s={search_term_string}"},"query-input":{"@type":"PropertyValueSpecification","valueRequired":true,"valueName":"search_term_string"}}],"inLanguage":"pt-BR"}]}},"_links":{"self":[{"href":"https:\/\/blogs.multimeios.ufc.br\/assentamentosdigitais\/wp-json\/wp\/v2\/pages\/27","targetHints":{"allow":["GET"]}}],"collection":[{"href":"https:\/\/blogs.multimeios.ufc.br\/assentamentosdigitais\/wp-json\/wp\/v2\/pages"}],"about":[{"href":"https:\/\/blogs.multimeios.ufc.br\/assentamentosdigitais\/wp-json\/wp\/v2\/types\/page"}],"author":[{"embeddable":true,"href":"https:\/\/blogs.multimeios.ufc.br\/assentamentosdigitais\/wp-json\/wp\/v2\/users\/3"}],"replies":[{"embeddable":true,"href":"https:\/\/blogs.multimeios.ufc.br\/assentamentosdigitais\/wp-json\/wp\/v2\/comments?post=27"}],"version-history":[{"count":3,"href":"https:\/\/blogs.multimeios.ufc.br\/assentamentosdigitais\/wp-json\/wp\/v2\/pages\/27\/revisions"}],"predecessor-version":[{"id":55,"href":"https:\/\/blogs.multimeios.ufc.br\/assentamentosdigitais\/wp-json\/wp\/v2\/pages\/27\/revisions\/55"}],"up":[{"embeddable":true,"href":"https:\/\/blogs.multimeios.ufc.br\/assentamentosdigitais\/wp-json\/wp\/v2\/pages\/19"}],"wp:attachment":[{"href":"https:\/\/blogs.multimeios.ufc.br\/assentamentosdigitais\/wp-json\/wp\/v2\/media?parent=27"}],"curies":[{"name":"wp","href":"https:\/\/api.w.org\/{rel}","templated":true}]}}