{"id":7,"date":"2012-06-08T18:19:44","date_gmt":"2012-06-08T18:19:44","guid":{"rendered":"http:\/\/blogs.multimeios.ufc.br\/assentamentosdigitais\/?page_id=7"},"modified":"2013-12-04T21:09:17","modified_gmt":"2013-12-04T21:09:17","slug":"coqueirinho","status":"publish","type":"page","link":"https:\/\/blogs.multimeios.ufc.br\/assentamentosdigitais\/pagina-exemplo\/coqueirinho\/","title":{"rendered":"Coqueirinho"},"content":{"rendered":"<p dir=\"ltr\">O Assentamento Coqueirinho est\u00e1 localizado no munic\u00edpio de Fortim (CE) e tem como principal fonte de renda o agroturismo desenvolvido pelas fam\u00edlias assentadas. Cada fam\u00edlia contribui com o seu trabalho que vai desde o cultivo de \u00e1rvores frut\u00edferas que produzem alimentos totalmente org\u00e2nicos (utilizados pelo restaurante que atrai os turistas oferecendo a culin\u00e1ria local, pratos como o cabrito no vinho e p\u00e3o com cenoura) at\u00e9 a produ\u00e7\u00e3o de cosm\u00e9ticos, por exemplo: utilizam o ninho indiano para produzir pesticidas para evitar as pragas na lavoura e utilizam o seu mel para fabricar lo\u00e7\u00e3o antiacne, shampoo e condicionador. Outra atra\u00e7\u00e3o tur\u00edstica por l\u00e1 s\u00e3o as trilhas pela mata e o passeio de carro\u00e7a. Neste contexto, o Projeto @AD, procurou levar \u00e0 comunidade a inclus\u00e3o digital atrav\u00e9s da implementa\u00e7\u00e3o de uma Unidade de Inclus\u00e3o Digital (UID), para que atrav\u00e9s das diversas possibilidades que o mundo virtual oferece a juventude local, pud\u00e9ssemos fortalecer, ampliar e divulgar o trabalho desenvolvido por eles com a sua terra. Bem como divulgar a \u00a0hist\u00f3ria de luta e conquista da comunidade por meio da cria\u00e7\u00e3o do blog de Coqueirinho e do podcast produzido por eles como fonte de registro hist\u00f3rico.<\/p>\n","protected":false},"excerpt":{"rendered":"<p>O Assentamento Coqueirinho est\u00e1 localizado no munic\u00edpio de Fortim (CE) e tem como principal fonte de renda o agroturismo desenvolvido pelas fam\u00edlias assentadas. Cada fam\u00edlia contribui com o seu trabalho que vai desde o cultivo de \u00e1rvores frut\u00edferas que produzem &hellip; <a href=\"https:\/\/blogs.multimeios.ufc.br\/assentamentosdigitais\/pagina-exemplo\/coqueirinho\/\">Continue reading <span class=\"meta-nav\">&rarr;<\/span><\/a><\/p>\n","protected":false},"author":3,"featured_media":0,"parent":2,"menu_order":0,"comment_status":"open","ping_status":"open","template":"","meta":{"footnotes":""},"class_list":["post-7","page","type-page","status-publish","hentry"],"yoast_head":"<!-- This site is optimized with the Yoast SEO plugin v27.4 - https:\/\/yoast.com\/product\/yoast-seo-wordpress\/ -->\n<title>Coqueirinho - Projeto @AD<\/title>\n<meta name=\"robots\" content=\"index, follow, max-snippet:-1, max-image-preview:large, max-video-preview:-1\" \/>\n<link rel=\"canonical\" href=\"http:\/\/blogs.multimeios.ufc.br\/assentamentosdigitais\/pagina-exemplo\/coqueirinho\/\" \/>\n<meta property=\"og:locale\" content=\"pt_BR\" \/>\n<meta property=\"og:type\" content=\"article\" \/>\n<meta property=\"og:title\" content=\"Coqueirinho - Projeto @AD\" \/>\n<meta property=\"og:description\" content=\"O Assentamento Coqueirinho est\u00e1 localizado no munic\u00edpio de Fortim (CE) e tem como principal fonte de renda o agroturismo desenvolvido pelas fam\u00edlias assentadas. Cada fam\u00edlia contribui com o seu trabalho que vai desde o cultivo de \u00e1rvores frut\u00edferas que produzem &hellip; Continue reading &rarr;\" \/>\n<meta property=\"og:url\" content=\"http:\/\/blogs.multimeios.ufc.br\/assentamentosdigitais\/pagina-exemplo\/coqueirinho\/\" \/>\n<meta property=\"og:site_name\" content=\"Projeto @AD\" \/>\n<meta property=\"article:modified_time\" content=\"2013-12-04T21:09:17+00:00\" \/>\n<meta name=\"twitter:card\" content=\"summary_large_image\" \/>\n<meta name=\"twitter:label1\" content=\"Est. tempo de leitura\" \/>\n\t<meta name=\"twitter:data1\" content=\"1 minuto\" \/>\n<script type=\"application\/ld+json\" class=\"yoast-schema-graph\">{\"@context\":\"https:\\\/\\\/schema.org\",\"@graph\":[{\"@type\":\"WebPage\",\"@id\":\"http:\\\/\\\/blogs.multimeios.ufc.br\\\/assentamentosdigitais\\\/pagina-exemplo\\\/coqueirinho\\\/\",\"url\":\"http:\\\/\\\/blogs.multimeios.ufc.br\\\/assentamentosdigitais\\\/pagina-exemplo\\\/coqueirinho\\\/\",\"name\":\"Coqueirinho - Projeto @AD\",\"isPartOf\":{\"@id\":\"http:\\\/\\\/blogs.multimeios.ufc.br\\\/assentamentosdigitais\\\/#website\"},\"datePublished\":\"2012-06-08T18:19:44+00:00\",\"dateModified\":\"2013-12-04T21:09:17+00:00\",\"breadcrumb\":{\"@id\":\"http:\\\/\\\/blogs.multimeios.ufc.br\\\/assentamentosdigitais\\\/pagina-exemplo\\\/coqueirinho\\\/#breadcrumb\"},\"inLanguage\":\"pt-BR\",\"potentialAction\":[{\"@type\":\"ReadAction\",\"target\":[\"http:\\\/\\\/blogs.multimeios.ufc.br\\\/assentamentosdigitais\\\/pagina-exemplo\\\/coqueirinho\\\/\"]}]},{\"@type\":\"BreadcrumbList\",\"@id\":\"http:\\\/\\\/blogs.multimeios.ufc.br\\\/assentamentosdigitais\\\/pagina-exemplo\\\/coqueirinho\\\/#breadcrumb\",\"itemListElement\":[{\"@type\":\"ListItem\",\"position\":1,\"name\":\"In\u00edcio\",\"item\":\"http:\\\/\\\/blogs.multimeios.ufc.br\\\/assentamentosdigitais\\\/\"},{\"@type\":\"ListItem\",\"position\":2,\"name\":\"Assentamentos\",\"item\":\"http:\\\/\\\/blogs.multimeios.ufc.br\\\/assentamentosdigitais\\\/pagina-exemplo\\\/\"},{\"@type\":\"ListItem\",\"position\":3,\"name\":\"Coqueirinho\"}]},{\"@type\":\"WebSite\",\"@id\":\"http:\\\/\\\/blogs.multimeios.ufc.br\\\/assentamentosdigitais\\\/#website\",\"url\":\"http:\\\/\\\/blogs.multimeios.ufc.br\\\/assentamentosdigitais\\\/\",\"name\":\"Projeto @AD\",\"description\":\"Projeto Assentamentos Digitais que visa promover Inclus\u00e3o Digital em Barra do Feij\u00e3o, Coqueirinho e Juc\u00e1 Grosso.\",\"potentialAction\":[{\"@type\":\"SearchAction\",\"target\":{\"@type\":\"EntryPoint\",\"urlTemplate\":\"http:\\\/\\\/blogs.multimeios.ufc.br\\\/assentamentosdigitais\\\/?s={search_term_string}\"},\"query-input\":{\"@type\":\"PropertyValueSpecification\",\"valueRequired\":true,\"valueName\":\"search_term_string\"}}],\"inLanguage\":\"pt-BR\"}]}<\/script>\n<!-- \/ Yoast SEO plugin. -->","yoast_head_json":{"title":"Coqueirinho - Projeto @AD","robots":{"index":"index","follow":"follow","max-snippet":"max-snippet:-1","max-image-preview":"max-image-preview:large","max-video-preview":"max-video-preview:-1"},"canonical":"http:\/\/blogs.multimeios.ufc.br\/assentamentosdigitais\/pagina-exemplo\/coqueirinho\/","og_locale":"pt_BR","og_type":"article","og_title":"Coqueirinho - Projeto @AD","og_description":"O Assentamento Coqueirinho est\u00e1 localizado no munic\u00edpio de Fortim (CE) e tem como principal fonte de renda o agroturismo desenvolvido pelas fam\u00edlias assentadas. Cada fam\u00edlia contribui com o seu trabalho que vai desde o cultivo de \u00e1rvores frut\u00edferas que produzem &hellip; Continue reading &rarr;","og_url":"http:\/\/blogs.multimeios.ufc.br\/assentamentosdigitais\/pagina-exemplo\/coqueirinho\/","og_site_name":"Projeto @AD","article_modified_time":"2013-12-04T21:09:17+00:00","twitter_card":"summary_large_image","twitter_misc":{"Est. tempo de leitura":"1 minuto"},"schema":{"@context":"https:\/\/schema.org","@graph":[{"@type":"WebPage","@id":"http:\/\/blogs.multimeios.ufc.br\/assentamentosdigitais\/pagina-exemplo\/coqueirinho\/","url":"http:\/\/blogs.multimeios.ufc.br\/assentamentosdigitais\/pagina-exemplo\/coqueirinho\/","name":"Coqueirinho - Projeto @AD","isPartOf":{"@id":"http:\/\/blogs.multimeios.ufc.br\/assentamentosdigitais\/#website"},"datePublished":"2012-06-08T18:19:44+00:00","dateModified":"2013-12-04T21:09:17+00:00","breadcrumb":{"@id":"http:\/\/blogs.multimeios.ufc.br\/assentamentosdigitais\/pagina-exemplo\/coqueirinho\/#breadcrumb"},"inLanguage":"pt-BR","potentialAction":[{"@type":"ReadAction","target":["http:\/\/blogs.multimeios.ufc.br\/assentamentosdigitais\/pagina-exemplo\/coqueirinho\/"]}]},{"@type":"BreadcrumbList","@id":"http:\/\/blogs.multimeios.ufc.br\/assentamentosdigitais\/pagina-exemplo\/coqueirinho\/#breadcrumb","itemListElement":[{"@type":"ListItem","position":1,"name":"In\u00edcio","item":"http:\/\/blogs.multimeios.ufc.br\/assentamentosdigitais\/"},{"@type":"ListItem","position":2,"name":"Assentamentos","item":"http:\/\/blogs.multimeios.ufc.br\/assentamentosdigitais\/pagina-exemplo\/"},{"@type":"ListItem","position":3,"name":"Coqueirinho"}]},{"@type":"WebSite","@id":"http:\/\/blogs.multimeios.ufc.br\/assentamentosdigitais\/#website","url":"http:\/\/blogs.multimeios.ufc.br\/assentamentosdigitais\/","name":"Projeto @AD","description":"Projeto Assentamentos Digitais que visa promover Inclus\u00e3o Digital em Barra do Feij\u00e3o, Coqueirinho e Juc\u00e1 Grosso.","potentialAction":[{"@type":"SearchAction","target":{"@type":"EntryPoint","urlTemplate":"http:\/\/blogs.multimeios.ufc.br\/assentamentosdigitais\/?s={search_term_string}"},"query-input":{"@type":"PropertyValueSpecification","valueRequired":true,"valueName":"search_term_string"}}],"inLanguage":"pt-BR"}]}},"_links":{"self":[{"href":"https:\/\/blogs.multimeios.ufc.br\/assentamentosdigitais\/wp-json\/wp\/v2\/pages\/7","targetHints":{"allow":["GET"]}}],"collection":[{"href":"https:\/\/blogs.multimeios.ufc.br\/assentamentosdigitais\/wp-json\/wp\/v2\/pages"}],"about":[{"href":"https:\/\/blogs.multimeios.ufc.br\/assentamentosdigitais\/wp-json\/wp\/v2\/types\/page"}],"author":[{"embeddable":true,"href":"https:\/\/blogs.multimeios.ufc.br\/assentamentosdigitais\/wp-json\/wp\/v2\/users\/3"}],"replies":[{"embeddable":true,"href":"https:\/\/blogs.multimeios.ufc.br\/assentamentosdigitais\/wp-json\/wp\/v2\/comments?post=7"}],"version-history":[{"count":12,"href":"https:\/\/blogs.multimeios.ufc.br\/assentamentosdigitais\/wp-json\/wp\/v2\/pages\/7\/revisions"}],"predecessor-version":[{"id":67,"href":"https:\/\/blogs.multimeios.ufc.br\/assentamentosdigitais\/wp-json\/wp\/v2\/pages\/7\/revisions\/67"}],"up":[{"embeddable":true,"href":"https:\/\/blogs.multimeios.ufc.br\/assentamentosdigitais\/wp-json\/wp\/v2\/pages\/2"}],"wp:attachment":[{"href":"https:\/\/blogs.multimeios.ufc.br\/assentamentosdigitais\/wp-json\/wp\/v2\/media?parent=7"}],"curies":[{"name":"wp","href":"https:\/\/api.w.org\/{rel}","templated":true}]}}