{"id":136,"date":"2018-08-27T23:30:43","date_gmt":"2018-08-28T02:30:43","guid":{"rendered":"http:\/\/blogs.multimeios.ufc.br\/danielbrandao\/?page_id=136"},"modified":"2020-02-05T10:16:05","modified_gmt":"2020-02-05T13:16:05","slug":"projeto-fedathi-2","status":"publish","type":"page","link":"https:\/\/blogs.multimeios.ufc.br\/danielbrandao\/","title":{"rendered":"Projeto Fedathi"},"content":{"rendered":"<h5 style=\"text-align: justify\"><span style=\"color: #000080\"><span style=\"font-family: times new roman, times, serif;font-size: large\">O III Curso de Extens\u00e3o intitulado Projeto Fedathi: Metodologia de Ensino para forma\u00e7\u00e3o dos Docentes do Ensino M\u00e9dio da Rede P\u00fablica Estadual de Educa\u00e7\u00e3o<\/span><i style=\"font-family: 'times new roman', times, serif;font-size: 14pt;font-weight: bold\">\u00a0objetiva proporcionar uma forma\u00e7\u00e3o voltada para o aperfei\u00e7oamento dos professores que lecionam no ensino m\u00e9dio das institui\u00e7\u00f5es p\u00fablicas estaduais de todas as \u00e1reas consistindo em apresentar a Metodologia de ensino Sequ\u00eancia Fedathi orientando os profissionais e alunos nos processos metodol\u00f3gicos em suas aulas. Ocorrer\u00e1 na UFC &#8211; Faculdade de Educa\u00e7\u00e3o sendo promovido pelo Laborat\u00f3rio de pesquisas Multimeios. Ser\u00e3o dois encontros presenciais que acontecer\u00e3o nos dias 07\/03 e 04\/04\/2020\u00a0<\/i><span style=\"font-family: times new roman, times, serif;font-size: large\"><i>existindo entre esse per\u00edodo<\/i><\/span><i style=\"font-family: 'times new roman', times, serif;font-size: 14pt;font-weight: bold\">\u00a0o momento \u00a0que ser\u00e1 realizado \u00e0 dist\u00e2ncia pela plataforma moodle. No decorrer do curso, cada participante far\u00e1 parte de um grupo de alunos e ter\u00e1 a incumb\u00eancia de escrever uma sess\u00e3o did\u00e1tica individualmente, em dupla ou em equipes. Mas onde estaria o conte\u00fado espec\u00edfico? Os temas ser\u00e3o trazidos pelos alunos de acordo com o que eles possuem maior afinidade e trabalham em suas salas de aula. A Sequ\u00eancia Fedathi ser\u00e1 t<span style=\"color: #000080\">rabalhada com cada conte\u00fado escolhido pelos participantes divididos em grupo.<\/span><\/i><\/span><\/h5>\n<p style=\"text-align: justify\"><span style=\"font-family: 'times new roman', times, serif;font-size: 14pt;color: #000080\">Inscreva-se pelo link:<\/span><\/p>\n<p style=\"text-align: justify\"><span style=\"color: #000080\"><a style=\"color: #000080\" href=\"http:\/\/bit.ly\/39aX2AS\">N\u00e3o perca tempo! Venha aprender mais! Inscreva-se clicando aqui!<\/a><\/span><\/p>\n<p><span style=\"background-color: #ffff00;color: #000080\">Per\u00edodo de inscri\u00e7\u00e3o: 06\/02 a 04\/03\/2020.<\/span><\/p>\n","protected":false},"excerpt":{"rendered":"<p>O III Curso de Extens\u00e3o intitulado Projeto Fedathi: Metodologia de Ensino para forma\u00e7\u00e3o dos Docentes do Ensino M\u00e9dio da Rede P\u00fablica Estadual de Educa\u00e7\u00e3o\u00a0objetiva proporcionar uma forma\u00e7\u00e3o voltada para o aperfei\u00e7oamento dos professores que lecionam no ensino m\u00e9dio das institui\u00e7\u00f5es &hellip; <a href=\"https:\/\/blogs.multimeios.ufc.br\/danielbrandao\/\">Continuar lendo <span class=\"meta-nav\">&rarr;<\/span><\/a><\/p>\n","protected":false},"author":13,"featured_media":0,"parent":0,"menu_order":0,"comment_status":"closed","ping_status":"closed","template":"","meta":{"footnotes":""},"class_list":["post-136","page","type-page","status-publish","hentry"],"yoast_head":"<!-- This site is optimized with the Yoast SEO plugin v27.4 - https:\/\/yoast.com\/product\/yoast-seo-wordpress\/ -->\n<title>Projeto Fedathi - Projeto Fedathi<\/title>\n<meta name=\"robots\" content=\"index, follow, max-snippet:-1, max-image-preview:large, max-video-preview:-1\" \/>\n<link rel=\"canonical\" href=\"https:\/\/blogs.multimeios.ufc.br\/danielbrandao\/\" \/>\n<meta property=\"og:locale\" content=\"pt_BR\" \/>\n<meta property=\"og:type\" content=\"article\" \/>\n<meta property=\"og:title\" content=\"Projeto Fedathi - Projeto Fedathi\" \/>\n<meta property=\"og:description\" content=\"O III Curso de Extens\u00e3o intitulado Projeto Fedathi: Metodologia de Ensino para forma\u00e7\u00e3o dos Docentes do Ensino M\u00e9dio da Rede P\u00fablica Estadual de Educa\u00e7\u00e3o\u00a0objetiva proporcionar uma forma\u00e7\u00e3o voltada para o aperfei\u00e7oamento dos professores que lecionam no ensino m\u00e9dio das institui\u00e7\u00f5es &hellip; Continuar lendo &rarr;\" \/>\n<meta property=\"og:url\" content=\"https:\/\/blogs.multimeios.ufc.br\/danielbrandao\/\" \/>\n<meta property=\"og:site_name\" content=\"Projeto Fedathi\" \/>\n<meta property=\"article:modified_time\" content=\"2020-02-05T13:16:05+00:00\" \/>\n<meta name=\"twitter:card\" content=\"summary_large_image\" \/>\n<meta name=\"twitter:label1\" content=\"Est. tempo de leitura\" \/>\n\t<meta name=\"twitter:data1\" content=\"1 minuto\" \/>\n<script type=\"application\/ld+json\" class=\"yoast-schema-graph\">{\"@context\":\"https:\\\/\\\/schema.org\",\"@graph\":[{\"@type\":\"WebPage\",\"@id\":\"https:\\\/\\\/blogs.multimeios.ufc.br\\\/danielbrandao\\\/\",\"url\":\"https:\\\/\\\/blogs.multimeios.ufc.br\\\/danielbrandao\\\/\",\"name\":\"Projeto Fedathi - Projeto Fedathi\",\"isPartOf\":{\"@id\":\"https:\\\/\\\/blogs.multimeios.ufc.br\\\/danielbrandao\\\/#website\"},\"datePublished\":\"2018-08-28T02:30:43+00:00\",\"dateModified\":\"2020-02-05T13:16:05+00:00\",\"breadcrumb\":{\"@id\":\"https:\\\/\\\/blogs.multimeios.ufc.br\\\/danielbrandao\\\/#breadcrumb\"},\"inLanguage\":\"pt-BR\",\"potentialAction\":[{\"@type\":\"ReadAction\",\"target\":[\"https:\\\/\\\/blogs.multimeios.ufc.br\\\/danielbrandao\\\/\"]}]},{\"@type\":\"BreadcrumbList\",\"@id\":\"https:\\\/\\\/blogs.multimeios.ufc.br\\\/danielbrandao\\\/#breadcrumb\",\"itemListElement\":[{\"@type\":\"ListItem\",\"position\":1,\"name\":\"In\u00edcio\",\"item\":\"https:\\\/\\\/blogs.multimeios.ufc.br\\\/danielbrandao\\\/\"},{\"@type\":\"ListItem\",\"position\":2,\"name\":\"Projeto Fedathi\"}]},{\"@type\":\"WebSite\",\"@id\":\"https:\\\/\\\/blogs.multimeios.ufc.br\\\/danielbrandao\\\/#website\",\"url\":\"https:\\\/\\\/blogs.multimeios.ufc.br\\\/danielbrandao\\\/\",\"name\":\"Projeto Fedathi\",\"description\":\"METODOLOGIA DE ENSINO PARA FORMA\u00c7\u00c3O DOS DOCENTES DO ENSINO M\u00c9DIO DA REDE P\u00daBLICA ESTADUAL DE EDUCA\u00c7\u00c3O\",\"potentialAction\":[{\"@type\":\"SearchAction\",\"target\":{\"@type\":\"EntryPoint\",\"urlTemplate\":\"https:\\\/\\\/blogs.multimeios.ufc.br\\\/danielbrandao\\\/?s={search_term_string}\"},\"query-input\":{\"@type\":\"PropertyValueSpecification\",\"valueRequired\":true,\"valueName\":\"search_term_string\"}}],\"inLanguage\":\"pt-BR\"}]}<\/script>\n<!-- \/ Yoast SEO plugin. -->","yoast_head_json":{"title":"Projeto Fedathi - Projeto Fedathi","robots":{"index":"index","follow":"follow","max-snippet":"max-snippet:-1","max-image-preview":"max-image-preview:large","max-video-preview":"max-video-preview:-1"},"canonical":"https:\/\/blogs.multimeios.ufc.br\/danielbrandao\/","og_locale":"pt_BR","og_type":"article","og_title":"Projeto Fedathi - Projeto Fedathi","og_description":"O III Curso de Extens\u00e3o intitulado Projeto Fedathi: Metodologia de Ensino para forma\u00e7\u00e3o dos Docentes do Ensino M\u00e9dio da Rede P\u00fablica Estadual de Educa\u00e7\u00e3o\u00a0objetiva proporcionar uma forma\u00e7\u00e3o voltada para o aperfei\u00e7oamento dos professores que lecionam no ensino m\u00e9dio das institui\u00e7\u00f5es &hellip; Continuar lendo &rarr;","og_url":"https:\/\/blogs.multimeios.ufc.br\/danielbrandao\/","og_site_name":"Projeto Fedathi","article_modified_time":"2020-02-05T13:16:05+00:00","twitter_card":"summary_large_image","twitter_misc":{"Est. tempo de leitura":"1 minuto"},"schema":{"@context":"https:\/\/schema.org","@graph":[{"@type":"WebPage","@id":"https:\/\/blogs.multimeios.ufc.br\/danielbrandao\/","url":"https:\/\/blogs.multimeios.ufc.br\/danielbrandao\/","name":"Projeto Fedathi - Projeto Fedathi","isPartOf":{"@id":"https:\/\/blogs.multimeios.ufc.br\/danielbrandao\/#website"},"datePublished":"2018-08-28T02:30:43+00:00","dateModified":"2020-02-05T13:16:05+00:00","breadcrumb":{"@id":"https:\/\/blogs.multimeios.ufc.br\/danielbrandao\/#breadcrumb"},"inLanguage":"pt-BR","potentialAction":[{"@type":"ReadAction","target":["https:\/\/blogs.multimeios.ufc.br\/danielbrandao\/"]}]},{"@type":"BreadcrumbList","@id":"https:\/\/blogs.multimeios.ufc.br\/danielbrandao\/#breadcrumb","itemListElement":[{"@type":"ListItem","position":1,"name":"In\u00edcio","item":"https:\/\/blogs.multimeios.ufc.br\/danielbrandao\/"},{"@type":"ListItem","position":2,"name":"Projeto Fedathi"}]},{"@type":"WebSite","@id":"https:\/\/blogs.multimeios.ufc.br\/danielbrandao\/#website","url":"https:\/\/blogs.multimeios.ufc.br\/danielbrandao\/","name":"Projeto Fedathi","description":"METODOLOGIA DE ENSINO PARA FORMA\u00c7\u00c3O DOS DOCENTES DO ENSINO M\u00c9DIO DA REDE P\u00daBLICA ESTADUAL DE EDUCA\u00c7\u00c3O","potentialAction":[{"@type":"SearchAction","target":{"@type":"EntryPoint","urlTemplate":"https:\/\/blogs.multimeios.ufc.br\/danielbrandao\/?s={search_term_string}"},"query-input":{"@type":"PropertyValueSpecification","valueRequired":true,"valueName":"search_term_string"}}],"inLanguage":"pt-BR"}]}},"_links":{"self":[{"href":"https:\/\/blogs.multimeios.ufc.br\/danielbrandao\/wp-json\/wp\/v2\/pages\/136","targetHints":{"allow":["GET"]}}],"collection":[{"href":"https:\/\/blogs.multimeios.ufc.br\/danielbrandao\/wp-json\/wp\/v2\/pages"}],"about":[{"href":"https:\/\/blogs.multimeios.ufc.br\/danielbrandao\/wp-json\/wp\/v2\/types\/page"}],"author":[{"embeddable":true,"href":"https:\/\/blogs.multimeios.ufc.br\/danielbrandao\/wp-json\/wp\/v2\/users\/13"}],"replies":[{"embeddable":true,"href":"https:\/\/blogs.multimeios.ufc.br\/danielbrandao\/wp-json\/wp\/v2\/comments?post=136"}],"version-history":[{"count":11,"href":"https:\/\/blogs.multimeios.ufc.br\/danielbrandao\/wp-json\/wp\/v2\/pages\/136\/revisions"}],"predecessor-version":[{"id":185,"href":"https:\/\/blogs.multimeios.ufc.br\/danielbrandao\/wp-json\/wp\/v2\/pages\/136\/revisions\/185"}],"wp:attachment":[{"href":"https:\/\/blogs.multimeios.ufc.br\/danielbrandao\/wp-json\/wp\/v2\/media?parent=136"}],"curies":[{"name":"wp","href":"https:\/\/api.w.org\/{rel}","templated":true}]}}

<h5 style="text-align: justify"><span style="color: #000080"><span style="font-family: times new roman, times, serif;font-size: large">O III Curso de Extensão intitulado Projeto Fedathi: Metodologia de Ensino para formação dos Docentes do Ensino Médio da Rede Pública Estadual de Educação</span><i style="font-family: 'times new roman', times, serif;font-size: 14pt;font-weight: bold"> objetiva proporcionar uma formação voltada para o aperfeiçoamento dos professores que lecionam no ensino médio das instituições públicas estaduais de todas as áreas consistindo em apresentar a Metodologia de ensino Sequência Fedathi orientando os profissionais e alunos nos processos metodológicos em suas aulas. Ocorrerá na UFC &#8211; Faculdade de Educação sendo promovido pelo Laboratório de pesquisas Multimeios. Serão dois encontros presenciais que acontecerão nos dias 07/03 e 04/04/2020 </i><span style="font-family: times new roman, times, serif;font-size: large"><i>existindo entre esse período</i></span><i style="font-family: 'times new roman', times, serif;font-size: 14pt;font-weight: bold"> o momento  que será realizado à distância pela plataforma moodle. No decorrer do curso, cada participante fará parte de um grupo de alunos e terá a incumbência de escrever uma sessão didática individualmente, em dupla ou em equipes. Mas onde estaria o conteúdo específico? Os temas serão trazidos pelos alunos de acordo com o que eles possuem maior afinidade e trabalham em suas salas de aula. A Sequência Fedathi será t<span style="color: #000080">rabalhada com cada conteúdo escolhido pelos participantes divididos em grupo.</span></i></span></h5>
<p style="text-align: justify"><span style="font-family: 'times new roman', times, serif;font-size: 14pt;color: #000080">Inscreva-se pelo link:</span></p>
<p style="text-align: justify"><span style="color: #000080"><a style="color: #000080" href="http://bit.ly/39aX2AS">Não perca tempo! Venha aprender mais! Inscreva-se clicando aqui!</a></span></p>
<p><span style="background-color: #ffff00;color: #000080">Período de inscrição: 06/02 a 04/03/2020.</span></p>

<p>O III Curso de Extensão intitulado Projeto Fedathi: Metodologia de Ensino para formação dos Docentes do Ensino Médio da Rede Pública Estadual de Educação objetiva proporcionar uma formação voltada para o aperfeiçoamento dos professores que lecionam no ensino médio das instituições &hellip; <a href="https://blogs.multimeios.ufc.br/danielbrandao/">Continuar lendo <span class="meta-nav">&rarr;</span></a></p>

<!-- This site is optimized with the Yoast SEO plugin v27.4 - https://yoast.com/product/yoast-seo-wordpress/ -->
<title>Projeto Fedathi - Projeto Fedathi</title>
<meta name="robots" content="index, follow, max-snippet:-1, max-image-preview:large, max-video-preview:-1" />
<link rel="canonical" href="https://blogs.multimeios.ufc.br/danielbrandao/" />
<meta property="og:locale" content="pt_BR" />
<meta property="og:type" content="article" />
<meta property="og:title" content="Projeto Fedathi - Projeto Fedathi" />
<meta property="og:description" content="O III Curso de Extensão intitulado Projeto Fedathi: Metodologia de Ensino para formação dos Docentes do Ensino Médio da Rede Pública Estadual de Educação objetiva proporcionar uma formação voltada para o aperfeiçoamento dos professores que lecionam no ensino médio das instituições &hellip; Continuar lendo &rarr;" />
<meta property="og:url" content="https://blogs.multimeios.ufc.br/danielbrandao/" />
<meta property="og:site_name" content="Projeto Fedathi" />
<meta property="article:modified_time" content="2020-02-05T13:16:05+00:00" />
<meta name="twitter:card" content="summary_large_image" />
<meta name="twitter:label1" content="Est. tempo de leitura" />
	<meta name="twitter:data1" content="1 minuto" />
<script type="application/ld+json" class="yoast-schema-graph">{"@context":"https:\/\/schema.org","@graph":[{"@type":"WebPage","@id":"https:\/\/blogs.multimeios.ufc.br\/danielbrandao\/","url":"https:\/\/blogs.multimeios.ufc.br\/danielbrandao\/","name":"Projeto Fedathi - Projeto Fedathi","isPartOf":{"@id":"https:\/\/blogs.multimeios.ufc.br\/danielbrandao\/#website"},"datePublished":"2018-08-28T02:30:43+00:00","dateModified":"2020-02-05T13:16:05+00:00","breadcrumb":{"@id":"https:\/\/blogs.multimeios.ufc.br\/danielbrandao\/#breadcrumb"},"inLanguage":"pt-BR","potentialAction":[{"@type":"ReadAction","target":["https:\/\/blogs.multimeios.ufc.br\/danielbrandao\/"]}]},{"@type":"BreadcrumbList","@id":"https:\/\/blogs.multimeios.ufc.br\/danielbrandao\/#breadcrumb","itemListElement":[{"@type":"ListItem","position":1,"name":"Início","item":"https:\/\/blogs.multimeios.ufc.br\/danielbrandao\/"},{"@type":"ListItem","position":2,"name":"Projeto Fedathi"}]},{"@type":"WebSite","@id":"https:\/\/blogs.multimeios.ufc.br\/danielbrandao\/#website","url":"https:\/\/blogs.multimeios.ufc.br\/danielbrandao\/","name":"Projeto Fedathi","description":"METODOLOGIA DE ENSINO PARA FORMAÇÃO DOS DOCENTES DO ENSINO MÉDIO DA REDE PÚBLICA ESTADUAL DE EDUCAÇÃO","potentialAction":[{"@type":"SearchAction","target":{"@type":"EntryPoint","urlTemplate":"https:\/\/blogs.multimeios.ufc.br\/danielbrandao\/?s={search_term_string}"},"query-input":{"@type":"PropertyValueSpecification","valueRequired":true,"valueName":"search_term_string"}}],"inLanguage":"pt-BR"}]}</script>
<!-- / Yoast SEO plugin. -->

O III Curso de Extensão intitulado Projeto Fedathi: Metodologia de Ensino para formação dos Docentes do Ensino Médio da Rede Pública Estadual de Educação objetiva proporcionar uma formação voltada para o aperfeiçoamento dos professores que lecionam no ensino médio das instituições &hellip; Continuar lendo &rarr;

Início

METODOLOGIA DE ENSINO PARA FORMAÇÃO DOS DOCENTES DO ENSINO MÉDIO DA REDE PÚBLICA ESTADUAL DE EDUCAÇÃO
