{"id":142,"date":"2018-08-27T23:44:09","date_gmt":"2018-08-28T02:44:09","guid":{"rendered":"http:\/\/blogs.multimeios.ufc.br\/danielbrandao\/?page_id=142"},"modified":"2020-02-05T09:47:17","modified_gmt":"2020-02-05T12:47:17","slug":"inscricao","status":"publish","type":"page","link":"https:\/\/blogs.multimeios.ufc.br\/danielbrandao\/inscricao\/","title":{"rendered":"Inscri\u00e7\u00e3o"},"content":{"rendered":"<p>Inscreva-se pelo link:<\/p>\n<p><a href=\"http:\/\/bit.ly\/39aX2AS\"><span style=\"color: #993300\"><span style=\"color: #0000ff\">N\u00e3o perca tempo! Venha aprender mais! Inscreva-se clicando aqui!<\/span><\/span><\/a><\/p>\n<p>Per\u00edodo de inscri\u00e7\u00e3o: 06\/02 a 04\/03\/2020.<\/p>\n","protected":false},"excerpt":{"rendered":"<p>Inscreva-se pelo link: N\u00e3o perca tempo! Venha aprender mais! Inscreva-se clicando aqui! Per\u00edodo de inscri\u00e7\u00e3o: 06\/02 a 04\/03\/2020.<\/p>\n","protected":false},"author":13,"featured_media":0,"parent":0,"menu_order":0,"comment_status":"closed","ping_status":"closed","template":"","meta":{"footnotes":""},"class_list":["post-142","page","type-page","status-publish","hentry"],"yoast_head":"<!-- This site is optimized with the Yoast SEO plugin v27.5 - https:\/\/yoast.com\/product\/yoast-seo-wordpress\/ -->\n<title>Inscri\u00e7\u00e3o - Projeto Fedathi<\/title>\n<meta name=\"robots\" content=\"index, follow, max-snippet:-1, max-image-preview:large, max-video-preview:-1\" \/>\n<link rel=\"canonical\" href=\"https:\/\/blogs.multimeios.ufc.br\/danielbrandao\/inscricao\/\" \/>\n<meta property=\"og:locale\" content=\"pt_BR\" \/>\n<meta property=\"og:type\" content=\"article\" \/>\n<meta property=\"og:title\" content=\"Inscri\u00e7\u00e3o - Projeto Fedathi\" \/>\n<meta property=\"og:description\" content=\"Inscreva-se pelo link: N\u00e3o perca tempo! Venha aprender mais! Inscreva-se clicando aqui! Per\u00edodo de inscri\u00e7\u00e3o: 06\/02 a 04\/03\/2020.\" \/>\n<meta property=\"og:url\" content=\"https:\/\/blogs.multimeios.ufc.br\/danielbrandao\/inscricao\/\" \/>\n<meta property=\"og:site_name\" content=\"Projeto Fedathi\" \/>\n<meta property=\"article:modified_time\" content=\"2020-02-05T12:47:17+00:00\" \/>\n<meta name=\"twitter:card\" content=\"summary_large_image\" \/>\n<script type=\"application\/ld+json\" class=\"yoast-schema-graph\">{\"@context\":\"https:\\\/\\\/schema.org\",\"@graph\":[{\"@type\":\"WebPage\",\"@id\":\"https:\\\/\\\/blogs.multimeios.ufc.br\\\/danielbrandao\\\/inscricao\\\/\",\"url\":\"https:\\\/\\\/blogs.multimeios.ufc.br\\\/danielbrandao\\\/inscricao\\\/\",\"name\":\"Inscri\u00e7\u00e3o - Projeto Fedathi\",\"isPartOf\":{\"@id\":\"https:\\\/\\\/blogs.multimeios.ufc.br\\\/danielbrandao\\\/#website\"},\"datePublished\":\"2018-08-28T02:44:09+00:00\",\"dateModified\":\"2020-02-05T12:47:17+00:00\",\"breadcrumb\":{\"@id\":\"https:\\\/\\\/blogs.multimeios.ufc.br\\\/danielbrandao\\\/inscricao\\\/#breadcrumb\"},\"inLanguage\":\"pt-BR\",\"potentialAction\":[{\"@type\":\"ReadAction\",\"target\":[\"https:\\\/\\\/blogs.multimeios.ufc.br\\\/danielbrandao\\\/inscricao\\\/\"]}]},{\"@type\":\"BreadcrumbList\",\"@id\":\"https:\\\/\\\/blogs.multimeios.ufc.br\\\/danielbrandao\\\/inscricao\\\/#breadcrumb\",\"itemListElement\":[{\"@type\":\"ListItem\",\"position\":1,\"name\":\"In\u00edcio\",\"item\":\"https:\\\/\\\/blogs.multimeios.ufc.br\\\/danielbrandao\\\/\"},{\"@type\":\"ListItem\",\"position\":2,\"name\":\"Inscri\u00e7\u00e3o\"}]},{\"@type\":\"WebSite\",\"@id\":\"https:\\\/\\\/blogs.multimeios.ufc.br\\\/danielbrandao\\\/#website\",\"url\":\"https:\\\/\\\/blogs.multimeios.ufc.br\\\/danielbrandao\\\/\",\"name\":\"Projeto Fedathi\",\"description\":\"METODOLOGIA DE ENSINO PARA FORMA\u00c7\u00c3O DOS DOCENTES DO ENSINO M\u00c9DIO DA REDE P\u00daBLICA ESTADUAL DE EDUCA\u00c7\u00c3O\",\"potentialAction\":[{\"@type\":\"SearchAction\",\"target\":{\"@type\":\"EntryPoint\",\"urlTemplate\":\"https:\\\/\\\/blogs.multimeios.ufc.br\\\/danielbrandao\\\/?s={search_term_string}\"},\"query-input\":{\"@type\":\"PropertyValueSpecification\",\"valueRequired\":true,\"valueName\":\"search_term_string\"}}],\"inLanguage\":\"pt-BR\"}]}<\/script>\n<!-- \/ Yoast SEO plugin. -->","yoast_head_json":{"title":"Inscri\u00e7\u00e3o - Projeto Fedathi","robots":{"index":"index","follow":"follow","max-snippet":"max-snippet:-1","max-image-preview":"max-image-preview:large","max-video-preview":"max-video-preview:-1"},"canonical":"https:\/\/blogs.multimeios.ufc.br\/danielbrandao\/inscricao\/","og_locale":"pt_BR","og_type":"article","og_title":"Inscri\u00e7\u00e3o - Projeto Fedathi","og_description":"Inscreva-se pelo link: N\u00e3o perca tempo! Venha aprender mais! Inscreva-se clicando aqui! Per\u00edodo de inscri\u00e7\u00e3o: 06\/02 a 04\/03\/2020.","og_url":"https:\/\/blogs.multimeios.ufc.br\/danielbrandao\/inscricao\/","og_site_name":"Projeto Fedathi","article_modified_time":"2020-02-05T12:47:17+00:00","twitter_card":"summary_large_image","schema":{"@context":"https:\/\/schema.org","@graph":[{"@type":"WebPage","@id":"https:\/\/blogs.multimeios.ufc.br\/danielbrandao\/inscricao\/","url":"https:\/\/blogs.multimeios.ufc.br\/danielbrandao\/inscricao\/","name":"Inscri\u00e7\u00e3o - Projeto Fedathi","isPartOf":{"@id":"https:\/\/blogs.multimeios.ufc.br\/danielbrandao\/#website"},"datePublished":"2018-08-28T02:44:09+00:00","dateModified":"2020-02-05T12:47:17+00:00","breadcrumb":{"@id":"https:\/\/blogs.multimeios.ufc.br\/danielbrandao\/inscricao\/#breadcrumb"},"inLanguage":"pt-BR","potentialAction":[{"@type":"ReadAction","target":["https:\/\/blogs.multimeios.ufc.br\/danielbrandao\/inscricao\/"]}]},{"@type":"BreadcrumbList","@id":"https:\/\/blogs.multimeios.ufc.br\/danielbrandao\/inscricao\/#breadcrumb","itemListElement":[{"@type":"ListItem","position":1,"name":"In\u00edcio","item":"https:\/\/blogs.multimeios.ufc.br\/danielbrandao\/"},{"@type":"ListItem","position":2,"name":"Inscri\u00e7\u00e3o"}]},{"@type":"WebSite","@id":"https:\/\/blogs.multimeios.ufc.br\/danielbrandao\/#website","url":"https:\/\/blogs.multimeios.ufc.br\/danielbrandao\/","name":"Projeto Fedathi","description":"METODOLOGIA DE ENSINO PARA FORMA\u00c7\u00c3O DOS DOCENTES DO ENSINO M\u00c9DIO DA REDE P\u00daBLICA ESTADUAL DE EDUCA\u00c7\u00c3O","potentialAction":[{"@type":"SearchAction","target":{"@type":"EntryPoint","urlTemplate":"https:\/\/blogs.multimeios.ufc.br\/danielbrandao\/?s={search_term_string}"},"query-input":{"@type":"PropertyValueSpecification","valueRequired":true,"valueName":"search_term_string"}}],"inLanguage":"pt-BR"}]}},"_links":{"self":[{"href":"https:\/\/blogs.multimeios.ufc.br\/danielbrandao\/wp-json\/wp\/v2\/pages\/142","targetHints":{"allow":["GET"]}}],"collection":[{"href":"https:\/\/blogs.multimeios.ufc.br\/danielbrandao\/wp-json\/wp\/v2\/pages"}],"about":[{"href":"https:\/\/blogs.multimeios.ufc.br\/danielbrandao\/wp-json\/wp\/v2\/types\/page"}],"author":[{"embeddable":true,"href":"https:\/\/blogs.multimeios.ufc.br\/danielbrandao\/wp-json\/wp\/v2\/users\/13"}],"replies":[{"embeddable":true,"href":"https:\/\/blogs.multimeios.ufc.br\/danielbrandao\/wp-json\/wp\/v2\/comments?post=142"}],"version-history":[{"count":6,"href":"https:\/\/blogs.multimeios.ufc.br\/danielbrandao\/wp-json\/wp\/v2\/pages\/142\/revisions"}],"predecessor-version":[{"id":166,"href":"https:\/\/blogs.multimeios.ufc.br\/danielbrandao\/wp-json\/wp\/v2\/pages\/142\/revisions\/166"}],"wp:attachment":[{"href":"https:\/\/blogs.multimeios.ufc.br\/danielbrandao\/wp-json\/wp\/v2\/media?parent=142"}],"curies":[{"name":"wp","href":"https:\/\/api.w.org\/{rel}","templated":true}]}}

Inscrição

<p>Inscreva-se pelo link:</p>
<p><a href="http://bit.ly/39aX2AS"><span style="color: #993300"><span style="color: #0000ff">Não perca tempo! Venha aprender mais! Inscreva-se clicando aqui!</span></span></a></p>
<p>Período de inscrição: 06/02 a 04/03/2020.</p>

<p>Inscreva-se pelo link: Não perca tempo! Venha aprender mais! Inscreva-se clicando aqui! Período de inscrição: 06/02 a 04/03/2020.</p>

<!-- This site is optimized with the Yoast SEO plugin v27.5 - https://yoast.com/product/yoast-seo-wordpress/ -->
<title>Inscrição - Projeto Fedathi</title>
<meta name="robots" content="index, follow, max-snippet:-1, max-image-preview:large, max-video-preview:-1" />
<link rel="canonical" href="https://blogs.multimeios.ufc.br/danielbrandao/inscricao/" />
<meta property="og:locale" content="pt_BR" />
<meta property="og:type" content="article" />
<meta property="og:title" content="Inscrição - Projeto Fedathi" />
<meta property="og:description" content="Inscreva-se pelo link: Não perca tempo! Venha aprender mais! Inscreva-se clicando aqui! Período de inscrição: 06/02 a 04/03/2020." />
<meta property="og:url" content="https://blogs.multimeios.ufc.br/danielbrandao/inscricao/" />
<meta property="og:site_name" content="Projeto Fedathi" />
<meta property="article:modified_time" content="2020-02-05T12:47:17+00:00" />
<meta name="twitter:card" content="summary_large_image" />
<script type="application/ld+json" class="yoast-schema-graph">{"@context":"https:\/\/schema.org","@graph":[{"@type":"WebPage","@id":"https:\/\/blogs.multimeios.ufc.br\/danielbrandao\/inscricao\/","url":"https:\/\/blogs.multimeios.ufc.br\/danielbrandao\/inscricao\/","name":"Inscrição - Projeto Fedathi","isPartOf":{"@id":"https:\/\/blogs.multimeios.ufc.br\/danielbrandao\/#website"},"datePublished":"2018-08-28T02:44:09+00:00","dateModified":"2020-02-05T12:47:17+00:00","breadcrumb":{"@id":"https:\/\/blogs.multimeios.ufc.br\/danielbrandao\/inscricao\/#breadcrumb"},"inLanguage":"pt-BR","potentialAction":[{"@type":"ReadAction","target":["https:\/\/blogs.multimeios.ufc.br\/danielbrandao\/inscricao\/"]}]},{"@type":"BreadcrumbList","@id":"https:\/\/blogs.multimeios.ufc.br\/danielbrandao\/inscricao\/#breadcrumb","itemListElement":[{"@type":"ListItem","position":1,"name":"Início","item":"https:\/\/blogs.multimeios.ufc.br\/danielbrandao\/"},{"@type":"ListItem","position":2,"name":"Inscrição"}]},{"@type":"WebSite","@id":"https:\/\/blogs.multimeios.ufc.br\/danielbrandao\/#website","url":"https:\/\/blogs.multimeios.ufc.br\/danielbrandao\/","name":"Projeto Fedathi","description":"METODOLOGIA DE ENSINO PARA FORMAÇÃO DOS DOCENTES DO ENSINO MÉDIO DA REDE PÚBLICA ESTADUAL DE EDUCAÇÃO","potentialAction":[{"@type":"SearchAction","target":{"@type":"EntryPoint","urlTemplate":"https:\/\/blogs.multimeios.ufc.br\/danielbrandao\/?s={search_term_string}"},"query-input":{"@type":"PropertyValueSpecification","valueRequired":true,"valueName":"search_term_string"}}],"inLanguage":"pt-BR"}]}</script>
<!-- / Yoast SEO plugin. -->

Inscrição - Projeto Fedathi

Inscreva-se pelo link: Não perca tempo! Venha aprender mais! Inscreva-se clicando aqui! Período de inscrição: 06/02 a 04/03/2020.

Início

METODOLOGIA DE ENSINO PARA FORMAÇÃO DOS DOCENTES DO ENSINO MÉDIO DA REDE PÚBLICA ESTADUAL DE EDUCAÇÃO
