{"id":77,"date":"2025-12-01T11:48:11","date_gmt":"2025-12-01T14:48:11","guid":{"rendered":"https:\/\/blogs.multimeios.ufc.br\/dina\/?page_id=77"},"modified":"2025-12-01T23:39:50","modified_gmt":"2025-12-02T02:39:50","slug":"mestrado-em-educacao","status":"publish","type":"page","link":"https:\/\/blogs.multimeios.ufc.br\/dina\/mestrado-em-educacao\/","title":{"rendered":"Mestrado em Educa\u00e7\u00e3o"},"content":{"rendered":"\n<p><\/p>\n\n\n\n<p class=\"has-medium-font-size\"><\/p>\n\n\n<h2><span style=\"color: #993300\">Chegada a \u00e9poca de uma grande momento!!!\u00a0 A aprova\u00e7\u00e3o no Mestrado em Educa\u00e7\u00e3o no Programa de P\u00f3s-Gradua\u00e7\u00e3o em Educa\u00e7\u00e3o\u00a0 da Universidade Federal do Cear\u00e1. Eis, que foi uma sonho realizado!!!\u00a0<\/span><\/h2>\n<p>\u00a0<\/p>\n\n\n<figure class=\"wp-block-gallery has-nested-images columns-default is-cropped wp-block-gallery-1 is-layout-flex wp-block-gallery-is-layout-flex\">\n<figure class=\"wp-block-image size-full\"><img fetchpriority=\"high\" decoding=\"async\" width=\"800\" height=\"600\" data-id=\"323\" src=\"https:\/\/blogs.multimeios.ufc.br\/dina\/files\/2025\/12\/WhatsApp-Image-2025-11-28-at-17.08.11-2.jpeg\" alt=\"\" class=\"wp-image-323\" srcset=\"https:\/\/blogs.multimeios.ufc.br\/dina\/files\/2025\/12\/WhatsApp-Image-2025-11-28-at-17.08.11-2.jpeg 800w, https:\/\/blogs.multimeios.ufc.br\/dina\/files\/2025\/12\/WhatsApp-Image-2025-11-28-at-17.08.11-2-300x225.jpeg 300w, https:\/\/blogs.multimeios.ufc.br\/dina\/files\/2025\/12\/WhatsApp-Image-2025-11-28-at-17.08.11-2-768x576.jpeg 768w\" sizes=\"(max-width: 800px) 100vw, 800px\" \/><figcaption class=\"wp-element-caption\">O Projeto SEM\u00b2 Come\u00e7ou com elas..; Primeiras Bolsistas <\/figcaption><\/figure>\n\n\n\n<figure class=\"wp-block-image size-large\"><img decoding=\"async\" width=\"1024\" height=\"768\" data-id=\"320\" src=\"https:\/\/blogs.multimeios.ufc.br\/dina\/files\/2025\/12\/WhatsApp-Image-2025-11-28-at-17.08.13-1024x768.jpeg\" alt=\"\" class=\"wp-image-320\" srcset=\"https:\/\/blogs.multimeios.ufc.br\/dina\/files\/2025\/12\/WhatsApp-Image-2025-11-28-at-17.08.13-1024x768.jpeg 1024w, https:\/\/blogs.multimeios.ufc.br\/dina\/files\/2025\/12\/WhatsApp-Image-2025-11-28-at-17.08.13-300x225.jpeg 300w, https:\/\/blogs.multimeios.ufc.br\/dina\/files\/2025\/12\/WhatsApp-Image-2025-11-28-at-17.08.13-768x576.jpeg 768w, https:\/\/blogs.multimeios.ufc.br\/dina\/files\/2025\/12\/WhatsApp-Image-2025-11-28-at-17.08.13.jpeg 1296w\" sizes=\"(max-width: 1024px) 100vw, 1024px\" \/><figcaption class=\"wp-element-caption\">O Projeto SEM\u00b2 Come\u00e7ou com elas..; Primeiras Bolsistas <\/figcaption><\/figure>\n\n\n\n<figure class=\"wp-block-image size-large\"><img decoding=\"async\" width=\"800\" height=\"600\" data-id=\"327\" src=\"https:\/\/blogs.multimeios.ufc.br\/dina\/files\/2025\/12\/WhatsApp-Image-2025-11-28-at-17.08.10-3.jpeg\" alt=\"\" class=\"wp-image-327\" srcset=\"https:\/\/blogs.multimeios.ufc.br\/dina\/files\/2025\/12\/WhatsApp-Image-2025-11-28-at-17.08.10-3.jpeg 800w, https:\/\/blogs.multimeios.ufc.br\/dina\/files\/2025\/12\/WhatsApp-Image-2025-11-28-at-17.08.10-3-300x225.jpeg 300w, https:\/\/blogs.multimeios.ufc.br\/dina\/files\/2025\/12\/WhatsApp-Image-2025-11-28-at-17.08.10-3-768x576.jpeg 768w\" sizes=\"(max-width: 800px) 100vw, 800px\" \/><figcaption class=\"wp-element-caption\">Lab. MM <\/figcaption><\/figure>\n\n\n\n<figure class=\"wp-block-image size-large\"><img loading=\"lazy\" decoding=\"async\" width=\"960\" height=\"720\" data-id=\"317\" src=\"https:\/\/blogs.multimeios.ufc.br\/dina\/files\/2025\/12\/WhatsApp-Image-2025-11-28-at-17.08.14.jpeg\" alt=\"\" class=\"wp-image-317\" srcset=\"https:\/\/blogs.multimeios.ufc.br\/dina\/files\/2025\/12\/WhatsApp-Image-2025-11-28-at-17.08.14.jpeg 960w, https:\/\/blogs.multimeios.ufc.br\/dina\/files\/2025\/12\/WhatsApp-Image-2025-11-28-at-17.08.14-300x225.jpeg 300w, https:\/\/blogs.multimeios.ufc.br\/dina\/files\/2025\/12\/WhatsApp-Image-2025-11-28-at-17.08.14-768x576.jpeg 768w\" sizes=\"(max-width: 960px) 100vw, 960px\" \/><figcaption class=\"wp-element-caption\">Encontro do grupo de bolsistas dp PROBIOE<\/figcaption><\/figure>\n\n\n\n<figure class=\"wp-block-image size-large\"><img loading=\"lazy\" decoding=\"async\" width=\"960\" height=\"720\" data-id=\"341\" src=\"https:\/\/blogs.multimeios.ufc.br\/dina\/files\/2025\/12\/WhatsApp-Image-2025-11-28-at-17.08.05.jpeg\" alt=\"\" class=\"wp-image-341\" srcset=\"https:\/\/blogs.multimeios.ufc.br\/dina\/files\/2025\/12\/WhatsApp-Image-2025-11-28-at-17.08.05.jpeg 960w, https:\/\/blogs.multimeios.ufc.br\/dina\/files\/2025\/12\/WhatsApp-Image-2025-11-28-at-17.08.05-300x225.jpeg 300w, https:\/\/blogs.multimeios.ufc.br\/dina\/files\/2025\/12\/WhatsApp-Image-2025-11-28-at-17.08.05-768x576.jpeg 768w\" sizes=\"(max-width: 960px) 100vw, 960px\" \/><figcaption class=\"wp-element-caption\">Sala PROBIOE NUPER<\/figcaption><\/figure>\n\n\n\n<figure class=\"wp-block-image size-large\"><img loading=\"lazy\" decoding=\"async\" width=\"640\" height=\"480\" data-id=\"333\" src=\"https:\/\/blogs.multimeios.ufc.br\/dina\/files\/2025\/12\/WhatsApp-Image-2025-11-28-at-17.08.07-2.jpeg\" alt=\"\" class=\"wp-image-333\" srcset=\"https:\/\/blogs.multimeios.ufc.br\/dina\/files\/2025\/12\/WhatsApp-Image-2025-11-28-at-17.08.07-2.jpeg 640w, https:\/\/blogs.multimeios.ufc.br\/dina\/files\/2025\/12\/WhatsApp-Image-2025-11-28-at-17.08.07-2-300x225.jpeg 300w\" sizes=\"(max-width: 640px) 100vw, 640px\" \/><figcaption class=\"wp-element-caption\">Sala PROBIOE NUPER<\/figcaption><\/figure>\n\n\n\n<figure class=\"wp-block-image size-large\"><img loading=\"lazy\" decoding=\"async\" width=\"720\" height=\"540\" data-id=\"339\" src=\"https:\/\/blogs.multimeios.ufc.br\/dina\/files\/2025\/12\/WhatsApp-Image-2025-11-28-at-17.08.05-2.jpeg\" alt=\"\" class=\"wp-image-339\" srcset=\"https:\/\/blogs.multimeios.ufc.br\/dina\/files\/2025\/12\/WhatsApp-Image-2025-11-28-at-17.08.05-2.jpeg 720w, https:\/\/blogs.multimeios.ufc.br\/dina\/files\/2025\/12\/WhatsApp-Image-2025-11-28-at-17.08.05-2-300x225.jpeg 300w\" sizes=\"(max-width: 720px) 100vw, 720px\" \/><figcaption class=\"wp-element-caption\">Sala PROBIOE NUPER<\/figcaption><\/figure>\n\n\n\n<figure class=\"wp-block-image size-large\"><img loading=\"lazy\" decoding=\"async\" width=\"800\" height=\"600\" data-id=\"336\" src=\"https:\/\/blogs.multimeios.ufc.br\/dina\/files\/2025\/12\/WhatsApp-Image-2025-11-28-at-17.08.06-1.jpeg\" alt=\"\" class=\"wp-image-336\" srcset=\"https:\/\/blogs.multimeios.ufc.br\/dina\/files\/2025\/12\/WhatsApp-Image-2025-11-28-at-17.08.06-1.jpeg 800w, https:\/\/blogs.multimeios.ufc.br\/dina\/files\/2025\/12\/WhatsApp-Image-2025-11-28-at-17.08.06-1-300x225.jpeg 300w, https:\/\/blogs.multimeios.ufc.br\/dina\/files\/2025\/12\/WhatsApp-Image-2025-11-28-at-17.08.06-1-768x576.jpeg 768w\" sizes=\"(max-width: 800px) 100vw, 800px\" \/><figcaption class=\"wp-element-caption\">Sala PROBIOE NUPER<\/figcaption><\/figure>\n\n\n\n<figure class=\"wp-block-image size-large\"><img loading=\"lazy\" decoding=\"async\" width=\"600\" height=\"800\" data-id=\"338\" src=\"https:\/\/blogs.multimeios.ufc.br\/dina\/files\/2025\/12\/WhatsApp-Image-2025-11-28-at-17.08.05-3.jpeg\" alt=\"\" class=\"wp-image-338\" srcset=\"https:\/\/blogs.multimeios.ufc.br\/dina\/files\/2025\/12\/WhatsApp-Image-2025-11-28-at-17.08.05-3.jpeg 600w, https:\/\/blogs.multimeios.ufc.br\/dina\/files\/2025\/12\/WhatsApp-Image-2025-11-28-at-17.08.05-3-225x300.jpeg 225w\" sizes=\"(max-width: 600px) 100vw, 600px\" \/><figcaption class=\"wp-element-caption\">Sala PROBIOE NUPER<\/figcaption><\/figure>\n\n\n\n<figure class=\"wp-block-image size-large\"><img loading=\"lazy\" decoding=\"async\" width=\"800\" height=\"600\" data-id=\"335\" src=\"https:\/\/blogs.multimeios.ufc.br\/dina\/files\/2025\/12\/WhatsApp-Image-2025-11-28-at-17.08.07.jpeg\" alt=\"\" class=\"wp-image-335\" srcset=\"https:\/\/blogs.multimeios.ufc.br\/dina\/files\/2025\/12\/WhatsApp-Image-2025-11-28-at-17.08.07.jpeg 800w, https:\/\/blogs.multimeios.ufc.br\/dina\/files\/2025\/12\/WhatsApp-Image-2025-11-28-at-17.08.07-300x225.jpeg 300w, https:\/\/blogs.multimeios.ufc.br\/dina\/files\/2025\/12\/WhatsApp-Image-2025-11-28-at-17.08.07-768x576.jpeg 768w\" sizes=\"(max-width: 800px) 100vw, 800px\" \/><figcaption class=\"wp-element-caption\">Sala PROBIOE NUPER<\/figcaption><\/figure>\n\n\n\n<figure class=\"wp-block-image size-large\"><img loading=\"lazy\" decoding=\"async\" width=\"600\" height=\"800\" data-id=\"334\" src=\"https:\/\/blogs.multimeios.ufc.br\/dina\/files\/2025\/12\/WhatsApp-Image-2025-11-28-at-17.08.07-1.jpeg\" alt=\"\" class=\"wp-image-334\" srcset=\"https:\/\/blogs.multimeios.ufc.br\/dina\/files\/2025\/12\/WhatsApp-Image-2025-11-28-at-17.08.07-1.jpeg 600w, https:\/\/blogs.multimeios.ufc.br\/dina\/files\/2025\/12\/WhatsApp-Image-2025-11-28-at-17.08.07-1-225x300.jpeg 225w\" sizes=\"(max-width: 600px) 100vw, 600px\" \/><figcaption class=\"wp-element-caption\">Sala PROBIOE NUPER<\/figcaption><\/figure>\n\n\n\n<figure class=\"wp-block-image size-large\"><img loading=\"lazy\" decoding=\"async\" width=\"800\" height=\"600\" data-id=\"337\" src=\"https:\/\/blogs.multimeios.ufc.br\/dina\/files\/2025\/12\/WhatsApp-Image-2025-11-28-at-17.08.06.jpeg\" alt=\"\" class=\"wp-image-337\" srcset=\"https:\/\/blogs.multimeios.ufc.br\/dina\/files\/2025\/12\/WhatsApp-Image-2025-11-28-at-17.08.06.jpeg 800w, https:\/\/blogs.multimeios.ufc.br\/dina\/files\/2025\/12\/WhatsApp-Image-2025-11-28-at-17.08.06-300x225.jpeg 300w, https:\/\/blogs.multimeios.ufc.br\/dina\/files\/2025\/12\/WhatsApp-Image-2025-11-28-at-17.08.06-768x576.jpeg 768w\" sizes=\"(max-width: 800px) 100vw, 800px\" \/><figcaption class=\"wp-element-caption\">Sala PROBIOE NUPER<\/figcaption><\/figure>\n\n\n\n<figure class=\"wp-block-image size-large\"><img loading=\"lazy\" decoding=\"async\" width=\"960\" height=\"720\" data-id=\"316\" src=\"https:\/\/blogs.multimeios.ufc.br\/dina\/files\/2025\/12\/WhatsApp-Image-2025-11-28-at-17.08.14-1.jpeg\" alt=\"\" class=\"wp-image-316\" srcset=\"https:\/\/blogs.multimeios.ufc.br\/dina\/files\/2025\/12\/WhatsApp-Image-2025-11-28-at-17.08.14-1.jpeg 960w, https:\/\/blogs.multimeios.ufc.br\/dina\/files\/2025\/12\/WhatsApp-Image-2025-11-28-at-17.08.14-1-300x225.jpeg 300w, https:\/\/blogs.multimeios.ufc.br\/dina\/files\/2025\/12\/WhatsApp-Image-2025-11-28-at-17.08.14-1-768x576.jpeg 768w\" sizes=\"(max-width: 960px) 100vw, 960px\" \/><figcaption class=\"wp-element-caption\">Sala PROBIOE NUPER<\/figcaption><\/figure>\n\n\n\n<figure class=\"wp-block-image size-large\"><img loading=\"lazy\" decoding=\"async\" width=\"960\" height=\"720\" data-id=\"315\" src=\"https:\/\/blogs.multimeios.ufc.br\/dina\/files\/2025\/12\/WhatsApp-Image-2025-11-28-at-17.08.14-2.jpeg\" alt=\"\" class=\"wp-image-315\" srcset=\"https:\/\/blogs.multimeios.ufc.br\/dina\/files\/2025\/12\/WhatsApp-Image-2025-11-28-at-17.08.14-2.jpeg 960w, https:\/\/blogs.multimeios.ufc.br\/dina\/files\/2025\/12\/WhatsApp-Image-2025-11-28-at-17.08.14-2-300x225.jpeg 300w, https:\/\/blogs.multimeios.ufc.br\/dina\/files\/2025\/12\/WhatsApp-Image-2025-11-28-at-17.08.14-2-768x576.jpeg 768w\" sizes=\"(max-width: 960px) 100vw, 960px\" \/><figcaption class=\"wp-element-caption\">Apresenta\u00e7\u00f5es nos Encontros Universit\u00e1rios da UFC<\/figcaption><\/figure>\n\n\n\n<figure class=\"wp-block-image size-large\"><img loading=\"lazy\" decoding=\"async\" width=\"640\" height=\"480\" data-id=\"342\" src=\"https:\/\/blogs.multimeios.ufc.br\/dina\/files\/2025\/12\/WhatsApp-Image-2025-11-28-at-17.08.04-1.jpeg\" alt=\"\" class=\"wp-image-342\" srcset=\"https:\/\/blogs.multimeios.ufc.br\/dina\/files\/2025\/12\/WhatsApp-Image-2025-11-28-at-17.08.04-1.jpeg 640w, https:\/\/blogs.multimeios.ufc.br\/dina\/files\/2025\/12\/WhatsApp-Image-2025-11-28-at-17.08.04-1-300x225.jpeg 300w\" sizes=\"(max-width: 640px) 100vw, 640px\" \/><figcaption class=\"wp-element-caption\">Apresenta\u00e7\u00f5es nos Encontros Universit\u00e1rios da UFC<\/figcaption><\/figure>\n\n\n\n<figure class=\"wp-block-image size-large\"><img loading=\"lazy\" decoding=\"async\" width=\"640\" height=\"480\" data-id=\"344\" src=\"https:\/\/blogs.multimeios.ufc.br\/dina\/files\/2025\/12\/WhatsApp-Image-2025-11-28-at-17.08.03-1.jpeg\" alt=\"\" class=\"wp-image-344\" srcset=\"https:\/\/blogs.multimeios.ufc.br\/dina\/files\/2025\/12\/WhatsApp-Image-2025-11-28-at-17.08.03-1.jpeg 640w, https:\/\/blogs.multimeios.ufc.br\/dina\/files\/2025\/12\/WhatsApp-Image-2025-11-28-at-17.08.03-1-300x225.jpeg 300w\" sizes=\"(max-width: 640px) 100vw, 640px\" \/><figcaption class=\"wp-element-caption\">Apresenta\u00e7\u00f5es nos Encontros Universit\u00e1rios da UFC<\/figcaption><\/figure>\n\n\n\n<figure class=\"wp-block-image size-large\"><img loading=\"lazy\" decoding=\"async\" width=\"960\" height=\"720\" data-id=\"314\" src=\"https:\/\/blogs.multimeios.ufc.br\/dina\/files\/2025\/12\/WhatsApp-Image-2025-11-28-at-17.08.14-3.jpeg\" alt=\"\" class=\"wp-image-314\" srcset=\"https:\/\/blogs.multimeios.ufc.br\/dina\/files\/2025\/12\/WhatsApp-Image-2025-11-28-at-17.08.14-3.jpeg 960w, https:\/\/blogs.multimeios.ufc.br\/dina\/files\/2025\/12\/WhatsApp-Image-2025-11-28-at-17.08.14-3-300x225.jpeg 300w, https:\/\/blogs.multimeios.ufc.br\/dina\/files\/2025\/12\/WhatsApp-Image-2025-11-28-at-17.08.14-3-768x576.jpeg 768w\" sizes=\"(max-width: 960px) 100vw, 960px\" \/><figcaption class=\"wp-element-caption\">Apresenta\u00e7\u00f5es nos Encontros Universit\u00e1rios da UFC<\/figcaption><\/figure>\n\n\n\n<figure class=\"wp-block-image size-large\"><img loading=\"lazy\" decoding=\"async\" width=\"800\" height=\"600\" data-id=\"325\" src=\"https:\/\/blogs.multimeios.ufc.br\/dina\/files\/2025\/12\/WhatsApp-Image-2025-11-28-at-17.08.11.jpeg\" alt=\"\" class=\"wp-image-325\" srcset=\"https:\/\/blogs.multimeios.ufc.br\/dina\/files\/2025\/12\/WhatsApp-Image-2025-11-28-at-17.08.11.jpeg 800w, https:\/\/blogs.multimeios.ufc.br\/dina\/files\/2025\/12\/WhatsApp-Image-2025-11-28-at-17.08.11-300x225.jpeg 300w, https:\/\/blogs.multimeios.ufc.br\/dina\/files\/2025\/12\/WhatsApp-Image-2025-11-28-at-17.08.11-768x576.jpeg 768w\" sizes=\"(max-width: 800px) 100vw, 800px\" \/><figcaption class=\"wp-element-caption\">Comemorando meu Anivers\u00e1rio surpresa<\/figcaption><\/figure>\n\n\n\n<figure class=\"wp-block-image size-large\"><img loading=\"lazy\" decoding=\"async\" width=\"640\" height=\"480\" data-id=\"280\" src=\"https:\/\/blogs.multimeios.ufc.br\/dina\/files\/2025\/12\/WhatsApp-Image-2025-12-01-at-20.31.37-1.jpeg\" alt=\"\" class=\"wp-image-280\" srcset=\"https:\/\/blogs.multimeios.ufc.br\/dina\/files\/2025\/12\/WhatsApp-Image-2025-12-01-at-20.31.37-1.jpeg 640w, https:\/\/blogs.multimeios.ufc.br\/dina\/files\/2025\/12\/WhatsApp-Image-2025-12-01-at-20.31.37-1-300x225.jpeg 300w\" sizes=\"(max-width: 640px) 100vw, 640px\" \/><figcaption class=\"wp-element-caption\">Defesa Disserta\u00e7\u00e3o<\/figcaption><\/figure>\n\n\n\n<figure class=\"wp-block-image size-large\"><img loading=\"lazy\" decoding=\"async\" width=\"640\" height=\"480\" data-id=\"281\" src=\"https:\/\/blogs.multimeios.ufc.br\/dina\/files\/2025\/12\/WhatsApp-Image-2025-12-01-at-20.31.37.jpeg\" alt=\"\" class=\"wp-image-281\" srcset=\"https:\/\/blogs.multimeios.ufc.br\/dina\/files\/2025\/12\/WhatsApp-Image-2025-12-01-at-20.31.37.jpeg 640w, https:\/\/blogs.multimeios.ufc.br\/dina\/files\/2025\/12\/WhatsApp-Image-2025-12-01-at-20.31.37-300x225.jpeg 300w\" sizes=\"(max-width: 640px) 100vw, 640px\" \/><figcaption class=\"wp-element-caption\">Banca defesa da Disserta\u00e7\u00e3o<\/figcaption><\/figure>\n\n\n\n<figure class=\"wp-block-image size-large\"><img loading=\"lazy\" decoding=\"async\" width=\"640\" height=\"480\" data-id=\"284\" src=\"https:\/\/blogs.multimeios.ufc.br\/dina\/files\/2025\/12\/WhatsApp-Image-2025-12-01-at-20.31.38.jpeg\" alt=\"Mestrado PROBIOE\" class=\"wp-image-284\" srcset=\"https:\/\/blogs.multimeios.ufc.br\/dina\/files\/2025\/12\/WhatsApp-Image-2025-12-01-at-20.31.38.jpeg 640w, https:\/\/blogs.multimeios.ufc.br\/dina\/files\/2025\/12\/WhatsApp-Image-2025-12-01-at-20.31.38-300x225.jpeg 300w\" sizes=\"(max-width: 640px) 100vw, 640px\" \/><figcaption class=\"wp-element-caption\">Grupo PROBIOE e  defesa disserta\u00e7\u00e3o<\/figcaption><\/figure>\n\n\n\n<figure class=\"wp-block-image size-large\"><img loading=\"lazy\" decoding=\"async\" width=\"640\" height=\"480\" data-id=\"283\" src=\"https:\/\/blogs.multimeios.ufc.br\/dina\/files\/2025\/12\/WhatsApp-Image-2025-12-01-at-20.31.38-1.jpeg\" alt=\"\" class=\"wp-image-283\" srcset=\"https:\/\/blogs.multimeios.ufc.br\/dina\/files\/2025\/12\/WhatsApp-Image-2025-12-01-at-20.31.38-1.jpeg 640w, https:\/\/blogs.multimeios.ufc.br\/dina\/files\/2025\/12\/WhatsApp-Image-2025-12-01-at-20.31.38-1-300x225.jpeg 300w\" sizes=\"(max-width: 640px) 100vw, 640px\" \/><figcaption class=\"wp-element-caption\">Grupo PROBIOE na defesa<\/figcaption><\/figure>\n<\/figure>\n\n\n","protected":false},"excerpt":{"rendered":"<p>Chegada a \u00e9poca de uma grande momento!!!\u00a0 A aprova\u00e7\u00e3o no Mestrado em Educa\u00e7\u00e3o no Programa de P\u00f3s-Gradua\u00e7\u00e3o em Educa\u00e7\u00e3o\u00a0 da Universidade Federal do Cear\u00e1. Eis, que foi uma sonho realizado!!!\u00a0 \u00a0<\/p>\n","protected":false},"author":32,"featured_media":0,"parent":0,"menu_order":0,"comment_status":"closed","ping_status":"closed","template":"","meta":{"footnotes":""},"class_list":["post-77","page","type-page","status-publish","hentry"],"yoast_head":"<!-- This site is optimized with the Yoast SEO plugin v27.3 - https:\/\/yoast.com\/product\/yoast-seo-wordpress\/ -->\n<title>Mestrado em Educa\u00e7\u00e3o - Dina Mara Pinheiro Dantas<\/title>\n<meta name=\"robots\" content=\"index, follow, max-snippet:-1, max-image-preview:large, max-video-preview:-1\" \/>\n<link rel=\"canonical\" href=\"https:\/\/blogs.multimeios.ufc.br\/dina\/mestrado-em-educacao\/\" \/>\n<meta property=\"og:locale\" content=\"pt_BR\" \/>\n<meta property=\"og:type\" content=\"article\" \/>\n<meta property=\"og:title\" content=\"Mestrado em Educa\u00e7\u00e3o - Dina Mara Pinheiro Dantas\" \/>\n<meta property=\"og:description\" content=\"Chegada a \u00e9poca de uma grande momento!!!\u00a0 A aprova\u00e7\u00e3o no Mestrado em Educa\u00e7\u00e3o no Programa de P\u00f3s-Gradua\u00e7\u00e3o em Educa\u00e7\u00e3o\u00a0 da Universidade Federal do Cear\u00e1. Eis, que foi uma sonho realizado!!!\u00a0 \u00a0\" \/>\n<meta property=\"og:url\" content=\"https:\/\/blogs.multimeios.ufc.br\/dina\/mestrado-em-educacao\/\" \/>\n<meta property=\"og:site_name\" content=\"Dina Mara Pinheiro Dantas\" \/>\n<meta property=\"article:modified_time\" content=\"2025-12-02T02:39:50+00:00\" \/>\n<meta property=\"og:image\" content=\"https:\/\/blogs.multimeios.ufc.br\/dina\/files\/2025\/12\/WhatsApp-Image-2025-11-28-at-17.08.11-2.jpeg\" \/>\n\t<meta property=\"og:image:width\" content=\"800\" \/>\n\t<meta property=\"og:image:height\" content=\"600\" \/>\n\t<meta property=\"og:image:type\" content=\"image\/jpeg\" \/>\n<meta name=\"twitter:card\" content=\"summary_large_image\" \/>\n<meta name=\"twitter:label1\" content=\"Est. tempo de leitura\" \/>\n\t<meta name=\"twitter:data1\" content=\"6 minutos\" \/>\n<script type=\"application\/ld+json\" class=\"yoast-schema-graph\">{\"@context\":\"https:\\\/\\\/schema.org\",\"@graph\":[{\"@type\":\"WebPage\",\"@id\":\"https:\\\/\\\/blogs.multimeios.ufc.br\\\/dina\\\/mestrado-em-educacao\\\/\",\"url\":\"https:\\\/\\\/blogs.multimeios.ufc.br\\\/dina\\\/mestrado-em-educacao\\\/\",\"name\":\"Mestrado em Educa\u00e7\u00e3o - Dina Mara Pinheiro Dantas\",\"isPartOf\":{\"@id\":\"https:\\\/\\\/blogs.multimeios.ufc.br\\\/dina\\\/#website\"},\"primaryImageOfPage\":{\"@id\":\"https:\\\/\\\/blogs.multimeios.ufc.br\\\/dina\\\/mestrado-em-educacao\\\/#primaryimage\"},\"image\":{\"@id\":\"https:\\\/\\\/blogs.multimeios.ufc.br\\\/dina\\\/mestrado-em-educacao\\\/#primaryimage\"},\"thumbnailUrl\":\"https:\\\/\\\/blogs.multimeios.ufc.br\\\/dina\\\/files\\\/2025\\\/12\\\/WhatsApp-Image-2025-11-28-at-17.08.11-2.jpeg\",\"datePublished\":\"2025-12-01T14:48:11+00:00\",\"dateModified\":\"2025-12-02T02:39:50+00:00\",\"breadcrumb\":{\"@id\":\"https:\\\/\\\/blogs.multimeios.ufc.br\\\/dina\\\/mestrado-em-educacao\\\/#breadcrumb\"},\"inLanguage\":\"pt-BR\",\"potentialAction\":[{\"@type\":\"ReadAction\",\"target\":[\"https:\\\/\\\/blogs.multimeios.ufc.br\\\/dina\\\/mestrado-em-educacao\\\/\"]}]},{\"@type\":\"ImageObject\",\"inLanguage\":\"pt-BR\",\"@id\":\"https:\\\/\\\/blogs.multimeios.ufc.br\\\/dina\\\/mestrado-em-educacao\\\/#primaryimage\",\"url\":\"https:\\\/\\\/blogs.multimeios.ufc.br\\\/dina\\\/files\\\/2025\\\/12\\\/WhatsApp-Image-2025-11-28-at-17.08.11-2.jpeg\",\"contentUrl\":\"https:\\\/\\\/blogs.multimeios.ufc.br\\\/dina\\\/files\\\/2025\\\/12\\\/WhatsApp-Image-2025-11-28-at-17.08.11-2.jpeg\",\"width\":800,\"height\":600,\"caption\":\"O Projeto SEM\u00b2 Come\u00e7ou com elas..; Primeiras Bolsistas\"},{\"@type\":\"BreadcrumbList\",\"@id\":\"https:\\\/\\\/blogs.multimeios.ufc.br\\\/dina\\\/mestrado-em-educacao\\\/#breadcrumb\",\"itemListElement\":[{\"@type\":\"ListItem\",\"position\":1,\"name\":\"In\u00edcio\",\"item\":\"https:\\\/\\\/blogs.multimeios.ufc.br\\\/dina\\\/\"},{\"@type\":\"ListItem\",\"position\":2,\"name\":\"Mestrado em Educa\u00e7\u00e3o\"}]},{\"@type\":\"WebSite\",\"@id\":\"https:\\\/\\\/blogs.multimeios.ufc.br\\\/dina\\\/#website\",\"url\":\"https:\\\/\\\/blogs.multimeios.ufc.br\\\/dina\\\/\",\"name\":\"Dina Mara Pinheiro Dantas\",\"description\":\"Caminhei do MultiMeios\",\"potentialAction\":[{\"@type\":\"SearchAction\",\"target\":{\"@type\":\"EntryPoint\",\"urlTemplate\":\"https:\\\/\\\/blogs.multimeios.ufc.br\\\/dina\\\/?s={search_term_string}\"},\"query-input\":{\"@type\":\"PropertyValueSpecification\",\"valueRequired\":true,\"valueName\":\"search_term_string\"}}],\"inLanguage\":\"pt-BR\"}]}<\/script>\n<!-- \/ Yoast SEO plugin. -->","yoast_head_json":{"title":"Mestrado em Educa\u00e7\u00e3o - Dina Mara Pinheiro Dantas","robots":{"index":"index","follow":"follow","max-snippet":"max-snippet:-1","max-image-preview":"max-image-preview:large","max-video-preview":"max-video-preview:-1"},"canonical":"https:\/\/blogs.multimeios.ufc.br\/dina\/mestrado-em-educacao\/","og_locale":"pt_BR","og_type":"article","og_title":"Mestrado em Educa\u00e7\u00e3o - Dina Mara Pinheiro Dantas","og_description":"Chegada a \u00e9poca de uma grande momento!!!\u00a0 A aprova\u00e7\u00e3o no Mestrado em Educa\u00e7\u00e3o no Programa de P\u00f3s-Gradua\u00e7\u00e3o em Educa\u00e7\u00e3o\u00a0 da Universidade Federal do Cear\u00e1. Eis, que foi uma sonho realizado!!!\u00a0 \u00a0","og_url":"https:\/\/blogs.multimeios.ufc.br\/dina\/mestrado-em-educacao\/","og_site_name":"Dina Mara Pinheiro Dantas","article_modified_time":"2025-12-02T02:39:50+00:00","og_image":[{"width":800,"height":600,"url":"https:\/\/blogs.multimeios.ufc.br\/dina\/files\/2025\/12\/WhatsApp-Image-2025-11-28-at-17.08.11-2.jpeg","type":"image\/jpeg"}],"twitter_card":"summary_large_image","twitter_misc":{"Est. tempo de leitura":"6 minutos"},"schema":{"@context":"https:\/\/schema.org","@graph":[{"@type":"WebPage","@id":"https:\/\/blogs.multimeios.ufc.br\/dina\/mestrado-em-educacao\/","url":"https:\/\/blogs.multimeios.ufc.br\/dina\/mestrado-em-educacao\/","name":"Mestrado em Educa\u00e7\u00e3o - Dina Mara Pinheiro Dantas","isPartOf":{"@id":"https:\/\/blogs.multimeios.ufc.br\/dina\/#website"},"primaryImageOfPage":{"@id":"https:\/\/blogs.multimeios.ufc.br\/dina\/mestrado-em-educacao\/#primaryimage"},"image":{"@id":"https:\/\/blogs.multimeios.ufc.br\/dina\/mestrado-em-educacao\/#primaryimage"},"thumbnailUrl":"https:\/\/blogs.multimeios.ufc.br\/dina\/files\/2025\/12\/WhatsApp-Image-2025-11-28-at-17.08.11-2.jpeg","datePublished":"2025-12-01T14:48:11+00:00","dateModified":"2025-12-02T02:39:50+00:00","breadcrumb":{"@id":"https:\/\/blogs.multimeios.ufc.br\/dina\/mestrado-em-educacao\/#breadcrumb"},"inLanguage":"pt-BR","potentialAction":[{"@type":"ReadAction","target":["https:\/\/blogs.multimeios.ufc.br\/dina\/mestrado-em-educacao\/"]}]},{"@type":"ImageObject","inLanguage":"pt-BR","@id":"https:\/\/blogs.multimeios.ufc.br\/dina\/mestrado-em-educacao\/#primaryimage","url":"https:\/\/blogs.multimeios.ufc.br\/dina\/files\/2025\/12\/WhatsApp-Image-2025-11-28-at-17.08.11-2.jpeg","contentUrl":"https:\/\/blogs.multimeios.ufc.br\/dina\/files\/2025\/12\/WhatsApp-Image-2025-11-28-at-17.08.11-2.jpeg","width":800,"height":600,"caption":"O Projeto SEM\u00b2 Come\u00e7ou com elas..; Primeiras Bolsistas"},{"@type":"BreadcrumbList","@id":"https:\/\/blogs.multimeios.ufc.br\/dina\/mestrado-em-educacao\/#breadcrumb","itemListElement":[{"@type":"ListItem","position":1,"name":"In\u00edcio","item":"https:\/\/blogs.multimeios.ufc.br\/dina\/"},{"@type":"ListItem","position":2,"name":"Mestrado em Educa\u00e7\u00e3o"}]},{"@type":"WebSite","@id":"https:\/\/blogs.multimeios.ufc.br\/dina\/#website","url":"https:\/\/blogs.multimeios.ufc.br\/dina\/","name":"Dina Mara Pinheiro Dantas","description":"Caminhei do MultiMeios","potentialAction":[{"@type":"SearchAction","target":{"@type":"EntryPoint","urlTemplate":"https:\/\/blogs.multimeios.ufc.br\/dina\/?s={search_term_string}"},"query-input":{"@type":"PropertyValueSpecification","valueRequired":true,"valueName":"search_term_string"}}],"inLanguage":"pt-BR"}]}},"_links":{"self":[{"href":"https:\/\/blogs.multimeios.ufc.br\/dina\/wp-json\/wp\/v2\/pages\/77","targetHints":{"allow":["GET"]}}],"collection":[{"href":"https:\/\/blogs.multimeios.ufc.br\/dina\/wp-json\/wp\/v2\/pages"}],"about":[{"href":"https:\/\/blogs.multimeios.ufc.br\/dina\/wp-json\/wp\/v2\/types\/page"}],"author":[{"embeddable":true,"href":"https:\/\/blogs.multimeios.ufc.br\/dina\/wp-json\/wp\/v2\/users\/32"}],"replies":[{"embeddable":true,"href":"https:\/\/blogs.multimeios.ufc.br\/dina\/wp-json\/wp\/v2\/comments?post=77"}],"version-history":[{"count":2,"href":"https:\/\/blogs.multimeios.ufc.br\/dina\/wp-json\/wp\/v2\/pages\/77\/revisions"}],"predecessor-version":[{"id":346,"href":"https:\/\/blogs.multimeios.ufc.br\/dina\/wp-json\/wp\/v2\/pages\/77\/revisions\/346"}],"wp:attachment":[{"href":"https:\/\/blogs.multimeios.ufc.br\/dina\/wp-json\/wp\/v2\/media?parent=77"}],"curies":[{"name":"wp","href":"https:\/\/api.w.org\/{rel}","templated":true}]}}