{"id":80,"date":"2025-12-01T11:48:54","date_gmt":"2025-12-01T14:48:54","guid":{"rendered":"https:\/\/blogs.multimeios.ufc.br\/dina\/?page_id=80"},"modified":"2025-12-02T00:24:05","modified_gmt":"2025-12-02T03:24:05","slug":"doutorado-em-educacao","status":"publish","type":"page","link":"https:\/\/blogs.multimeios.ufc.br\/dina\/doutorado-em-educacao\/","title":{"rendered":"Doutorado em Educa\u00e7\u00e3o"},"content":{"rendered":"<h2><span style=\"color: #993300\">Os anos se passaram e eu retorno a minha casa!!! A Casa MM. Estava ausente e presente ao mesmo tempo, pois morava em MG e trabalhava na UEMG, mas sempre colaborava de longe com as atividades do MM e quando me deslocava a minha terrinha, Fortaleza, eu vinha visitar ao MM.<\/span><\/h2>\n<h2><span style=\"color: #993300\"> Em 2022 sou aprovada no curso Doutorado em Educa\u00e7\u00e3o pelo Programa de P\u00f3s-Gradua\u00e7\u00e3o em Educa\u00e7\u00e3o pela Universidade Federal do Cear\u00e1 e chego de mala e cuia para a minha casa MM. N\u00e3o demorou muito e voltei a ganhar o mundo&#8230; rsrs <\/span><\/h2>\n<h2><span style=\"color: #993300\">Fui aprovada para a Bolsa Sandu\u00edche\/CAPES que fui recebida na Universidade Aberta de Portugal pela professora Teresa Margarida e que se tornou minha coorientadara. <\/span><\/h2>\n<h2><span style=\"color: #993300\">Abaixo est\u00e3o algumas mem\u00f3rias desse trajeto em que estava presentes nas aulas, nos encontros dos grupos de pesquisa, na defesas dos colegas e amigos e na minha despedida para Portugal.\u00a0<\/span><\/h2>\n<p>\u00a0<\/p>\n<p>\u00a0<\/p>\n\n\n<figure class=\"wp-block-gallery has-nested-images columns-default is-cropped wp-block-gallery-1 is-layout-flex wp-block-gallery-is-layout-flex\">\n<figure class=\"wp-block-image size-large\"><img fetchpriority=\"high\" decoding=\"async\" width=\"576\" height=\"1024\" data-id=\"177\" src=\"https:\/\/blogs.multimeios.ufc.br\/dina\/files\/2025\/12\/WhatsApp-Image-2025-12-01-at-20.31.09-4-576x1024.jpeg\" alt=\"\" class=\"wp-image-177\" srcset=\"https:\/\/blogs.multimeios.ufc.br\/dina\/files\/2025\/12\/WhatsApp-Image-2025-12-01-at-20.31.09-4-576x1024.jpeg 576w, https:\/\/blogs.multimeios.ufc.br\/dina\/files\/2025\/12\/WhatsApp-Image-2025-12-01-at-20.31.09-4-169x300.jpeg 169w, https:\/\/blogs.multimeios.ufc.br\/dina\/files\/2025\/12\/WhatsApp-Image-2025-12-01-at-20.31.09-4-768x1365.jpeg 768w, https:\/\/blogs.multimeios.ufc.br\/dina\/files\/2025\/12\/WhatsApp-Image-2025-12-01-at-20.31.09-4-864x1536.jpeg 864w, https:\/\/blogs.multimeios.ufc.br\/dina\/files\/2025\/12\/WhatsApp-Image-2025-12-01-at-20.31.09-4.jpeg 900w\" sizes=\"(max-width: 576px) 100vw, 576px\" \/><\/figure>\n\n\n\n<figure class=\"wp-block-image size-large\"><img decoding=\"async\" width=\"1024\" height=\"576\" data-id=\"173\" src=\"https:\/\/blogs.multimeios.ufc.br\/dina\/files\/2025\/12\/WhatsApp-Image-2025-12-01-at-20.31.08-2-1024x576.jpeg\" alt=\"\" class=\"wp-image-173\" srcset=\"https:\/\/blogs.multimeios.ufc.br\/dina\/files\/2025\/12\/WhatsApp-Image-2025-12-01-at-20.31.08-2-1024x576.jpeg 1024w, https:\/\/blogs.multimeios.ufc.br\/dina\/files\/2025\/12\/WhatsApp-Image-2025-12-01-at-20.31.08-2-300x169.jpeg 300w, https:\/\/blogs.multimeios.ufc.br\/dina\/files\/2025\/12\/WhatsApp-Image-2025-12-01-at-20.31.08-2-768x432.jpeg 768w, https:\/\/blogs.multimeios.ufc.br\/dina\/files\/2025\/12\/WhatsApp-Image-2025-12-01-at-20.31.08-2-1536x864.jpeg 1536w, https:\/\/blogs.multimeios.ufc.br\/dina\/files\/2025\/12\/WhatsApp-Image-2025-12-01-at-20.31.08-2.jpeg 1600w\" sizes=\"(max-width: 1024px) 100vw, 1024px\" \/><\/figure>\n\n\n\n<figure class=\"wp-block-image size-large\"><img decoding=\"async\" width=\"1024\" height=\"768\" data-id=\"190\" src=\"https:\/\/blogs.multimeios.ufc.br\/dina\/files\/2025\/12\/WhatsApp-Image-2025-12-01-at-20.31.13-3.jpeg\" alt=\"\" class=\"wp-image-190\" srcset=\"https:\/\/blogs.multimeios.ufc.br\/dina\/files\/2025\/12\/WhatsApp-Image-2025-12-01-at-20.31.13-3.jpeg 1024w, https:\/\/blogs.multimeios.ufc.br\/dina\/files\/2025\/12\/WhatsApp-Image-2025-12-01-at-20.31.13-3-300x225.jpeg 300w, https:\/\/blogs.multimeios.ufc.br\/dina\/files\/2025\/12\/WhatsApp-Image-2025-12-01-at-20.31.13-3-768x576.jpeg 768w\" sizes=\"(max-width: 1024px) 100vw, 1024px\" \/><\/figure>\n\n\n\n<figure class=\"wp-block-image size-large\"><img loading=\"lazy\" decoding=\"async\" width=\"1024\" height=\"576\" data-id=\"189\" src=\"https:\/\/blogs.multimeios.ufc.br\/dina\/files\/2025\/12\/WhatsApp-Image-2025-12-01-at-20.31.12-1024x576.jpeg\" alt=\"\" class=\"wp-image-189\" srcset=\"https:\/\/blogs.multimeios.ufc.br\/dina\/files\/2025\/12\/WhatsApp-Image-2025-12-01-at-20.31.12-1024x576.jpeg 1024w, https:\/\/blogs.multimeios.ufc.br\/dina\/files\/2025\/12\/WhatsApp-Image-2025-12-01-at-20.31.12-300x169.jpeg 300w, https:\/\/blogs.multimeios.ufc.br\/dina\/files\/2025\/12\/WhatsApp-Image-2025-12-01-at-20.31.12-768x432.jpeg 768w, https:\/\/blogs.multimeios.ufc.br\/dina\/files\/2025\/12\/WhatsApp-Image-2025-12-01-at-20.31.12-1536x864.jpeg 1536w, https:\/\/blogs.multimeios.ufc.br\/dina\/files\/2025\/12\/WhatsApp-Image-2025-12-01-at-20.31.12.jpeg 1600w\" sizes=\"(max-width: 1024px) 100vw, 1024px\" \/><\/figure>\n\n\n\n<figure class=\"wp-block-image size-large\"><img loading=\"lazy\" decoding=\"async\" width=\"1024\" height=\"576\" data-id=\"187\" src=\"https:\/\/blogs.multimeios.ufc.br\/dina\/files\/2025\/12\/WhatsApp-Image-2025-12-01-at-20.31.11-1024x576.jpeg\" alt=\"\" class=\"wp-image-187\" srcset=\"https:\/\/blogs.multimeios.ufc.br\/dina\/files\/2025\/12\/WhatsApp-Image-2025-12-01-at-20.31.11-1024x576.jpeg 1024w, https:\/\/blogs.multimeios.ufc.br\/dina\/files\/2025\/12\/WhatsApp-Image-2025-12-01-at-20.31.11-300x169.jpeg 300w, https:\/\/blogs.multimeios.ufc.br\/dina\/files\/2025\/12\/WhatsApp-Image-2025-12-01-at-20.31.11-768x432.jpeg 768w, https:\/\/blogs.multimeios.ufc.br\/dina\/files\/2025\/12\/WhatsApp-Image-2025-12-01-at-20.31.11-1536x864.jpeg 1536w, https:\/\/blogs.multimeios.ufc.br\/dina\/files\/2025\/12\/WhatsApp-Image-2025-12-01-at-20.31.11.jpeg 1600w\" sizes=\"(max-width: 1024px) 100vw, 1024px\" \/><\/figure>\n\n\n\n<figure class=\"wp-block-image size-large\"><img loading=\"lazy\" decoding=\"async\" width=\"1024\" height=\"460\" data-id=\"171\" src=\"https:\/\/blogs.multimeios.ufc.br\/dina\/files\/2025\/12\/WhatsApp-Image-2025-12-01-at-20.31.08-3-1024x460.jpeg\" alt=\"\" class=\"wp-image-171\" srcset=\"https:\/\/blogs.multimeios.ufc.br\/dina\/files\/2025\/12\/WhatsApp-Image-2025-12-01-at-20.31.08-3-1024x460.jpeg 1024w, https:\/\/blogs.multimeios.ufc.br\/dina\/files\/2025\/12\/WhatsApp-Image-2025-12-01-at-20.31.08-3-300x135.jpeg 300w, https:\/\/blogs.multimeios.ufc.br\/dina\/files\/2025\/12\/WhatsApp-Image-2025-12-01-at-20.31.08-3-768x345.jpeg 768w, https:\/\/blogs.multimeios.ufc.br\/dina\/files\/2025\/12\/WhatsApp-Image-2025-12-01-at-20.31.08-3-1536x690.jpeg 1536w, https:\/\/blogs.multimeios.ufc.br\/dina\/files\/2025\/12\/WhatsApp-Image-2025-12-01-at-20.31.08-3.jpeg 1600w\" sizes=\"(max-width: 1024px) 100vw, 1024px\" \/><\/figure>\n\n\n\n<figure class=\"wp-block-image size-large\"><img loading=\"lazy\" decoding=\"async\" width=\"1024\" height=\"576\" data-id=\"295\" src=\"https:\/\/blogs.multimeios.ufc.br\/dina\/files\/2025\/12\/WhatsApp-Image-2025-12-01-at-20.31.41-1024x576.jpeg\" alt=\"\" class=\"wp-image-295\" srcset=\"https:\/\/blogs.multimeios.ufc.br\/dina\/files\/2025\/12\/WhatsApp-Image-2025-12-01-at-20.31.41-1024x576.jpeg 1024w, https:\/\/blogs.multimeios.ufc.br\/dina\/files\/2025\/12\/WhatsApp-Image-2025-12-01-at-20.31.41-300x169.jpeg 300w, https:\/\/blogs.multimeios.ufc.br\/dina\/files\/2025\/12\/WhatsApp-Image-2025-12-01-at-20.31.41-768x432.jpeg 768w, https:\/\/blogs.multimeios.ufc.br\/dina\/files\/2025\/12\/WhatsApp-Image-2025-12-01-at-20.31.41-1536x864.jpeg 1536w, https:\/\/blogs.multimeios.ufc.br\/dina\/files\/2025\/12\/WhatsApp-Image-2025-12-01-at-20.31.41.jpeg 1600w\" sizes=\"(max-width: 1024px) 100vw, 1024px\" \/><\/figure>\n\n\n\n<figure class=\"wp-block-image size-large\"><img loading=\"lazy\" decoding=\"async\" width=\"576\" height=\"1024\" data-id=\"174\" src=\"https:\/\/blogs.multimeios.ufc.br\/dina\/files\/2025\/12\/WhatsApp-Image-2025-12-01-at-20.31.08-1.jpeg\" alt=\"\" class=\"wp-image-174\" srcset=\"https:\/\/blogs.multimeios.ufc.br\/dina\/files\/2025\/12\/WhatsApp-Image-2025-12-01-at-20.31.08-1.jpeg 576w, https:\/\/blogs.multimeios.ufc.br\/dina\/files\/2025\/12\/WhatsApp-Image-2025-12-01-at-20.31.08-1-169x300.jpeg 169w\" sizes=\"(max-width: 576px) 100vw, 576px\" \/><\/figure>\n\n\n\n<figure class=\"wp-block-image size-large\"><img loading=\"lazy\" decoding=\"async\" width=\"1024\" height=\"1024\" data-id=\"178\" src=\"https:\/\/blogs.multimeios.ufc.br\/dina\/files\/2025\/12\/WhatsApp-Image-2025-12-01-at-20.31.09-3-1024x1024.jpeg\" alt=\"\" class=\"wp-image-178\" srcset=\"https:\/\/blogs.multimeios.ufc.br\/dina\/files\/2025\/12\/WhatsApp-Image-2025-12-01-at-20.31.09-3-1024x1024.jpeg 1024w, https:\/\/blogs.multimeios.ufc.br\/dina\/files\/2025\/12\/WhatsApp-Image-2025-12-01-at-20.31.09-3-300x300.jpeg 300w, https:\/\/blogs.multimeios.ufc.br\/dina\/files\/2025\/12\/WhatsApp-Image-2025-12-01-at-20.31.09-3-150x150.jpeg 150w, https:\/\/blogs.multimeios.ufc.br\/dina\/files\/2025\/12\/WhatsApp-Image-2025-12-01-at-20.31.09-3-768x768.jpeg 768w, https:\/\/blogs.multimeios.ufc.br\/dina\/files\/2025\/12\/WhatsApp-Image-2025-12-01-at-20.31.09-3.jpeg 1080w\" sizes=\"(max-width: 1024px) 100vw, 1024px\" \/><\/figure>\n\n\n\n<figure class=\"wp-block-image size-large\"><img loading=\"lazy\" decoding=\"async\" width=\"1024\" height=\"1024\" data-id=\"352\" src=\"https:\/\/blogs.multimeios.ufc.br\/dina\/files\/2025\/12\/WhatsApp-Image-2025-12-01-at-20.31.41-3-1-1024x1024.jpeg\" alt=\"\" class=\"wp-image-352\" srcset=\"https:\/\/blogs.multimeios.ufc.br\/dina\/files\/2025\/12\/WhatsApp-Image-2025-12-01-at-20.31.41-3-1-1024x1024.jpeg 1024w, https:\/\/blogs.multimeios.ufc.br\/dina\/files\/2025\/12\/WhatsApp-Image-2025-12-01-at-20.31.41-3-1-300x300.jpeg 300w, https:\/\/blogs.multimeios.ufc.br\/dina\/files\/2025\/12\/WhatsApp-Image-2025-12-01-at-20.31.41-3-1-150x150.jpeg 150w, https:\/\/blogs.multimeios.ufc.br\/dina\/files\/2025\/12\/WhatsApp-Image-2025-12-01-at-20.31.41-3-1-768x768.jpeg 768w, https:\/\/blogs.multimeios.ufc.br\/dina\/files\/2025\/12\/WhatsApp-Image-2025-12-01-at-20.31.41-3-1-1536x1536.jpeg 1536w, https:\/\/blogs.multimeios.ufc.br\/dina\/files\/2025\/12\/WhatsApp-Image-2025-12-01-at-20.31.41-3-1.jpeg 1600w\" sizes=\"(max-width: 1024px) 100vw, 1024px\" \/><\/figure>\n\n\n\n<figure class=\"wp-block-image size-large\"><img loading=\"lazy\" decoding=\"async\" width=\"1024\" height=\"768\" data-id=\"353\" src=\"https:\/\/blogs.multimeios.ufc.br\/dina\/files\/2025\/12\/WhatsApp-Image-2025-12-01-at-20.31.41-2-1-1024x768.jpeg\" alt=\"\" class=\"wp-image-353\" srcset=\"https:\/\/blogs.multimeios.ufc.br\/dina\/files\/2025\/12\/WhatsApp-Image-2025-12-01-at-20.31.41-2-1-1024x768.jpeg 1024w, https:\/\/blogs.multimeios.ufc.br\/dina\/files\/2025\/12\/WhatsApp-Image-2025-12-01-at-20.31.41-2-1-300x225.jpeg 300w, https:\/\/blogs.multimeios.ufc.br\/dina\/files\/2025\/12\/WhatsApp-Image-2025-12-01-at-20.31.41-2-1-768x576.jpeg 768w, https:\/\/blogs.multimeios.ufc.br\/dina\/files\/2025\/12\/WhatsApp-Image-2025-12-01-at-20.31.41-2-1-1536x1152.jpeg 1536w, https:\/\/blogs.multimeios.ufc.br\/dina\/files\/2025\/12\/WhatsApp-Image-2025-12-01-at-20.31.41-2-1.jpeg 1600w\" sizes=\"(max-width: 1024px) 100vw, 1024px\" \/><\/figure>\n\n\n\n<figure class=\"wp-block-image size-large\"><img loading=\"lazy\" decoding=\"async\" width=\"768\" height=\"1024\" data-id=\"354\" src=\"https:\/\/blogs.multimeios.ufc.br\/dina\/files\/2025\/12\/WhatsApp-Image-2025-12-01-at-20.31.41-1-1-768x1024.jpeg\" alt=\"\" class=\"wp-image-354\" srcset=\"https:\/\/blogs.multimeios.ufc.br\/dina\/files\/2025\/12\/WhatsApp-Image-2025-12-01-at-20.31.41-1-1-768x1024.jpeg 768w, https:\/\/blogs.multimeios.ufc.br\/dina\/files\/2025\/12\/WhatsApp-Image-2025-12-01-at-20.31.41-1-1-225x300.jpeg 225w, https:\/\/blogs.multimeios.ufc.br\/dina\/files\/2025\/12\/WhatsApp-Image-2025-12-01-at-20.31.41-1-1.jpeg 774w\" sizes=\"(max-width: 768px) 100vw, 768px\" \/><\/figure>\n\n\n\n<figure class=\"wp-block-image size-large\"><img loading=\"lazy\" decoding=\"async\" width=\"1024\" height=\"768\" data-id=\"300\" src=\"https:\/\/blogs.multimeios.ufc.br\/dina\/files\/2025\/12\/WhatsApp-Image-2025-12-01-at-20.31.42-1024x768.jpeg\" alt=\"\" class=\"wp-image-300\" srcset=\"https:\/\/blogs.multimeios.ufc.br\/dina\/files\/2025\/12\/WhatsApp-Image-2025-12-01-at-20.31.42-1024x768.jpeg 1024w, https:\/\/blogs.multimeios.ufc.br\/dina\/files\/2025\/12\/WhatsApp-Image-2025-12-01-at-20.31.42-300x225.jpeg 300w, https:\/\/blogs.multimeios.ufc.br\/dina\/files\/2025\/12\/WhatsApp-Image-2025-12-01-at-20.31.42-768x576.jpeg 768w, https:\/\/blogs.multimeios.ufc.br\/dina\/files\/2025\/12\/WhatsApp-Image-2025-12-01-at-20.31.42-1536x1152.jpeg 1536w, https:\/\/blogs.multimeios.ufc.br\/dina\/files\/2025\/12\/WhatsApp-Image-2025-12-01-at-20.31.42.jpeg 1600w\" sizes=\"(max-width: 1024px) 100vw, 1024px\" \/><\/figure>\n\n\n\n<figure class=\"wp-block-image size-large\"><img loading=\"lazy\" decoding=\"async\" width=\"1024\" height=\"768\" data-id=\"298\" src=\"https:\/\/blogs.multimeios.ufc.br\/dina\/files\/2025\/12\/WhatsApp-Image-2025-12-01-at-20.31.42-2-1024x768.jpeg\" alt=\"\" class=\"wp-image-298\" srcset=\"https:\/\/blogs.multimeios.ufc.br\/dina\/files\/2025\/12\/WhatsApp-Image-2025-12-01-at-20.31.42-2-1024x768.jpeg 1024w, https:\/\/blogs.multimeios.ufc.br\/dina\/files\/2025\/12\/WhatsApp-Image-2025-12-01-at-20.31.42-2-300x225.jpeg 300w, https:\/\/blogs.multimeios.ufc.br\/dina\/files\/2025\/12\/WhatsApp-Image-2025-12-01-at-20.31.42-2-768x576.jpeg 768w, https:\/\/blogs.multimeios.ufc.br\/dina\/files\/2025\/12\/WhatsApp-Image-2025-12-01-at-20.31.42-2-1536x1152.jpeg 1536w, https:\/\/blogs.multimeios.ufc.br\/dina\/files\/2025\/12\/WhatsApp-Image-2025-12-01-at-20.31.42-2.jpeg 1600w\" sizes=\"(max-width: 1024px) 100vw, 1024px\" \/><\/figure>\n<\/figure>\n\n\n\n\n\n<div class=\"wp-block-group is-layout-grid wp-container-core-group-is-layout-a4cfb915 wp-block-group-is-layout-grid\"><\/div>\n\n\n\n<p><\/p>\n","protected":false},"excerpt":{"rendered":"<p>Os anos se passaram e eu retorno a minha casa!!! A Casa MM. Estava ausente e presente ao mesmo tempo, pois morava em MG e trabalhava na UEMG, mas sempre colaborava de longe com as atividades do MM e quando &hellip; <a href=\"https:\/\/blogs.multimeios.ufc.br\/dina\/doutorado-em-educacao\/\">Continue lendo <span class=\"meta-nav\">&rarr;<\/span><\/a><\/p>\n","protected":false},"author":32,"featured_media":0,"parent":0,"menu_order":0,"comment_status":"closed","ping_status":"closed","template":"","meta":{"footnotes":""},"class_list":["post-80","page","type-page","status-publish","hentry"],"yoast_head":"<!-- This site is optimized with the Yoast SEO plugin v27.4 - https:\/\/yoast.com\/product\/yoast-seo-wordpress\/ -->\n<title>Doutorado em Educa\u00e7\u00e3o - Dina Mara Pinheiro Dantas<\/title>\n<meta name=\"robots\" content=\"index, follow, max-snippet:-1, max-image-preview:large, max-video-preview:-1\" \/>\n<link rel=\"canonical\" href=\"https:\/\/blogs.multimeios.ufc.br\/dina\/doutorado-em-educacao\/\" \/>\n<meta property=\"og:locale\" content=\"pt_BR\" \/>\n<meta property=\"og:type\" content=\"article\" \/>\n<meta property=\"og:title\" content=\"Doutorado em Educa\u00e7\u00e3o - Dina Mara Pinheiro Dantas\" \/>\n<meta property=\"og:description\" content=\"Os anos se passaram e eu retorno a minha casa!!! A Casa MM. Estava ausente e presente ao mesmo tempo, pois morava em MG e trabalhava na UEMG, mas sempre colaborava de longe com as atividades do MM e quando &hellip; Continue lendo &rarr;\" \/>\n<meta property=\"og:url\" content=\"https:\/\/blogs.multimeios.ufc.br\/dina\/doutorado-em-educacao\/\" \/>\n<meta property=\"og:site_name\" content=\"Dina Mara Pinheiro Dantas\" \/>\n<meta property=\"article:modified_time\" content=\"2025-12-02T03:24:05+00:00\" \/>\n<meta property=\"og:image\" content=\"https:\/\/blogs.multimeios.ufc.br\/dina\/files\/2025\/12\/WhatsApp-Image-2025-12-01-at-20.31.09-4.jpeg\" \/>\n\t<meta property=\"og:image:width\" content=\"900\" \/>\n\t<meta property=\"og:image:height\" content=\"1600\" \/>\n\t<meta property=\"og:image:type\" content=\"image\/jpeg\" \/>\n<meta name=\"twitter:card\" content=\"summary_large_image\" \/>\n<meta name=\"twitter:label1\" content=\"Est. tempo de leitura\" \/>\n\t<meta name=\"twitter:data1\" content=\"4 minutos\" \/>\n<script type=\"application\/ld+json\" class=\"yoast-schema-graph\">{\"@context\":\"https:\\\/\\\/schema.org\",\"@graph\":[{\"@type\":\"WebPage\",\"@id\":\"https:\\\/\\\/blogs.multimeios.ufc.br\\\/dina\\\/doutorado-em-educacao\\\/\",\"url\":\"https:\\\/\\\/blogs.multimeios.ufc.br\\\/dina\\\/doutorado-em-educacao\\\/\",\"name\":\"Doutorado em Educa\u00e7\u00e3o - Dina Mara Pinheiro Dantas\",\"isPartOf\":{\"@id\":\"https:\\\/\\\/blogs.multimeios.ufc.br\\\/dina\\\/#website\"},\"primaryImageOfPage\":{\"@id\":\"https:\\\/\\\/blogs.multimeios.ufc.br\\\/dina\\\/doutorado-em-educacao\\\/#primaryimage\"},\"image\":{\"@id\":\"https:\\\/\\\/blogs.multimeios.ufc.br\\\/dina\\\/doutorado-em-educacao\\\/#primaryimage\"},\"thumbnailUrl\":\"https:\\\/\\\/blogs.multimeios.ufc.br\\\/dina\\\/files\\\/2025\\\/12\\\/WhatsApp-Image-2025-12-01-at-20.31.09-4-576x1024.jpeg\",\"datePublished\":\"2025-12-01T14:48:54+00:00\",\"dateModified\":\"2025-12-02T03:24:05+00:00\",\"breadcrumb\":{\"@id\":\"https:\\\/\\\/blogs.multimeios.ufc.br\\\/dina\\\/doutorado-em-educacao\\\/#breadcrumb\"},\"inLanguage\":\"pt-BR\",\"potentialAction\":[{\"@type\":\"ReadAction\",\"target\":[\"https:\\\/\\\/blogs.multimeios.ufc.br\\\/dina\\\/doutorado-em-educacao\\\/\"]}]},{\"@type\":\"ImageObject\",\"inLanguage\":\"pt-BR\",\"@id\":\"https:\\\/\\\/blogs.multimeios.ufc.br\\\/dina\\\/doutorado-em-educacao\\\/#primaryimage\",\"url\":\"https:\\\/\\\/blogs.multimeios.ufc.br\\\/dina\\\/files\\\/2025\\\/12\\\/WhatsApp-Image-2025-12-01-at-20.31.09-4.jpeg\",\"contentUrl\":\"https:\\\/\\\/blogs.multimeios.ufc.br\\\/dina\\\/files\\\/2025\\\/12\\\/WhatsApp-Image-2025-12-01-at-20.31.09-4.jpeg\",\"width\":900,\"height\":1600},{\"@type\":\"BreadcrumbList\",\"@id\":\"https:\\\/\\\/blogs.multimeios.ufc.br\\\/dina\\\/doutorado-em-educacao\\\/#breadcrumb\",\"itemListElement\":[{\"@type\":\"ListItem\",\"position\":1,\"name\":\"In\u00edcio\",\"item\":\"https:\\\/\\\/blogs.multimeios.ufc.br\\\/dina\\\/\"},{\"@type\":\"ListItem\",\"position\":2,\"name\":\"Doutorado em Educa\u00e7\u00e3o\"}]},{\"@type\":\"WebSite\",\"@id\":\"https:\\\/\\\/blogs.multimeios.ufc.br\\\/dina\\\/#website\",\"url\":\"https:\\\/\\\/blogs.multimeios.ufc.br\\\/dina\\\/\",\"name\":\"Dina Mara Pinheiro Dantas\",\"description\":\"Caminhei do MultiMeios\",\"potentialAction\":[{\"@type\":\"SearchAction\",\"target\":{\"@type\":\"EntryPoint\",\"urlTemplate\":\"https:\\\/\\\/blogs.multimeios.ufc.br\\\/dina\\\/?s={search_term_string}\"},\"query-input\":{\"@type\":\"PropertyValueSpecification\",\"valueRequired\":true,\"valueName\":\"search_term_string\"}}],\"inLanguage\":\"pt-BR\"}]}<\/script>\n<!-- \/ Yoast SEO plugin. -->","yoast_head_json":{"title":"Doutorado em Educa\u00e7\u00e3o - Dina Mara Pinheiro Dantas","robots":{"index":"index","follow":"follow","max-snippet":"max-snippet:-1","max-image-preview":"max-image-preview:large","max-video-preview":"max-video-preview:-1"},"canonical":"https:\/\/blogs.multimeios.ufc.br\/dina\/doutorado-em-educacao\/","og_locale":"pt_BR","og_type":"article","og_title":"Doutorado em Educa\u00e7\u00e3o - Dina Mara Pinheiro Dantas","og_description":"Os anos se passaram e eu retorno a minha casa!!! A Casa MM. Estava ausente e presente ao mesmo tempo, pois morava em MG e trabalhava na UEMG, mas sempre colaborava de longe com as atividades do MM e quando &hellip; Continue lendo &rarr;","og_url":"https:\/\/blogs.multimeios.ufc.br\/dina\/doutorado-em-educacao\/","og_site_name":"Dina Mara Pinheiro Dantas","article_modified_time":"2025-12-02T03:24:05+00:00","og_image":[{"width":900,"height":1600,"url":"https:\/\/blogs.multimeios.ufc.br\/dina\/files\/2025\/12\/WhatsApp-Image-2025-12-01-at-20.31.09-4.jpeg","type":"image\/jpeg"}],"twitter_card":"summary_large_image","twitter_misc":{"Est. tempo de leitura":"4 minutos"},"schema":{"@context":"https:\/\/schema.org","@graph":[{"@type":"WebPage","@id":"https:\/\/blogs.multimeios.ufc.br\/dina\/doutorado-em-educacao\/","url":"https:\/\/blogs.multimeios.ufc.br\/dina\/doutorado-em-educacao\/","name":"Doutorado em Educa\u00e7\u00e3o - Dina Mara Pinheiro Dantas","isPartOf":{"@id":"https:\/\/blogs.multimeios.ufc.br\/dina\/#website"},"primaryImageOfPage":{"@id":"https:\/\/blogs.multimeios.ufc.br\/dina\/doutorado-em-educacao\/#primaryimage"},"image":{"@id":"https:\/\/blogs.multimeios.ufc.br\/dina\/doutorado-em-educacao\/#primaryimage"},"thumbnailUrl":"https:\/\/blogs.multimeios.ufc.br\/dina\/files\/2025\/12\/WhatsApp-Image-2025-12-01-at-20.31.09-4-576x1024.jpeg","datePublished":"2025-12-01T14:48:54+00:00","dateModified":"2025-12-02T03:24:05+00:00","breadcrumb":{"@id":"https:\/\/blogs.multimeios.ufc.br\/dina\/doutorado-em-educacao\/#breadcrumb"},"inLanguage":"pt-BR","potentialAction":[{"@type":"ReadAction","target":["https:\/\/blogs.multimeios.ufc.br\/dina\/doutorado-em-educacao\/"]}]},{"@type":"ImageObject","inLanguage":"pt-BR","@id":"https:\/\/blogs.multimeios.ufc.br\/dina\/doutorado-em-educacao\/#primaryimage","url":"https:\/\/blogs.multimeios.ufc.br\/dina\/files\/2025\/12\/WhatsApp-Image-2025-12-01-at-20.31.09-4.jpeg","contentUrl":"https:\/\/blogs.multimeios.ufc.br\/dina\/files\/2025\/12\/WhatsApp-Image-2025-12-01-at-20.31.09-4.jpeg","width":900,"height":1600},{"@type":"BreadcrumbList","@id":"https:\/\/blogs.multimeios.ufc.br\/dina\/doutorado-em-educacao\/#breadcrumb","itemListElement":[{"@type":"ListItem","position":1,"name":"In\u00edcio","item":"https:\/\/blogs.multimeios.ufc.br\/dina\/"},{"@type":"ListItem","position":2,"name":"Doutorado em Educa\u00e7\u00e3o"}]},{"@type":"WebSite","@id":"https:\/\/blogs.multimeios.ufc.br\/dina\/#website","url":"https:\/\/blogs.multimeios.ufc.br\/dina\/","name":"Dina Mara Pinheiro Dantas","description":"Caminhei do MultiMeios","potentialAction":[{"@type":"SearchAction","target":{"@type":"EntryPoint","urlTemplate":"https:\/\/blogs.multimeios.ufc.br\/dina\/?s={search_term_string}"},"query-input":{"@type":"PropertyValueSpecification","valueRequired":true,"valueName":"search_term_string"}}],"inLanguage":"pt-BR"}]}},"_links":{"self":[{"href":"https:\/\/blogs.multimeios.ufc.br\/dina\/wp-json\/wp\/v2\/pages\/80","targetHints":{"allow":["GET"]}}],"collection":[{"href":"https:\/\/blogs.multimeios.ufc.br\/dina\/wp-json\/wp\/v2\/pages"}],"about":[{"href":"https:\/\/blogs.multimeios.ufc.br\/dina\/wp-json\/wp\/v2\/types\/page"}],"author":[{"embeddable":true,"href":"https:\/\/blogs.multimeios.ufc.br\/dina\/wp-json\/wp\/v2\/users\/32"}],"replies":[{"embeddable":true,"href":"https:\/\/blogs.multimeios.ufc.br\/dina\/wp-json\/wp\/v2\/comments?post=80"}],"version-history":[{"count":4,"href":"https:\/\/blogs.multimeios.ufc.br\/dina\/wp-json\/wp\/v2\/pages\/80\/revisions"}],"predecessor-version":[{"id":366,"href":"https:\/\/blogs.multimeios.ufc.br\/dina\/wp-json\/wp\/v2\/pages\/80\/revisions\/366"}],"wp:attachment":[{"href":"https:\/\/blogs.multimeios.ufc.br\/dina\/wp-json\/wp\/v2\/media?parent=80"}],"curies":[{"name":"wp","href":"https:\/\/api.w.org\/{rel}","templated":true}]}}