{"id":41,"date":"2011-09-26T16:29:44","date_gmt":"2011-09-26T16:29:44","guid":{"rendered":"http:\/\/blogs.multimeios.ufc.br\/educacaopopular\/?page_id=41"},"modified":"2011-10-23T15:46:50","modified_gmt":"2011-10-23T15:46:50","slug":"programacao","status":"publish","type":"page","link":"https:\/\/blogs.multimeios.ufc.br\/educacaopopular\/programacao\/","title":{"rendered":"Programa\u00e7\u00e3o"},"content":{"rendered":"<dl>\n<dd>\n<table width=\"535\" border=\"1\" cellspacing=\"0\" cellpadding=\"7\">\n<colgroup>\n<col width=\"519\" \/><\/colgroup>\n<tbody>\n<tr>\n<td valign=\"TOP\" width=\"519\">\n<p style=\"text-align: center;\"><span style=\"color: #000000;\"><strong>DOMINGO<\/strong><\/span><\/p>\n<p style=\"text-align: center;\"><span style=\"color: #000000;\">15h-18h- Credenciamento<\/span><\/p>\n<p style=\"text-align: center;\"><span style=\"color: #000000;\">18h- 22h- Abertura<\/span><\/p>\n<\/td>\n<\/tr>\n<\/tbody>\n<\/table>\n<\/dd>\n<\/dl>\n<p>&nbsp;<\/p>\n<dl>\n<dd>\n<table width=\"535\" border=\"1\" cellspacing=\"0\" cellpadding=\"7\">\n<colgroup>\n<col width=\"519\" \/><\/colgroup>\n<tbody>\n<tr>\n<td valign=\"TOP\" width=\"519\">\n<p style=\"text-align: center;\"><span style=\"color: #000000;\"><strong>SEGUNDA<\/strong><\/span><\/p>\n<p style=\"text-align: center;\">8h-12h- Apresenta\u00e7\u00e3o de trabalhos- GT<\/p>\n<p style=\"text-align: center;\">14h-17h- Circulos de Cultura<\/p>\n<p style=\"text-align: center;\">17h-17h30- intervalo<\/p>\n<p style=\"text-align: center;\">17h30- Atividade Cultural<\/p>\n<\/td>\n<\/tr>\n<\/tbody>\n<\/table>\n<\/dd>\n<\/dl>\n<p>&nbsp;<\/p>\n<dl>\n<dd>\n<table width=\"535\" border=\"1\" cellspacing=\"0\" cellpadding=\"7\">\n<colgroup>\n<col width=\"519\" \/><\/colgroup>\n<tbody>\n<tr>\n<td valign=\"TOP\" width=\"519\">\n<p style=\"text-align: center;\"><span style=\"color: #000000;\"><strong>TER\u00c7A<\/strong><\/span><\/p>\n<p style=\"text-align: center;\"><span style=\"color: #000000;\"><strong><\/strong>8h-12h- Oficinas e di\u00e1logos de grupos<\/span><\/p>\n<p style=\"text-align: center;\"><span style=\"color: #000000;\">14h-17h- Comunica\u00e7\u00e3o<\/span><\/p>\n<p style=\"text-align: center;\"><span style=\"color: #000000;\">17h30- Fechamento<\/span><\/p>\n<\/td>\n<\/tr>\n<\/tbody>\n<\/table>\n<\/dd>\n<\/dl>\n<p align=\"JUSTIFY\">\n","protected":false},"excerpt":{"rendered":"<p>DOMINGO 15h-18h- Credenciamento 18h- 22h- Abertura &nbsp; SEGUNDA 8h-12h- Apresenta\u00e7\u00e3o de trabalhos- GT 14h-17h- Circulos de Cultura 17h-17h30- intervalo 17h30- Atividade Cultural &nbsp; TER\u00c7A 8h-12h- Oficinas e di\u00e1logos de grupos 14h-17h- Comunica\u00e7\u00e3o 17h30- Fechamento<\/p>\n","protected":false},"author":3,"featured_media":0,"parent":0,"menu_order":0,"comment_status":"open","ping_status":"open","template":"","meta":{"footnotes":""},"class_list":["post-41","page","type-page","status-publish","hentry"],"yoast_head":"<!-- This site is optimized with the Yoast SEO plugin v27.4 - https:\/\/yoast.com\/product\/yoast-seo-wordpress\/ -->\n<title>Programa\u00e7\u00e3o - III Encontro Estadual de Educa\u00e7\u00e3o Popular<\/title>\n<meta name=\"robots\" content=\"index, follow, max-snippet:-1, max-image-preview:large, max-video-preview:-1\" \/>\n<link rel=\"canonical\" href=\"https:\/\/blogs.multimeios.ufc.br\/educacaopopular\/programacao\/\" \/>\n<meta property=\"og:locale\" content=\"pt_BR\" \/>\n<meta property=\"og:type\" content=\"article\" \/>\n<meta property=\"og:title\" content=\"Programa\u00e7\u00e3o - III Encontro Estadual de Educa\u00e7\u00e3o Popular\" \/>\n<meta property=\"og:description\" content=\"DOMINGO 15h-18h- Credenciamento 18h- 22h- Abertura &nbsp; SEGUNDA 8h-12h- Apresenta\u00e7\u00e3o de trabalhos- GT 14h-17h- Circulos de Cultura 17h-17h30- intervalo 17h30- Atividade Cultural &nbsp; TER\u00c7A 8h-12h- Oficinas e di\u00e1logos de grupos 14h-17h- Comunica\u00e7\u00e3o 17h30- Fechamento\" \/>\n<meta property=\"og:url\" content=\"https:\/\/blogs.multimeios.ufc.br\/educacaopopular\/programacao\/\" \/>\n<meta property=\"og:site_name\" content=\"III Encontro Estadual de Educa\u00e7\u00e3o Popular\" \/>\n<meta property=\"article:modified_time\" content=\"2011-10-23T15:46:50+00:00\" \/>\n<meta name=\"twitter:card\" content=\"summary_large_image\" \/>\n<script type=\"application\/ld+json\" class=\"yoast-schema-graph\">{\"@context\":\"https:\\\/\\\/schema.org\",\"@graph\":[{\"@type\":\"WebPage\",\"@id\":\"https:\\\/\\\/blogs.multimeios.ufc.br\\\/educacaopopular\\\/programacao\\\/\",\"url\":\"https:\\\/\\\/blogs.multimeios.ufc.br\\\/educacaopopular\\\/programacao\\\/\",\"name\":\"Programa\u00e7\u00e3o - III Encontro Estadual de Educa\u00e7\u00e3o Popular\",\"isPartOf\":{\"@id\":\"https:\\\/\\\/blogs.multimeios.ufc.br\\\/educacaopopular\\\/#website\"},\"datePublished\":\"2011-09-26T16:29:44+00:00\",\"dateModified\":\"2011-10-23T15:46:50+00:00\",\"breadcrumb\":{\"@id\":\"https:\\\/\\\/blogs.multimeios.ufc.br\\\/educacaopopular\\\/programacao\\\/#breadcrumb\"},\"inLanguage\":\"pt-BR\",\"potentialAction\":[{\"@type\":\"ReadAction\",\"target\":[\"https:\\\/\\\/blogs.multimeios.ufc.br\\\/educacaopopular\\\/programacao\\\/\"]}]},{\"@type\":\"BreadcrumbList\",\"@id\":\"https:\\\/\\\/blogs.multimeios.ufc.br\\\/educacaopopular\\\/programacao\\\/#breadcrumb\",\"itemListElement\":[{\"@type\":\"ListItem\",\"position\":1,\"name\":\"In\u00edcio\",\"item\":\"https:\\\/\\\/blogs.multimeios.ufc.br\\\/educacaopopular\\\/\"},{\"@type\":\"ListItem\",\"position\":2,\"name\":\"Programa\u00e7\u00e3o\"}]},{\"@type\":\"WebSite\",\"@id\":\"https:\\\/\\\/blogs.multimeios.ufc.br\\\/educacaopopular\\\/#website\",\"url\":\"https:\\\/\\\/blogs.multimeios.ufc.br\\\/educacaopopular\\\/\",\"name\":\"III Encontro Estadual de Educa\u00e7\u00e3o Popular\",\"description\":\"Educa\u00e7\u00e3o Popular na Contemporaneidade: novos temas e novas abordagens\",\"potentialAction\":[{\"@type\":\"SearchAction\",\"target\":{\"@type\":\"EntryPoint\",\"urlTemplate\":\"https:\\\/\\\/blogs.multimeios.ufc.br\\\/educacaopopular\\\/?s={search_term_string}\"},\"query-input\":{\"@type\":\"PropertyValueSpecification\",\"valueRequired\":true,\"valueName\":\"search_term_string\"}}],\"inLanguage\":\"pt-BR\"}]}<\/script>\n<!-- \/ Yoast SEO plugin. -->","yoast_head_json":{"title":"Programa\u00e7\u00e3o - III Encontro Estadual de Educa\u00e7\u00e3o Popular","robots":{"index":"index","follow":"follow","max-snippet":"max-snippet:-1","max-image-preview":"max-image-preview:large","max-video-preview":"max-video-preview:-1"},"canonical":"https:\/\/blogs.multimeios.ufc.br\/educacaopopular\/programacao\/","og_locale":"pt_BR","og_type":"article","og_title":"Programa\u00e7\u00e3o - III Encontro Estadual de Educa\u00e7\u00e3o Popular","og_description":"DOMINGO 15h-18h- Credenciamento 18h- 22h- Abertura &nbsp; SEGUNDA 8h-12h- Apresenta\u00e7\u00e3o de trabalhos- GT 14h-17h- Circulos de Cultura 17h-17h30- intervalo 17h30- Atividade Cultural &nbsp; TER\u00c7A 8h-12h- Oficinas e di\u00e1logos de grupos 14h-17h- Comunica\u00e7\u00e3o 17h30- Fechamento","og_url":"https:\/\/blogs.multimeios.ufc.br\/educacaopopular\/programacao\/","og_site_name":"III Encontro Estadual de Educa\u00e7\u00e3o Popular","article_modified_time":"2011-10-23T15:46:50+00:00","twitter_card":"summary_large_image","schema":{"@context":"https:\/\/schema.org","@graph":[{"@type":"WebPage","@id":"https:\/\/blogs.multimeios.ufc.br\/educacaopopular\/programacao\/","url":"https:\/\/blogs.multimeios.ufc.br\/educacaopopular\/programacao\/","name":"Programa\u00e7\u00e3o - III Encontro Estadual de Educa\u00e7\u00e3o Popular","isPartOf":{"@id":"https:\/\/blogs.multimeios.ufc.br\/educacaopopular\/#website"},"datePublished":"2011-09-26T16:29:44+00:00","dateModified":"2011-10-23T15:46:50+00:00","breadcrumb":{"@id":"https:\/\/blogs.multimeios.ufc.br\/educacaopopular\/programacao\/#breadcrumb"},"inLanguage":"pt-BR","potentialAction":[{"@type":"ReadAction","target":["https:\/\/blogs.multimeios.ufc.br\/educacaopopular\/programacao\/"]}]},{"@type":"BreadcrumbList","@id":"https:\/\/blogs.multimeios.ufc.br\/educacaopopular\/programacao\/#breadcrumb","itemListElement":[{"@type":"ListItem","position":1,"name":"In\u00edcio","item":"https:\/\/blogs.multimeios.ufc.br\/educacaopopular\/"},{"@type":"ListItem","position":2,"name":"Programa\u00e7\u00e3o"}]},{"@type":"WebSite","@id":"https:\/\/blogs.multimeios.ufc.br\/educacaopopular\/#website","url":"https:\/\/blogs.multimeios.ufc.br\/educacaopopular\/","name":"III Encontro Estadual de Educa\u00e7\u00e3o Popular","description":"Educa\u00e7\u00e3o Popular na Contemporaneidade: novos temas e novas abordagens","potentialAction":[{"@type":"SearchAction","target":{"@type":"EntryPoint","urlTemplate":"https:\/\/blogs.multimeios.ufc.br\/educacaopopular\/?s={search_term_string}"},"query-input":{"@type":"PropertyValueSpecification","valueRequired":true,"valueName":"search_term_string"}}],"inLanguage":"pt-BR"}]}},"_links":{"self":[{"href":"https:\/\/blogs.multimeios.ufc.br\/educacaopopular\/wp-json\/wp\/v2\/pages\/41","targetHints":{"allow":["GET"]}}],"collection":[{"href":"https:\/\/blogs.multimeios.ufc.br\/educacaopopular\/wp-json\/wp\/v2\/pages"}],"about":[{"href":"https:\/\/blogs.multimeios.ufc.br\/educacaopopular\/wp-json\/wp\/v2\/types\/page"}],"author":[{"embeddable":true,"href":"https:\/\/blogs.multimeios.ufc.br\/educacaopopular\/wp-json\/wp\/v2\/users\/3"}],"replies":[{"embeddable":true,"href":"https:\/\/blogs.multimeios.ufc.br\/educacaopopular\/wp-json\/wp\/v2\/comments?post=41"}],"version-history":[{"count":11,"href":"https:\/\/blogs.multimeios.ufc.br\/educacaopopular\/wp-json\/wp\/v2\/pages\/41\/revisions"}],"predecessor-version":[{"id":51,"href":"https:\/\/blogs.multimeios.ufc.br\/educacaopopular\/wp-json\/wp\/v2\/pages\/41\/revisions\/51"}],"wp:attachment":[{"href":"https:\/\/blogs.multimeios.ufc.br\/educacaopopular\/wp-json\/wp\/v2\/media?parent=41"}],"curies":[{"name":"wp","href":"https:\/\/api.w.org\/{rel}","templated":true}]}}