{"id":15,"date":"2024-02-16T21:25:34","date_gmt":"2024-02-17T00:25:34","guid":{"rendered":"https:\/\/blogs.multimeios.ufc.br\/ensf\/?page_id=15"},"modified":"2024-02-19T19:45:31","modified_gmt":"2024-02-19T22:45:31","slug":"poligono-fedathi","status":"publish","type":"page","link":"https:\/\/blogs.multimeios.ufc.br\/ensf\/poligono-fedathi\/","title":{"rendered":"Pol\u00edgono Fedathi"},"content":{"rendered":"\n<p>\u00a0<\/p>\n<p style=\"text-align: center;\">Voc\u00ea conhece o Pol\u00edgono Fedathi?! Clique sobre a imagem acima para ampli\u00e1-la.<\/p>\n<p style=\"text-align: center;\"><a href=\"http:\/\/blogs.multimeios.ufc.br\/ensf\/files\/2024\/02\/poligono-fedathi-2024.png\"><img fetchpriority=\"high\" decoding=\"async\" class=\"size-medium wp-image-88 aligncenter\" src=\"http:\/\/blogs.multimeios.ufc.br\/ensf\/files\/2024\/02\/poligono-fedathi-2024-300x201.png\" alt=\"\" width=\"300\" height=\"201\" srcset=\"https:\/\/blogs.multimeios.ufc.br\/ensf\/files\/2024\/02\/poligono-fedathi-2024-300x201.png 300w, https:\/\/blogs.multimeios.ufc.br\/ensf\/files\/2024\/02\/poligono-fedathi-2024.png 750w\" sizes=\"(max-width: 300px) 100vw, 300px\" \/><\/a><\/p>\n<p>\u00a0<\/p>\n<p><a href=\"https:\/\/youtu.be\/3xc8yePWN-o?feature=shared\" target=\"_blank\" rel=\"noopener\">Saiba mais sobre o Pol\u00edgono Fedathi clicando aqui!<\/a><\/p>\n<p>\u00a0<\/p>\n","protected":false},"excerpt":{"rendered":"<p>\u00a0 Voc\u00ea conhece o Pol\u00edgono Fedathi?! Clique sobre a imagem acima para ampli\u00e1-la. \u00a0 Saiba mais sobre o Pol\u00edgono Fedathi clicando aqui! \u00a0<\/p>\n","protected":false},"author":22,"featured_media":0,"parent":0,"menu_order":0,"comment_status":"closed","ping_status":"closed","template":"onecolumn-page.php","meta":{"footnotes":""},"class_list":["post-15","page","type-page","status-publish","hentry"],"yoast_head":"<!-- This site is optimized with the Yoast SEO plugin v27.4 - https:\/\/yoast.com\/product\/yoast-seo-wordpress\/ -->\n<title>Pol\u00edgono Fedathi - Encontro Nacional da Sequ\u00eancia Fedathi<\/title>\n<meta name=\"robots\" content=\"index, follow, max-snippet:-1, max-image-preview:large, max-video-preview:-1\" \/>\n<link rel=\"canonical\" href=\"https:\/\/blogs.multimeios.ufc.br\/ensf\/poligono-fedathi\/\" \/>\n<meta property=\"og:locale\" content=\"pt_BR\" \/>\n<meta property=\"og:type\" content=\"article\" \/>\n<meta property=\"og:title\" content=\"Pol\u00edgono Fedathi - Encontro Nacional da Sequ\u00eancia Fedathi\" \/>\n<meta property=\"og:description\" content=\"\u00a0 Voc\u00ea conhece o Pol\u00edgono Fedathi?! Clique sobre a imagem acima para ampli\u00e1-la. \u00a0 Saiba mais sobre o Pol\u00edgono Fedathi clicando aqui! \u00a0\" \/>\n<meta property=\"og:url\" content=\"https:\/\/blogs.multimeios.ufc.br\/ensf\/poligono-fedathi\/\" \/>\n<meta property=\"og:site_name\" content=\"Encontro Nacional da Sequ\u00eancia Fedathi\" \/>\n<meta property=\"article:modified_time\" content=\"2024-02-19T22:45:31+00:00\" \/>\n<meta property=\"og:image\" content=\"http:\/\/blogs.multimeios.ufc.br\/ensf\/files\/2024\/02\/poligono-fedathi-2024-300x201.png\" \/>\n<meta name=\"twitter:card\" content=\"summary_large_image\" \/>\n<meta name=\"twitter:label1\" content=\"Est. tempo de leitura\" \/>\n\t<meta name=\"twitter:data1\" content=\"1 minuto\" \/>\n<script type=\"application\/ld+json\" class=\"yoast-schema-graph\">{\"@context\":\"https:\\\/\\\/schema.org\",\"@graph\":[{\"@type\":\"WebPage\",\"@id\":\"https:\\\/\\\/blogs.multimeios.ufc.br\\\/ensf\\\/poligono-fedathi\\\/\",\"url\":\"https:\\\/\\\/blogs.multimeios.ufc.br\\\/ensf\\\/poligono-fedathi\\\/\",\"name\":\"Pol\u00edgono Fedathi - Encontro Nacional da Sequ\u00eancia Fedathi\",\"isPartOf\":{\"@id\":\"https:\\\/\\\/blogs.multimeios.ufc.br\\\/ensf\\\/#website\"},\"primaryImageOfPage\":{\"@id\":\"https:\\\/\\\/blogs.multimeios.ufc.br\\\/ensf\\\/poligono-fedathi\\\/#primaryimage\"},\"image\":{\"@id\":\"https:\\\/\\\/blogs.multimeios.ufc.br\\\/ensf\\\/poligono-fedathi\\\/#primaryimage\"},\"thumbnailUrl\":\"http:\\\/\\\/blogs.multimeios.ufc.br\\\/ensf\\\/files\\\/2024\\\/02\\\/poligono-fedathi-2024-300x201.png\",\"datePublished\":\"2024-02-17T00:25:34+00:00\",\"dateModified\":\"2024-02-19T22:45:31+00:00\",\"breadcrumb\":{\"@id\":\"https:\\\/\\\/blogs.multimeios.ufc.br\\\/ensf\\\/poligono-fedathi\\\/#breadcrumb\"},\"inLanguage\":\"pt-BR\",\"potentialAction\":[{\"@type\":\"ReadAction\",\"target\":[\"https:\\\/\\\/blogs.multimeios.ufc.br\\\/ensf\\\/poligono-fedathi\\\/\"]}]},{\"@type\":\"ImageObject\",\"inLanguage\":\"pt-BR\",\"@id\":\"https:\\\/\\\/blogs.multimeios.ufc.br\\\/ensf\\\/poligono-fedathi\\\/#primaryimage\",\"url\":\"http:\\\/\\\/blogs.multimeios.ufc.br\\\/ensf\\\/files\\\/2024\\\/02\\\/poligono-fedathi-2024-300x201.png\",\"contentUrl\":\"http:\\\/\\\/blogs.multimeios.ufc.br\\\/ensf\\\/files\\\/2024\\\/02\\\/poligono-fedathi-2024-300x201.png\"},{\"@type\":\"BreadcrumbList\",\"@id\":\"https:\\\/\\\/blogs.multimeios.ufc.br\\\/ensf\\\/poligono-fedathi\\\/#breadcrumb\",\"itemListElement\":[{\"@type\":\"ListItem\",\"position\":1,\"name\":\"In\u00edcio\",\"item\":\"https:\\\/\\\/blogs.multimeios.ufc.br\\\/ensf\\\/\"},{\"@type\":\"ListItem\",\"position\":2,\"name\":\"Pol\u00edgono Fedathi\"}]},{\"@type\":\"WebSite\",\"@id\":\"https:\\\/\\\/blogs.multimeios.ufc.br\\\/ensf\\\/#website\",\"url\":\"https:\\\/\\\/blogs.multimeios.ufc.br\\\/ensf\\\/\",\"name\":\"Encontro Nacional da Sequ\u00eancia Fedathi\",\"description\":\"\",\"potentialAction\":[{\"@type\":\"SearchAction\",\"target\":{\"@type\":\"EntryPoint\",\"urlTemplate\":\"https:\\\/\\\/blogs.multimeios.ufc.br\\\/ensf\\\/?s={search_term_string}\"},\"query-input\":{\"@type\":\"PropertyValueSpecification\",\"valueRequired\":true,\"valueName\":\"search_term_string\"}}],\"inLanguage\":\"pt-BR\"}]}<\/script>\n<!-- \/ Yoast SEO plugin. -->","yoast_head_json":{"title":"Pol\u00edgono Fedathi - Encontro Nacional da Sequ\u00eancia Fedathi","robots":{"index":"index","follow":"follow","max-snippet":"max-snippet:-1","max-image-preview":"max-image-preview:large","max-video-preview":"max-video-preview:-1"},"canonical":"https:\/\/blogs.multimeios.ufc.br\/ensf\/poligono-fedathi\/","og_locale":"pt_BR","og_type":"article","og_title":"Pol\u00edgono Fedathi - Encontro Nacional da Sequ\u00eancia Fedathi","og_description":"\u00a0 Voc\u00ea conhece o Pol\u00edgono Fedathi?! Clique sobre a imagem acima para ampli\u00e1-la. \u00a0 Saiba mais sobre o Pol\u00edgono Fedathi clicando aqui! \u00a0","og_url":"https:\/\/blogs.multimeios.ufc.br\/ensf\/poligono-fedathi\/","og_site_name":"Encontro Nacional da Sequ\u00eancia Fedathi","article_modified_time":"2024-02-19T22:45:31+00:00","og_image":[{"url":"http:\/\/blogs.multimeios.ufc.br\/ensf\/files\/2024\/02\/poligono-fedathi-2024-300x201.png","type":"","width":"","height":""}],"twitter_card":"summary_large_image","twitter_misc":{"Est. tempo de leitura":"1 minuto"},"schema":{"@context":"https:\/\/schema.org","@graph":[{"@type":"WebPage","@id":"https:\/\/blogs.multimeios.ufc.br\/ensf\/poligono-fedathi\/","url":"https:\/\/blogs.multimeios.ufc.br\/ensf\/poligono-fedathi\/","name":"Pol\u00edgono Fedathi - Encontro Nacional da Sequ\u00eancia Fedathi","isPartOf":{"@id":"https:\/\/blogs.multimeios.ufc.br\/ensf\/#website"},"primaryImageOfPage":{"@id":"https:\/\/blogs.multimeios.ufc.br\/ensf\/poligono-fedathi\/#primaryimage"},"image":{"@id":"https:\/\/blogs.multimeios.ufc.br\/ensf\/poligono-fedathi\/#primaryimage"},"thumbnailUrl":"http:\/\/blogs.multimeios.ufc.br\/ensf\/files\/2024\/02\/poligono-fedathi-2024-300x201.png","datePublished":"2024-02-17T00:25:34+00:00","dateModified":"2024-02-19T22:45:31+00:00","breadcrumb":{"@id":"https:\/\/blogs.multimeios.ufc.br\/ensf\/poligono-fedathi\/#breadcrumb"},"inLanguage":"pt-BR","potentialAction":[{"@type":"ReadAction","target":["https:\/\/blogs.multimeios.ufc.br\/ensf\/poligono-fedathi\/"]}]},{"@type":"ImageObject","inLanguage":"pt-BR","@id":"https:\/\/blogs.multimeios.ufc.br\/ensf\/poligono-fedathi\/#primaryimage","url":"http:\/\/blogs.multimeios.ufc.br\/ensf\/files\/2024\/02\/poligono-fedathi-2024-300x201.png","contentUrl":"http:\/\/blogs.multimeios.ufc.br\/ensf\/files\/2024\/02\/poligono-fedathi-2024-300x201.png"},{"@type":"BreadcrumbList","@id":"https:\/\/blogs.multimeios.ufc.br\/ensf\/poligono-fedathi\/#breadcrumb","itemListElement":[{"@type":"ListItem","position":1,"name":"In\u00edcio","item":"https:\/\/blogs.multimeios.ufc.br\/ensf\/"},{"@type":"ListItem","position":2,"name":"Pol\u00edgono Fedathi"}]},{"@type":"WebSite","@id":"https:\/\/blogs.multimeios.ufc.br\/ensf\/#website","url":"https:\/\/blogs.multimeios.ufc.br\/ensf\/","name":"Encontro Nacional da Sequ\u00eancia Fedathi","description":"","potentialAction":[{"@type":"SearchAction","target":{"@type":"EntryPoint","urlTemplate":"https:\/\/blogs.multimeios.ufc.br\/ensf\/?s={search_term_string}"},"query-input":{"@type":"PropertyValueSpecification","valueRequired":true,"valueName":"search_term_string"}}],"inLanguage":"pt-BR"}]}},"_links":{"self":[{"href":"https:\/\/blogs.multimeios.ufc.br\/ensf\/wp-json\/wp\/v2\/pages\/15","targetHints":{"allow":["GET"]}}],"collection":[{"href":"https:\/\/blogs.multimeios.ufc.br\/ensf\/wp-json\/wp\/v2\/pages"}],"about":[{"href":"https:\/\/blogs.multimeios.ufc.br\/ensf\/wp-json\/wp\/v2\/types\/page"}],"author":[{"embeddable":true,"href":"https:\/\/blogs.multimeios.ufc.br\/ensf\/wp-json\/wp\/v2\/users\/22"}],"replies":[{"embeddable":true,"href":"https:\/\/blogs.multimeios.ufc.br\/ensf\/wp-json\/wp\/v2\/comments?post=15"}],"version-history":[{"count":11,"href":"https:\/\/blogs.multimeios.ufc.br\/ensf\/wp-json\/wp\/v2\/pages\/15\/revisions"}],"predecessor-version":[{"id":99,"href":"https:\/\/blogs.multimeios.ufc.br\/ensf\/wp-json\/wp\/v2\/pages\/15\/revisions\/99"}],"wp:attachment":[{"href":"https:\/\/blogs.multimeios.ufc.br\/ensf\/wp-json\/wp\/v2\/media?parent=15"}],"curies":[{"name":"wp","href":"https:\/\/api.w.org\/{rel}","templated":true}]}}