{"id":4314,"date":"2022-03-26T11:00:17","date_gmt":"2022-03-26T14:00:17","guid":{"rendered":"http:\/\/blogs.multimeios.ufc.br\/fernandacarmo\/?page_id=4314"},"modified":"2024-08-18T12:58:47","modified_gmt":"2024-08-18T15:58:47","slug":"dissertacao-resumo","status":"publish","type":"page","link":"https:\/\/blogs.multimeios.ufc.br\/fernandacarmo\/dissertacao-resumo\/","title":{"rendered":"RESUMO"},"content":{"rendered":"\n<h3 style=\"text-align: justify;\">A informatiza\u00e7\u00e3o da sociedade, no \u00e2mbito das tecnologias digitais, trouxe novos paradigmas para a educa\u00e7\u00e3o, incrementando a modalidade de ensino Educa\u00e7\u00e3o a Dist\u00e2ncia. Os programas de ensino t\u00eam espa\u00e7o para apresentar desenhos, linguagens e recursos educacionais e tecnol\u00f3gicos pr\u00f3prios. Nessa perspectiva, destaca-se a Educa\u00e7\u00e3o a Dist\u00e2ncia do Laborat\u00f3rio MultiMeios, fundamentada na metodologia de ensino Sequ\u00eancia Fedathi. No caso do ensino de matem\u00e1tica, nessa proposta de Educa\u00e7\u00e3o a Dist\u00e2ncia, ainda n\u00e3o h\u00e1 amplos saberes e conhecimentos consolidados. Com isso, o objetivo deste trabalho \u00e9 desenvolver uma proposta para o ensino a dist\u00e2ncia do conceito de Medida, baseada na Sequ\u00eancia Fedathi. Essa pesquisa \u00e9 de car\u00e1ter qualitativo e, da perspectiva do m\u00e9todo, classifica-se como pesquisa explorat\u00f3ria, utilizando ainda a metodologia de pesquisa Sequ\u00eancia Fedathi. Assim, desenvolveu-se uma proposta did\u00e1tica para o ensino a dist\u00e2ncia do conceito de Medida, bem como um desenho did\u00e1tico no Ambiente Virtual de Ensino <em>Moodle<\/em> MultiMeios. Com essa pesquisa, observou-se uma reorganiza\u00e7\u00e3o dos conte\u00fados de Medida, constitu\u00eddo pelos conceitos de Grandeza, de \u00c1rea e de Volume e obteve-se uma abordagem did\u00e1tica diferenciada do tratamento usualmente dado, com base na Teoria da Medida e no princ\u00edpio Situa\u00e7\u00e3o Generaliz\u00e1vel. Produziu-se, tamb\u00e9m, material did\u00e1tico, a partir da elabora\u00e7\u00e3o de sess\u00f5es did\u00e1ticas de cada um dos referidos temas. Identificou-se, ainda, que a escolha das ferramentas nos ambientes virtuais deve levar em considera\u00e7\u00e3o, principalmente, a intera\u00e7\u00e3o, a exemplo do TeleMeios e do F\u00f3rum. Concluiu-se que a Sequ\u00eancia Fedathi permite a constru\u00e7\u00e3o conceitual e progressiva com participa\u00e7\u00e3o ativa do aluno durante todo o percurso e que \u00e9 a media\u00e7\u00e3o do professor que faz toda a diferen\u00e7a, independente do ambiente, da tecnologia, dos meios e dos recursos que se utilize.<\/h3>\n<h3 style=\"text-align: justify;\"><strong>Palavras-chave<\/strong>: Sequ\u00eancia Fedathi. Ensino de Matem\u00e1tica. Educa\u00e7\u00e3o a Dist\u00e2ncia.<\/h3>\n<p>\u00a0<\/p>\n<table style=\"width: 100%; border-collapse: collapse; border-color: #ffffff; height: 91px;\">\n<tbody>\n<tr>\n<td style=\"width: 33.3333%; border-color: #ffffff; text-align: center; padding: 0px;\">\n<h3 style=\"text-align: left;\"><a href=\"https:\/\/blogs.multimeios.ufc.br\/fernandacarmo\/dissertacao-sumario\/\"><img decoding=\"async\" class=\"alignnone wp-image-4539\" src=\"http:\/\/blogs.multimeios.ufc.br\/fernandacarmo\/files\/2023\/01\/botao-para-a-esquerda-300x300.png\" alt=\"\" width=\"30\" height=\"30\" srcset=\"https:\/\/blogs.multimeios.ufc.br\/fernandacarmo\/files\/2023\/01\/botao-para-a-esquerda-300x300.png 300w, https:\/\/blogs.multimeios.ufc.br\/fernandacarmo\/files\/2023\/01\/botao-para-a-esquerda-150x150.png 150w, https:\/\/blogs.multimeios.ufc.br\/fernandacarmo\/files\/2023\/01\/botao-para-a-esquerda.png 512w\" sizes=\"(max-width: 30px) 100vw, 30px\" \/><\/a><br \/>Sum\u00e1rio<\/h3>\n<\/td>\n<td style=\"width: 33.3333%; border-color: #ffffff; text-align: center; padding: 0px;\">\n<h3><a href=\"http:\/\/blogs.multimeios.ufc.br\/fernandacarmo\/dissertacao\/\"><img decoding=\"async\" class=\"alignnone wp-image-4540\" src=\"http:\/\/blogs.multimeios.ufc.br\/fernandacarmo\/files\/2023\/01\/Home_icon_green-1-300x300.png\" alt=\"\" width=\"30\" height=\"30\" srcset=\"https:\/\/blogs.multimeios.ufc.br\/fernandacarmo\/files\/2023\/01\/Home_icon_green-1-300x300.png 300w, https:\/\/blogs.multimeios.ufc.br\/fernandacarmo\/files\/2023\/01\/Home_icon_green-1-150x150.png 150w, https:\/\/blogs.multimeios.ufc.br\/fernandacarmo\/files\/2023\/01\/Home_icon_green-1.png 512w\" sizes=\"(max-width: 30px) 100vw, 30px\" \/><\/a><br \/>In\u00edcio<\/h3>\n<\/td>\n<td style=\"width: 33.3333%; border-color: #ffffff; text-align: center; padding: 0px;\">\n<h3 style=\"text-align: right;\"><a href=\"https:\/\/blogs.multimeios.ufc.br\/fernandacarmo\/dissertacao-1-introducao\/\"><img decoding=\"async\" class=\"alignnone wp-image-4538\" src=\"http:\/\/blogs.multimeios.ufc.br\/fernandacarmo\/files\/2023\/01\/botao-para-a-direita-300x300.png\" alt=\"\" width=\"30\" height=\"30\" srcset=\"https:\/\/blogs.multimeios.ufc.br\/fernandacarmo\/files\/2023\/01\/botao-para-a-direita-300x300.png 300w, https:\/\/blogs.multimeios.ufc.br\/fernandacarmo\/files\/2023\/01\/botao-para-a-direita-150x150.png 150w, https:\/\/blogs.multimeios.ufc.br\/fernandacarmo\/files\/2023\/01\/botao-para-a-direita.png 512w\" sizes=\"(max-width: 30px) 100vw, 30px\" \/><\/a><br \/>1 Introdu\u00e7\u00e3o<\/h3>\n<\/td>\n<\/tr>\n<\/tbody>\n<\/table>\n","protected":false},"excerpt":{"rendered":"<p>A informatiza\u00e7\u00e3o da sociedade, no \u00e2mbito das tecnologias digitais, trouxe novos paradigmas para a educa\u00e7\u00e3o, incrementando a modalidade de ensino Educa\u00e7\u00e3o a Dist\u00e2ncia. Os programas de ensino t\u00eam espa\u00e7o para apresentar desenhos, linguagens e recursos educacionais e tecnol\u00f3gicos pr\u00f3prios. Nessa &hellip; <a href=\"https:\/\/blogs.multimeios.ufc.br\/fernandacarmo\/dissertacao-resumo\/\">Continue lendo <span class=\"meta-nav\">&rarr;<\/span><\/a><\/p>\n","protected":false},"author":23,"featured_media":0,"parent":0,"menu_order":0,"comment_status":"closed","ping_status":"closed","template":"","meta":{"footnotes":""},"class_list":["post-4314","page","type-page","status-publish","hentry"],"yoast_head":"<!-- This site is optimized with the Yoast SEO plugin v27.4 - https:\/\/yoast.com\/product\/yoast-seo-wordpress\/ -->\n<title>Blog da Fernanda - RESUMO da Disserta\u00e7\u00e3o<\/title>\n<meta name=\"description\" content=\"Resumo da Disserta\u00e7\u00e3o de Mestrado de Fernanda - Laborat\u00f3rio MultiMeios da Faculdade de Educa\u00e7\u00e3o, da Universidade Federal do Cear\u00e1\" \/>\n<meta name=\"robots\" content=\"index, follow, max-snippet:-1, max-image-preview:large, max-video-preview:-1\" \/>\n<link rel=\"canonical\" href=\"http:\/\/blogs.multimeios.ufc.br\/fernandacarmo\/dissertacao-resumo\/\" \/>\n<meta property=\"og:locale\" content=\"pt_BR\" \/>\n<meta property=\"og:type\" content=\"article\" \/>\n<meta property=\"og:title\" content=\"Blog da Fernanda - RESUMO da Disserta\u00e7\u00e3o\" \/>\n<meta property=\"og:description\" content=\"Resumo da Disserta\u00e7\u00e3o de Mestrado de Fernanda - Laborat\u00f3rio MultiMeios da Faculdade de Educa\u00e7\u00e3o, da Universidade Federal do Cear\u00e1\" \/>\n<meta property=\"og:url\" content=\"http:\/\/blogs.multimeios.ufc.br\/fernandacarmo\/dissertacao-resumo\/\" \/>\n<meta property=\"og:site_name\" content=\"Blog da Fernanda\" \/>\n<meta property=\"article:modified_time\" content=\"2024-08-18T15:58:47+00:00\" \/>\n<meta property=\"og:image\" content=\"http:\/\/blogs.multimeios.ufc.br\/fernandacarmo\/files\/2023\/01\/botao-para-a-esquerda-300x300.png\" \/>\n<meta name=\"twitter:card\" content=\"summary_large_image\" \/>\n<meta name=\"twitter:label1\" content=\"Est. tempo de leitura\" \/>\n\t<meta name=\"twitter:data1\" content=\"3 minutos\" \/>\n<script type=\"application\/ld+json\" class=\"yoast-schema-graph\">{\"@context\":\"https:\\\/\\\/schema.org\",\"@graph\":[{\"@type\":\"WebPage\",\"@id\":\"http:\\\/\\\/blogs.multimeios.ufc.br\\\/fernandacarmo\\\/dissertacao-resumo\\\/\",\"url\":\"http:\\\/\\\/blogs.multimeios.ufc.br\\\/fernandacarmo\\\/dissertacao-resumo\\\/\",\"name\":\"Blog da Fernanda - RESUMO da Disserta\u00e7\u00e3o\",\"isPartOf\":{\"@id\":\"https:\\\/\\\/blogs.multimeios.ufc.br\\\/fernandacarmo\\\/#website\"},\"primaryImageOfPage\":{\"@id\":\"http:\\\/\\\/blogs.multimeios.ufc.br\\\/fernandacarmo\\\/dissertacao-resumo\\\/#primaryimage\"},\"image\":{\"@id\":\"http:\\\/\\\/blogs.multimeios.ufc.br\\\/fernandacarmo\\\/dissertacao-resumo\\\/#primaryimage\"},\"thumbnailUrl\":\"http:\\\/\\\/blogs.multimeios.ufc.br\\\/fernandacarmo\\\/files\\\/2023\\\/01\\\/botao-para-a-esquerda-300x300.png\",\"datePublished\":\"2022-03-26T14:00:17+00:00\",\"dateModified\":\"2024-08-18T15:58:47+00:00\",\"description\":\"Resumo da Disserta\u00e7\u00e3o de Mestrado de Fernanda - Laborat\u00f3rio MultiMeios da Faculdade de Educa\u00e7\u00e3o, da Universidade Federal do Cear\u00e1\",\"breadcrumb\":{\"@id\":\"http:\\\/\\\/blogs.multimeios.ufc.br\\\/fernandacarmo\\\/dissertacao-resumo\\\/#breadcrumb\"},\"inLanguage\":\"pt-BR\",\"potentialAction\":[{\"@type\":\"ReadAction\",\"target\":[\"http:\\\/\\\/blogs.multimeios.ufc.br\\\/fernandacarmo\\\/dissertacao-resumo\\\/\"]}]},{\"@type\":\"ImageObject\",\"inLanguage\":\"pt-BR\",\"@id\":\"http:\\\/\\\/blogs.multimeios.ufc.br\\\/fernandacarmo\\\/dissertacao-resumo\\\/#primaryimage\",\"url\":\"https:\\\/\\\/blogs.multimeios.ufc.br\\\/fernandacarmo\\\/files\\\/2023\\\/01\\\/botao-para-a-esquerda.png\",\"contentUrl\":\"https:\\\/\\\/blogs.multimeios.ufc.br\\\/fernandacarmo\\\/files\\\/2023\\\/01\\\/botao-para-a-esquerda.png\",\"width\":512,\"height\":512},{\"@type\":\"BreadcrumbList\",\"@id\":\"http:\\\/\\\/blogs.multimeios.ufc.br\\\/fernandacarmo\\\/dissertacao-resumo\\\/#breadcrumb\",\"itemListElement\":[{\"@type\":\"ListItem\",\"position\":1,\"name\":\"In\u00edcio\",\"item\":\"https:\\\/\\\/blogs.multimeios.ufc.br\\\/fernandacarmo\\\/\"},{\"@type\":\"ListItem\",\"position\":2,\"name\":\"RESUMO\"}]},{\"@type\":\"WebSite\",\"@id\":\"https:\\\/\\\/blogs.multimeios.ufc.br\\\/fernandacarmo\\\/#website\",\"url\":\"https:\\\/\\\/blogs.multimeios.ufc.br\\\/fernandacarmo\\\/\",\"name\":\"Blog da Fernanda\",\"description\":\"\",\"potentialAction\":[{\"@type\":\"SearchAction\",\"target\":{\"@type\":\"EntryPoint\",\"urlTemplate\":\"https:\\\/\\\/blogs.multimeios.ufc.br\\\/fernandacarmo\\\/?s={search_term_string}\"},\"query-input\":{\"@type\":\"PropertyValueSpecification\",\"valueRequired\":true,\"valueName\":\"search_term_string\"}}],\"inLanguage\":\"pt-BR\"}]}<\/script>\n<!-- \/ Yoast SEO plugin. -->","yoast_head_json":{"title":"Blog da Fernanda - RESUMO da Disserta\u00e7\u00e3o","description":"Resumo da Disserta\u00e7\u00e3o de Mestrado de Fernanda - Laborat\u00f3rio MultiMeios da Faculdade de Educa\u00e7\u00e3o, da Universidade Federal do Cear\u00e1","robots":{"index":"index","follow":"follow","max-snippet":"max-snippet:-1","max-image-preview":"max-image-preview:large","max-video-preview":"max-video-preview:-1"},"canonical":"http:\/\/blogs.multimeios.ufc.br\/fernandacarmo\/dissertacao-resumo\/","og_locale":"pt_BR","og_type":"article","og_title":"Blog da Fernanda - RESUMO da Disserta\u00e7\u00e3o","og_description":"Resumo da Disserta\u00e7\u00e3o de Mestrado de Fernanda - Laborat\u00f3rio MultiMeios da Faculdade de Educa\u00e7\u00e3o, da Universidade Federal do Cear\u00e1","og_url":"http:\/\/blogs.multimeios.ufc.br\/fernandacarmo\/dissertacao-resumo\/","og_site_name":"Blog da Fernanda","article_modified_time":"2024-08-18T15:58:47+00:00","og_image":[{"url":"http:\/\/blogs.multimeios.ufc.br\/fernandacarmo\/files\/2023\/01\/botao-para-a-esquerda-300x300.png","type":"","width":"","height":""}],"twitter_card":"summary_large_image","twitter_misc":{"Est. tempo de leitura":"3 minutos"},"schema":{"@context":"https:\/\/schema.org","@graph":[{"@type":"WebPage","@id":"http:\/\/blogs.multimeios.ufc.br\/fernandacarmo\/dissertacao-resumo\/","url":"http:\/\/blogs.multimeios.ufc.br\/fernandacarmo\/dissertacao-resumo\/","name":"Blog da Fernanda - RESUMO da Disserta\u00e7\u00e3o","isPartOf":{"@id":"https:\/\/blogs.multimeios.ufc.br\/fernandacarmo\/#website"},"primaryImageOfPage":{"@id":"http:\/\/blogs.multimeios.ufc.br\/fernandacarmo\/dissertacao-resumo\/#primaryimage"},"image":{"@id":"http:\/\/blogs.multimeios.ufc.br\/fernandacarmo\/dissertacao-resumo\/#primaryimage"},"thumbnailUrl":"http:\/\/blogs.multimeios.ufc.br\/fernandacarmo\/files\/2023\/01\/botao-para-a-esquerda-300x300.png","datePublished":"2022-03-26T14:00:17+00:00","dateModified":"2024-08-18T15:58:47+00:00","description":"Resumo da Disserta\u00e7\u00e3o de Mestrado de Fernanda - Laborat\u00f3rio MultiMeios da Faculdade de Educa\u00e7\u00e3o, da Universidade Federal do Cear\u00e1","breadcrumb":{"@id":"http:\/\/blogs.multimeios.ufc.br\/fernandacarmo\/dissertacao-resumo\/#breadcrumb"},"inLanguage":"pt-BR","potentialAction":[{"@type":"ReadAction","target":["http:\/\/blogs.multimeios.ufc.br\/fernandacarmo\/dissertacao-resumo\/"]}]},{"@type":"ImageObject","inLanguage":"pt-BR","@id":"http:\/\/blogs.multimeios.ufc.br\/fernandacarmo\/dissertacao-resumo\/#primaryimage","url":"https:\/\/blogs.multimeios.ufc.br\/fernandacarmo\/files\/2023\/01\/botao-para-a-esquerda.png","contentUrl":"https:\/\/blogs.multimeios.ufc.br\/fernandacarmo\/files\/2023\/01\/botao-para-a-esquerda.png","width":512,"height":512},{"@type":"BreadcrumbList","@id":"http:\/\/blogs.multimeios.ufc.br\/fernandacarmo\/dissertacao-resumo\/#breadcrumb","itemListElement":[{"@type":"ListItem","position":1,"name":"In\u00edcio","item":"https:\/\/blogs.multimeios.ufc.br\/fernandacarmo\/"},{"@type":"ListItem","position":2,"name":"RESUMO"}]},{"@type":"WebSite","@id":"https:\/\/blogs.multimeios.ufc.br\/fernandacarmo\/#website","url":"https:\/\/blogs.multimeios.ufc.br\/fernandacarmo\/","name":"Blog da Fernanda","description":"","potentialAction":[{"@type":"SearchAction","target":{"@type":"EntryPoint","urlTemplate":"https:\/\/blogs.multimeios.ufc.br\/fernandacarmo\/?s={search_term_string}"},"query-input":{"@type":"PropertyValueSpecification","valueRequired":true,"valueName":"search_term_string"}}],"inLanguage":"pt-BR"}]}},"_links":{"self":[{"href":"https:\/\/blogs.multimeios.ufc.br\/fernandacarmo\/wp-json\/wp\/v2\/pages\/4314","targetHints":{"allow":["GET"]}}],"collection":[{"href":"https:\/\/blogs.multimeios.ufc.br\/fernandacarmo\/wp-json\/wp\/v2\/pages"}],"about":[{"href":"https:\/\/blogs.multimeios.ufc.br\/fernandacarmo\/wp-json\/wp\/v2\/types\/page"}],"author":[{"embeddable":true,"href":"https:\/\/blogs.multimeios.ufc.br\/fernandacarmo\/wp-json\/wp\/v2\/users\/23"}],"replies":[{"embeddable":true,"href":"https:\/\/blogs.multimeios.ufc.br\/fernandacarmo\/wp-json\/wp\/v2\/comments?post=4314"}],"version-history":[{"count":18,"href":"https:\/\/blogs.multimeios.ufc.br\/fernandacarmo\/wp-json\/wp\/v2\/pages\/4314\/revisions"}],"predecessor-version":[{"id":5270,"href":"https:\/\/blogs.multimeios.ufc.br\/fernandacarmo\/wp-json\/wp\/v2\/pages\/4314\/revisions\/5270"}],"wp:attachment":[{"href":"https:\/\/blogs.multimeios.ufc.br\/fernandacarmo\/wp-json\/wp\/v2\/media?parent=4314"}],"curies":[{"name":"wp","href":"https:\/\/api.w.org\/{rel}","templated":true}]}}