{"id":4810,"date":"2024-02-26T16:04:43","date_gmt":"2024-02-26T19:04:43","guid":{"rendered":"http:\/\/blogs.multimeios.ufc.br\/fernandacarmo\/?page_id=4810"},"modified":"2024-04-29T22:31:19","modified_gmt":"2024-04-30T01:31:19","slug":"revistas-de-educacao-e-tecnologias","status":"publish","type":"page","link":"https:\/\/blogs.multimeios.ufc.br\/fernandacarmo\/revistas-de-educacao-e-tecnologias\/","title":{"rendered":"Revistas de Educa\u00e7\u00e3o e Tecnologias"},"content":{"rendered":"\n<h2><strong>Revistas de Educa\u00e7\u00e3o e Tecnologias<\/strong><\/h2>\n<h2 style=\"text-align: right;\"><em>Atualizado em 26 fev. 2024<br><\/em><\/h2>\n<p>&nbsp;<\/p>\n<h2 style=\"text-align: justify;\">Aqui est\u00e3o algumas revistas que abordam o tema &#8220;Educa\u00e7\u00e3o e Tecnologias&#8221;. Antes disso, algumas informa\u00e7\u00f5es importantes s\u00e3o:<\/h2>\n<p>&nbsp;<\/p>\n<ul>\n<li>\n<h2 style=\"text-align: justify;\"><strong>Cheque as informa\u00e7\u00f5es<\/strong> contidas aqui, elas podem conter erros. Se encontrar algum, deixe sua sugest\u00e3o nos coment\u00e1rios.<\/h2>\n<\/li>\n<li>\n<h2 style=\"text-align: justify;\">A <strong>\u00e1rea de avalia\u00e7\u00e3o<\/strong> considerada para o estratifica\u00e7\u00e3o apresentada \u00e9 <strong>Educa\u00e7\u00e3o<\/strong>. Fonte: <a href=\"https:\/\/sucupira.capes.gov.br\/sucupira\/public\/consultas\/coleta\/veiculoPublicacaoQualis\/listaConsultaGeralPeriodicos.xhtml\" target=\"_blank\" rel=\"noopener\">Plataforma Sucupira<\/a>, quadri\u00eanio 2017-2020.<\/h2>\n<\/li>\n<li>\n<h2 style=\"text-align: justify;\">As demais informa\u00e7\u00f5es foram retiradas dos <em>sites<\/em> das pr\u00f3prias revistas.<\/h2>\n<\/li>\n<li>\n<h2 style=\"text-align: justify;\">As c\u00e9lulas vazias significam que as informa\u00e7\u00f5es ainda n\u00e3o foram procuradas e\/ou encontradas.<\/h2>\n<\/li>\n<\/ul>\n<h2 style=\"text-align: justify;\">Acesse clicando nos <em>links<\/em> correspondentes a cada estratifica\u00e7\u00e3o abaixo.<\/h2>\n<p>&nbsp;<\/p>\n<table style=\"border-collapse: collapse; width: 100%;\">\n<tbody>\n<tr>\n<td style=\"width: 16.6667%; text-align: center;\">\n<h2><a id=\"a1\" href=\"#a1\">A1<\/a><\/h2>\n<\/td>\n<td style=\"width: 16.6667%; text-align: center;\">\n<h2><a id=\"a2\" href=\"#a2\">A2<\/a><\/h2>\n<\/td>\n<td style=\"width: 16.6667%; text-align: center;\">\n<h2><a id=\"a3\" href=\"#a3\">A3<\/a><\/h2>\n<\/td>\n<td style=\"width: 16.6667%; text-align: center;\">\n<h2><a id=\"a4\" href=\"#a4\">A4<\/a><\/h2>\n<\/td>\n<td style=\"width: 16.6667%; text-align: center;\">\n<h2><a id=\"b1\" href=\"#b1\">B1<\/a><\/h2>\n<\/td>\n<td style=\"width: 16.6667%; text-align: center;\">\n<h2><a id=\"b2\" href=\"#b2\">B2<\/a><\/h2>\n<\/td>\n<\/tr>\n<\/tbody>\n<\/table>\n<p>&nbsp;<\/p>\n\n\n\n<!-- iframe plugin v.6.0 wordpress.org\/plugins\/iframe\/ -->\n<iframe id=\"revistas-a1\" height=\"346\" frameborder=\"0\" scrolling=\"yes\" src=\"https:\/\/multimeiosufc-my.sharepoint.com\/:x:\/g\/personal\/fernanda_multimeios_ufc_br\/Ed0VZ0RDJMhMggahoXrJTlMBpL6uSlJA6E3v_ofuR4gIoQ?e=iLt3FU&#038;action=embedview&#038;wdAllowInteractivity=False&#038;ActiveCell=&#039;A1&#039;!A1&#038;Item=&#039;A1&#039;!A1%3AK7&#038;wdInConfigurator=True&#038;wdInConfigurator=True&#038;edesNext=true&#038;resen=false&#038;ed1JS=false\" width=\"100%\" class=\"iframe-class\"><\/iframe>\n\n\n\n\n<!-- iframe plugin v.6.0 wordpress.org\/plugins\/iframe\/ -->\n<iframe id=\"revistas-a2\" height=\"346\" frameborder=\"0\" scrolling=\"yes\" src=\"https:\/\/multimeiosufc-my.sharepoint.com\/:x:\/g\/personal\/fernanda_multimeios_ufc_br\/Ee28ZeUQCeNGmoSU3ZHrOzcBywInI5UiIrY0_CCufpOlKQ?e=LagmQd&#038;action=embedview&#038;wdAllowInteractivity=False&#038;ActiveCell=&#039;A1&#039;!A1&#038;Item=&#039;A1&#039;!A1%3AK5&#038;wdInConfigurator=True&#038;wdInConfigurator=True&#038;edesNext=true&#038;resen=false&#038;ed1JS=false\" width=\"100%\" class=\"iframe-class\"><\/iframe>\n\n\n\n\n<!-- iframe plugin v.6.0 wordpress.org\/plugins\/iframe\/ -->\n<iframe id=\"revistas-a3\" height=\"346\" frameborder=\"0\" scrolling=\"yes\" src=\"https:\/\/multimeiosufc-my.sharepoint.com\/:x:\/g\/personal\/fernanda_multimeios_ufc_br\/ET4kPh2rRXpDpNtz_BsNpmsBx73A8_J2UH9_H2TKUOG6Aw?e=zxgrrA&#038;action=embedview&#038;wdAllowInteractivity=False&#038;ActiveCell=&#039;A1&#039;!A1&#038;Item=&#039;A1&#039;!A1%3AK2&#038;wdInConfigurator=True&#038;wdInConfigurator=True&#038;edesNext=true&#038;resen=false&#038;ed1JS=false\" width=\"100%\" class=\"iframe-class\"><\/iframe>\n\n\n\n\n<!-- iframe plugin v.6.0 wordpress.org\/plugins\/iframe\/ -->\n<iframe id=\"revistas-a4\" height=\"346\" frameborder=\"0\" scrolling=\"yes\" src=\"https:\/\/multimeiosufc-my.sharepoint.com\/:x:\/g\/personal\/fernanda_multimeios_ufc_br\/ET4kPh2rRXpDpNtz_BsNpmsBx73A8_J2UH9_H2TKUOG6Aw?e=zxgrrA&#038;action=embedview&#038;wdAllowInteractivity=False&#038;ActiveCell=&#039;A1&#039;!A1&#038;Item=&#039;A1&#039;!A1%3AK10&#038;wdInConfigurator=True&#038;wdInConfigurator=True&#038;edesNext=true&#038;resen=false&#038;ed1JS=false\" width=\"100%\" class=\"iframe-class\"><\/iframe>\n\n\n\n\n<!-- iframe plugin v.6.0 wordpress.org\/plugins\/iframe\/ -->\n<iframe id=\"revistas-b1\" height=\"346\" frameborder=\"0\" scrolling=\"yes\" src=\"https:\/\/multimeiosufc-my.sharepoint.com\/:x:\/g\/personal\/fernanda_multimeios_ufc_br\/EUxwpbl3QRNKsyeCqsRNmFcBDKntqwfHfS_0tN6Ngt_KYA?e=rSu96Q&#038;action=embedview&#038;wdAllowInteractivity=False&#038;ActiveCell=&#039;A1&#039;!A1&#038;Item=&#039;A1&#039;!A1%3AJ11&#038;wdInConfigurator=True&#038;wdInConfigurator=True&#038;edesNext=true&#038;resen=false&#038;ed1JS=false\" width=\"100%\" class=\"iframe-class\"><\/iframe>\n\n","protected":false},"excerpt":{"rendered":"<p>Revistas de Educa\u00e7\u00e3o e Tecnologias Atualizado em 26 fev. 2024 &nbsp; Aqui est\u00e3o algumas revistas que abordam o tema &#8220;Educa\u00e7\u00e3o e Tecnologias&#8221;. Antes disso, algumas informa\u00e7\u00f5es importantes s\u00e3o: &nbsp; Cheque as informa\u00e7\u00f5es contidas aqui, elas podem conter erros. Se encontrar &hellip; <a href=\"https:\/\/blogs.multimeios.ufc.br\/fernandacarmo\/revistas-de-educacao-e-tecnologias\/\">Continue lendo <span class=\"meta-nav\">&rarr;<\/span><\/a><\/p>\n","protected":false},"author":23,"featured_media":0,"parent":0,"menu_order":0,"comment_status":"closed","ping_status":"closed","template":"elementor_header_footer","meta":{"footnotes":""},"class_list":["post-4810","page","type-page","status-publish","hentry"],"yoast_head":"<!-- This site is optimized with the Yoast SEO plugin v27.3 - https:\/\/yoast.com\/product\/yoast-seo-wordpress\/ -->\n<title>Blog da Fernanda - Revistas de Educa\u00e7\u00e3o e Tecnologias<\/title>\n<meta name=\"description\" content=\"Lista de algumas revistas que abordam o tema Educa\u00e7\u00e3o e Tecnologias, separadas de acordo com sua estratifica\u00e7\u00e3o\/qualis.\" \/>\n<meta name=\"robots\" content=\"index, follow, max-snippet:-1, max-image-preview:large, max-video-preview:-1\" \/>\n<link rel=\"canonical\" href=\"https:\/\/blogs.multimeios.ufc.br\/fernandacarmo\/revistas-de-educacao-e-tecnologias\/\" \/>\n<meta property=\"og:locale\" content=\"pt_BR\" \/>\n<meta property=\"og:type\" content=\"article\" \/>\n<meta property=\"og:title\" content=\"Blog da Fernanda - Revistas de Educa\u00e7\u00e3o e Tecnologias\" \/>\n<meta property=\"og:description\" content=\"Lista de algumas revistas que abordam o tema Educa\u00e7\u00e3o e Tecnologias, separadas de acordo com sua estratifica\u00e7\u00e3o\/qualis.\" \/>\n<meta property=\"og:url\" content=\"https:\/\/blogs.multimeios.ufc.br\/fernandacarmo\/revistas-de-educacao-e-tecnologias\/\" \/>\n<meta property=\"og:site_name\" content=\"Blog da Fernanda\" \/>\n<meta property=\"article:modified_time\" content=\"2024-04-30T01:31:19+00:00\" \/>\n<meta name=\"twitter:card\" content=\"summary_large_image\" \/>\n<meta name=\"twitter:label1\" content=\"Est. tempo de leitura\" \/>\n\t<meta name=\"twitter:data1\" content=\"1 minuto\" \/>\n<script type=\"application\/ld+json\" class=\"yoast-schema-graph\">{\"@context\":\"https:\\\/\\\/schema.org\",\"@graph\":[{\"@type\":\"WebPage\",\"@id\":\"https:\\\/\\\/blogs.multimeios.ufc.br\\\/fernandacarmo\\\/revistas-de-educacao-e-tecnologias\\\/\",\"url\":\"https:\\\/\\\/blogs.multimeios.ufc.br\\\/fernandacarmo\\\/revistas-de-educacao-e-tecnologias\\\/\",\"name\":\"Blog da Fernanda - Revistas de Educa\u00e7\u00e3o e Tecnologias\",\"isPartOf\":{\"@id\":\"https:\\\/\\\/blogs.multimeios.ufc.br\\\/fernandacarmo\\\/#website\"},\"datePublished\":\"2024-02-26T19:04:43+00:00\",\"dateModified\":\"2024-04-30T01:31:19+00:00\",\"description\":\"Lista de algumas revistas que abordam o tema Educa\u00e7\u00e3o e Tecnologias, separadas de acordo com sua estratifica\u00e7\u00e3o\\\/qualis.\",\"breadcrumb\":{\"@id\":\"https:\\\/\\\/blogs.multimeios.ufc.br\\\/fernandacarmo\\\/revistas-de-educacao-e-tecnologias\\\/#breadcrumb\"},\"inLanguage\":\"pt-BR\",\"potentialAction\":[{\"@type\":\"ReadAction\",\"target\":[\"https:\\\/\\\/blogs.multimeios.ufc.br\\\/fernandacarmo\\\/revistas-de-educacao-e-tecnologias\\\/\"]}]},{\"@type\":\"BreadcrumbList\",\"@id\":\"https:\\\/\\\/blogs.multimeios.ufc.br\\\/fernandacarmo\\\/revistas-de-educacao-e-tecnologias\\\/#breadcrumb\",\"itemListElement\":[{\"@type\":\"ListItem\",\"position\":1,\"name\":\"In\u00edcio\",\"item\":\"https:\\\/\\\/blogs.multimeios.ufc.br\\\/fernandacarmo\\\/\"},{\"@type\":\"ListItem\",\"position\":2,\"name\":\"Revistas de Educa\u00e7\u00e3o e Tecnologias\"}]},{\"@type\":\"WebSite\",\"@id\":\"https:\\\/\\\/blogs.multimeios.ufc.br\\\/fernandacarmo\\\/#website\",\"url\":\"https:\\\/\\\/blogs.multimeios.ufc.br\\\/fernandacarmo\\\/\",\"name\":\"Blog da Fernanda\",\"description\":\"\",\"potentialAction\":[{\"@type\":\"SearchAction\",\"target\":{\"@type\":\"EntryPoint\",\"urlTemplate\":\"https:\\\/\\\/blogs.multimeios.ufc.br\\\/fernandacarmo\\\/?s={search_term_string}\"},\"query-input\":{\"@type\":\"PropertyValueSpecification\",\"valueRequired\":true,\"valueName\":\"search_term_string\"}}],\"inLanguage\":\"pt-BR\"}]}<\/script>\n<!-- \/ Yoast SEO plugin. -->","yoast_head_json":{"title":"Blog da Fernanda - Revistas de Educa\u00e7\u00e3o e Tecnologias","description":"Lista de algumas revistas que abordam o tema Educa\u00e7\u00e3o e Tecnologias, separadas de acordo com sua estratifica\u00e7\u00e3o\/qualis.","robots":{"index":"index","follow":"follow","max-snippet":"max-snippet:-1","max-image-preview":"max-image-preview:large","max-video-preview":"max-video-preview:-1"},"canonical":"https:\/\/blogs.multimeios.ufc.br\/fernandacarmo\/revistas-de-educacao-e-tecnologias\/","og_locale":"pt_BR","og_type":"article","og_title":"Blog da Fernanda - Revistas de Educa\u00e7\u00e3o e Tecnologias","og_description":"Lista de algumas revistas que abordam o tema Educa\u00e7\u00e3o e Tecnologias, separadas de acordo com sua estratifica\u00e7\u00e3o\/qualis.","og_url":"https:\/\/blogs.multimeios.ufc.br\/fernandacarmo\/revistas-de-educacao-e-tecnologias\/","og_site_name":"Blog da Fernanda","article_modified_time":"2024-04-30T01:31:19+00:00","twitter_card":"summary_large_image","twitter_misc":{"Est. tempo de leitura":"1 minuto"},"schema":{"@context":"https:\/\/schema.org","@graph":[{"@type":"WebPage","@id":"https:\/\/blogs.multimeios.ufc.br\/fernandacarmo\/revistas-de-educacao-e-tecnologias\/","url":"https:\/\/blogs.multimeios.ufc.br\/fernandacarmo\/revistas-de-educacao-e-tecnologias\/","name":"Blog da Fernanda - Revistas de Educa\u00e7\u00e3o e Tecnologias","isPartOf":{"@id":"https:\/\/blogs.multimeios.ufc.br\/fernandacarmo\/#website"},"datePublished":"2024-02-26T19:04:43+00:00","dateModified":"2024-04-30T01:31:19+00:00","description":"Lista de algumas revistas que abordam o tema Educa\u00e7\u00e3o e Tecnologias, separadas de acordo com sua estratifica\u00e7\u00e3o\/qualis.","breadcrumb":{"@id":"https:\/\/blogs.multimeios.ufc.br\/fernandacarmo\/revistas-de-educacao-e-tecnologias\/#breadcrumb"},"inLanguage":"pt-BR","potentialAction":[{"@type":"ReadAction","target":["https:\/\/blogs.multimeios.ufc.br\/fernandacarmo\/revistas-de-educacao-e-tecnologias\/"]}]},{"@type":"BreadcrumbList","@id":"https:\/\/blogs.multimeios.ufc.br\/fernandacarmo\/revistas-de-educacao-e-tecnologias\/#breadcrumb","itemListElement":[{"@type":"ListItem","position":1,"name":"In\u00edcio","item":"https:\/\/blogs.multimeios.ufc.br\/fernandacarmo\/"},{"@type":"ListItem","position":2,"name":"Revistas de Educa\u00e7\u00e3o e Tecnologias"}]},{"@type":"WebSite","@id":"https:\/\/blogs.multimeios.ufc.br\/fernandacarmo\/#website","url":"https:\/\/blogs.multimeios.ufc.br\/fernandacarmo\/","name":"Blog da Fernanda","description":"","potentialAction":[{"@type":"SearchAction","target":{"@type":"EntryPoint","urlTemplate":"https:\/\/blogs.multimeios.ufc.br\/fernandacarmo\/?s={search_term_string}"},"query-input":{"@type":"PropertyValueSpecification","valueRequired":true,"valueName":"search_term_string"}}],"inLanguage":"pt-BR"}]}},"_links":{"self":[{"href":"https:\/\/blogs.multimeios.ufc.br\/fernandacarmo\/wp-json\/wp\/v2\/pages\/4810","targetHints":{"allow":["GET"]}}],"collection":[{"href":"https:\/\/blogs.multimeios.ufc.br\/fernandacarmo\/wp-json\/wp\/v2\/pages"}],"about":[{"href":"https:\/\/blogs.multimeios.ufc.br\/fernandacarmo\/wp-json\/wp\/v2\/types\/page"}],"author":[{"embeddable":true,"href":"https:\/\/blogs.multimeios.ufc.br\/fernandacarmo\/wp-json\/wp\/v2\/users\/23"}],"replies":[{"embeddable":true,"href":"https:\/\/blogs.multimeios.ufc.br\/fernandacarmo\/wp-json\/wp\/v2\/comments?post=4810"}],"version-history":[{"count":25,"href":"https:\/\/blogs.multimeios.ufc.br\/fernandacarmo\/wp-json\/wp\/v2\/pages\/4810\/revisions"}],"predecessor-version":[{"id":4854,"href":"https:\/\/blogs.multimeios.ufc.br\/fernandacarmo\/wp-json\/wp\/v2\/pages\/4810\/revisions\/4854"}],"wp:attachment":[{"href":"https:\/\/blogs.multimeios.ufc.br\/fernandacarmo\/wp-json\/wp\/v2\/media?parent=4810"}],"curies":[{"name":"wp","href":"https:\/\/api.w.org\/{rel}","templated":true}]}}