{"id":5202,"date":"2024-08-17T12:50:34","date_gmt":"2024-08-17T15:50:34","guid":{"rendered":"https:\/\/blogs.multimeios.ufc.br\/fernandacarmo\/?page_id=5202"},"modified":"2024-08-17T15:07:36","modified_gmt":"2024-08-17T18:07:36","slug":"novidades-1","status":"publish","type":"page","link":"https:\/\/blogs.multimeios.ufc.br\/fernandacarmo\/novidades-1\/","title":{"rendered":"Novidades! (1)"},"content":{"rendered":"\n<div class=\"wp-block-query is-layout-flow wp-block-query-is-layout-flow\"><ul class=\"wp-block-post-template is-layout-flow wp-block-post-template-is-layout-flow\"><li class=\"wp-block-post post-5402 post type-post status-publish format-standard hentry category-sem-categoria\">\n<h2 class=\"wp-block-post-title\"><a href=\"https:\/\/blogs.multimeios.ufc.br\/fernandacarmo\/2026\/03\/17\/sendo-noticia-no-smc-e-na-sertao-tv\/\" target=\"_self\" >Sendo not\u00edcia no SMC+ e na Sert\u00e3o TV<\/a><\/h2>\n\n\n<div class=\"wp-block-group alignwide\"><div class=\"wp-block-group__inner-container is-layout-constrained wp-block-group-is-layout-constrained\">\n<div class=\"wp-block-group alignwide is-layout-grid wp-container-core-group-is-layout-8d2db683 wp-block-group-is-layout-grid\"><\/div>\n<\/div><\/div>\n\n\n<div class=\"wp-block-post-excerpt\"><p class=\"wp-block-post-excerpt__excerpt\">Oi, pessoal! Esta semana recebi um abra\u00e7o caloroso (mesmo de longe) da minha cidade natal: Quixeramobim! Agrade\u00e7o o reconhecimento da minha trajet\u00f3ria por um dos maiores canais de comunica\u00e7\u00e3o da regi\u00e3o, o Sistema Maior de Comunica\u00e7\u00e3o (SMC+) e a Sert\u00e3o &hellip; Continue lendo &rarr; <\/p><\/div>\n\n\n<hr class=\"wp-block-separator has-css-opacity\"\/>\n\n\n<div class=\"wp-block-post-date\"><time datetime=\"2026-03-17T14:40:25-03:00\">17 de mar\u00e7o de 2026<\/time><\/div>\n<\/li><li class=\"wp-block-post post-5395 post type-post status-publish format-standard hentry category-sem-categoria\">\n<h2 class=\"wp-block-post-title\"><a href=\"https:\/\/blogs.multimeios.ufc.br\/fernandacarmo\/2026\/01\/13\/doutorado-sanduiche-em-portugal\/\" target=\"_self\" >Doutorado Sandu\u00edche em Portugal<\/a><\/h2>\n\n\n<div class=\"wp-block-group alignwide\"><div class=\"wp-block-group__inner-container is-layout-constrained wp-block-group-is-layout-constrained\">\n<div class=\"wp-block-group alignwide is-layout-grid wp-container-core-group-is-layout-8d2db683 wp-block-group-is-layout-grid\"><\/div>\n<\/div><\/div>\n\n\n<div class=\"wp-block-post-excerpt\"><p class=\"wp-block-post-excerpt__excerpt\">Cheguei em Portugal para o meu Doutorado Sandu\u00edche!!! <\/p><\/div>\n\n\n<hr class=\"wp-block-separator has-css-opacity\"\/>\n\n\n<div class=\"wp-block-post-date\"><time datetime=\"2026-01-13T09:58:56-03:00\">13 de janeiro de 2026<\/time><\/div>\n<\/li><li class=\"wp-block-post post-5378 post type-post status-publish format-standard hentry category-sem-categoria\">\n<h2 class=\"wp-block-post-title\"><a href=\"https:\/\/blogs.multimeios.ufc.br\/fernandacarmo\/2025\/09\/16\/convite-3\/\" target=\"_self\" >Convite!<\/a><\/h2>\n\n\n<div class=\"wp-block-group alignwide\"><div class=\"wp-block-group__inner-container is-layout-constrained wp-block-group-is-layout-constrained\">\n<div class=\"wp-block-group alignwide is-layout-grid wp-container-core-group-is-layout-8d2db683 wp-block-group-is-layout-grid\"><\/div>\n<\/div><\/div>\n\n\n<div class=\"wp-block-post-excerpt\"><p class=\"wp-block-post-excerpt__excerpt\">A primeira qualifica\u00e7\u00e3o de doutorado de Fernanda Carmo ocorrer\u00e1 no dia 29\/09\/2025, segunda-feira, \u00e0s 14h. O tema do estudo \u00e9 O desenvolvimento do Pensamento Cr\u00edtico e Criativo por meio da Sequ\u00eancia Fedathi. A qualifica\u00e7\u00e3o ser\u00e1 na Sala MultiMeios NUPER, na &hellip; Continue lendo &rarr; <\/p><\/div>\n\n\n<hr class=\"wp-block-separator has-css-opacity\"\/>\n\n\n<div class=\"wp-block-post-date\"><time datetime=\"2025-09-16T08:41:34-03:00\">16 de setembro de 2025<\/time><\/div>\n<\/li><\/ul><\/div>\n","protected":false},"excerpt":{"rendered":"","protected":false},"author":23,"featured_media":0,"parent":0,"menu_order":0,"comment_status":"closed","ping_status":"closed","template":"onecolumn-page.php","meta":{"footnotes":""},"class_list":["post-5202","page","type-page","status-publish","hentry"],"yoast_head":"<!-- This site is optimized with the Yoast SEO plugin v27.4 - https:\/\/yoast.com\/product\/yoast-seo-wordpress\/ -->\n<title>Novidades! (1) - Blog da Fernanda<\/title>\n<meta name=\"robots\" content=\"index, follow, max-snippet:-1, max-image-preview:large, max-video-preview:-1\" \/>\n<link rel=\"canonical\" href=\"https:\/\/blogs.multimeios.ufc.br\/fernandacarmo\/novidades-1\/\" \/>\n<meta property=\"og:locale\" content=\"pt_BR\" \/>\n<meta property=\"og:type\" content=\"article\" \/>\n<meta property=\"og:title\" content=\"Novidades! (1) - Blog da Fernanda\" \/>\n<meta property=\"og:url\" content=\"https:\/\/blogs.multimeios.ufc.br\/fernandacarmo\/novidades-1\/\" \/>\n<meta property=\"og:site_name\" content=\"Blog da Fernanda\" \/>\n<meta property=\"article:modified_time\" content=\"2024-08-17T18:07:36+00:00\" \/>\n<meta name=\"twitter:card\" content=\"summary_large_image\" \/>\n<script type=\"application\/ld+json\" class=\"yoast-schema-graph\">{\"@context\":\"https:\\\/\\\/schema.org\",\"@graph\":[{\"@type\":\"WebPage\",\"@id\":\"https:\\\/\\\/blogs.multimeios.ufc.br\\\/fernandacarmo\\\/novidades-1\\\/\",\"url\":\"https:\\\/\\\/blogs.multimeios.ufc.br\\\/fernandacarmo\\\/novidades-1\\\/\",\"name\":\"Novidades! (1) - Blog da Fernanda\",\"isPartOf\":{\"@id\":\"https:\\\/\\\/blogs.multimeios.ufc.br\\\/fernandacarmo\\\/#website\"},\"datePublished\":\"2024-08-17T15:50:34+00:00\",\"dateModified\":\"2024-08-17T18:07:36+00:00\",\"breadcrumb\":{\"@id\":\"https:\\\/\\\/blogs.multimeios.ufc.br\\\/fernandacarmo\\\/novidades-1\\\/#breadcrumb\"},\"inLanguage\":\"pt-BR\",\"potentialAction\":[{\"@type\":\"ReadAction\",\"target\":[\"https:\\\/\\\/blogs.multimeios.ufc.br\\\/fernandacarmo\\\/novidades-1\\\/\"]}]},{\"@type\":\"BreadcrumbList\",\"@id\":\"https:\\\/\\\/blogs.multimeios.ufc.br\\\/fernandacarmo\\\/novidades-1\\\/#breadcrumb\",\"itemListElement\":[{\"@type\":\"ListItem\",\"position\":1,\"name\":\"In\u00edcio\",\"item\":\"https:\\\/\\\/blogs.multimeios.ufc.br\\\/fernandacarmo\\\/\"},{\"@type\":\"ListItem\",\"position\":2,\"name\":\"Novidades! (1)\"}]},{\"@type\":\"WebSite\",\"@id\":\"https:\\\/\\\/blogs.multimeios.ufc.br\\\/fernandacarmo\\\/#website\",\"url\":\"https:\\\/\\\/blogs.multimeios.ufc.br\\\/fernandacarmo\\\/\",\"name\":\"Blog da Fernanda\",\"description\":\"\",\"potentialAction\":[{\"@type\":\"SearchAction\",\"target\":{\"@type\":\"EntryPoint\",\"urlTemplate\":\"https:\\\/\\\/blogs.multimeios.ufc.br\\\/fernandacarmo\\\/?s={search_term_string}\"},\"query-input\":{\"@type\":\"PropertyValueSpecification\",\"valueRequired\":true,\"valueName\":\"search_term_string\"}}],\"inLanguage\":\"pt-BR\"}]}<\/script>\n<!-- \/ Yoast SEO plugin. -->","yoast_head_json":{"title":"Novidades! (1) - Blog da Fernanda","robots":{"index":"index","follow":"follow","max-snippet":"max-snippet:-1","max-image-preview":"max-image-preview:large","max-video-preview":"max-video-preview:-1"},"canonical":"https:\/\/blogs.multimeios.ufc.br\/fernandacarmo\/novidades-1\/","og_locale":"pt_BR","og_type":"article","og_title":"Novidades! (1) - Blog da Fernanda","og_url":"https:\/\/blogs.multimeios.ufc.br\/fernandacarmo\/novidades-1\/","og_site_name":"Blog da Fernanda","article_modified_time":"2024-08-17T18:07:36+00:00","twitter_card":"summary_large_image","schema":{"@context":"https:\/\/schema.org","@graph":[{"@type":"WebPage","@id":"https:\/\/blogs.multimeios.ufc.br\/fernandacarmo\/novidades-1\/","url":"https:\/\/blogs.multimeios.ufc.br\/fernandacarmo\/novidades-1\/","name":"Novidades! (1) - Blog da Fernanda","isPartOf":{"@id":"https:\/\/blogs.multimeios.ufc.br\/fernandacarmo\/#website"},"datePublished":"2024-08-17T15:50:34+00:00","dateModified":"2024-08-17T18:07:36+00:00","breadcrumb":{"@id":"https:\/\/blogs.multimeios.ufc.br\/fernandacarmo\/novidades-1\/#breadcrumb"},"inLanguage":"pt-BR","potentialAction":[{"@type":"ReadAction","target":["https:\/\/blogs.multimeios.ufc.br\/fernandacarmo\/novidades-1\/"]}]},{"@type":"BreadcrumbList","@id":"https:\/\/blogs.multimeios.ufc.br\/fernandacarmo\/novidades-1\/#breadcrumb","itemListElement":[{"@type":"ListItem","position":1,"name":"In\u00edcio","item":"https:\/\/blogs.multimeios.ufc.br\/fernandacarmo\/"},{"@type":"ListItem","position":2,"name":"Novidades! (1)"}]},{"@type":"WebSite","@id":"https:\/\/blogs.multimeios.ufc.br\/fernandacarmo\/#website","url":"https:\/\/blogs.multimeios.ufc.br\/fernandacarmo\/","name":"Blog da Fernanda","description":"","potentialAction":[{"@type":"SearchAction","target":{"@type":"EntryPoint","urlTemplate":"https:\/\/blogs.multimeios.ufc.br\/fernandacarmo\/?s={search_term_string}"},"query-input":{"@type":"PropertyValueSpecification","valueRequired":true,"valueName":"search_term_string"}}],"inLanguage":"pt-BR"}]}},"_links":{"self":[{"href":"https:\/\/blogs.multimeios.ufc.br\/fernandacarmo\/wp-json\/wp\/v2\/pages\/5202","targetHints":{"allow":["GET"]}}],"collection":[{"href":"https:\/\/blogs.multimeios.ufc.br\/fernandacarmo\/wp-json\/wp\/v2\/pages"}],"about":[{"href":"https:\/\/blogs.multimeios.ufc.br\/fernandacarmo\/wp-json\/wp\/v2\/types\/page"}],"author":[{"embeddable":true,"href":"https:\/\/blogs.multimeios.ufc.br\/fernandacarmo\/wp-json\/wp\/v2\/users\/23"}],"replies":[{"embeddable":true,"href":"https:\/\/blogs.multimeios.ufc.br\/fernandacarmo\/wp-json\/wp\/v2\/comments?post=5202"}],"version-history":[{"count":16,"href":"https:\/\/blogs.multimeios.ufc.br\/fernandacarmo\/wp-json\/wp\/v2\/pages\/5202\/revisions"}],"predecessor-version":[{"id":5234,"href":"https:\/\/blogs.multimeios.ufc.br\/fernandacarmo\/wp-json\/wp\/v2\/pages\/5202\/revisions\/5234"}],"wp:attachment":[{"href":"https:\/\/blogs.multimeios.ufc.br\/fernandacarmo\/wp-json\/wp\/v2\/media?parent=5202"}],"curies":[{"name":"wp","href":"https:\/\/api.w.org\/{rel}","templated":true}]}}