{"id":5252,"date":"2024-08-18T12:28:26","date_gmt":"2024-08-18T15:28:26","guid":{"rendered":"https:\/\/blogs.multimeios.ufc.br\/fernandacarmo\/?page_id=5252"},"modified":"2024-08-18T13:44:56","modified_gmt":"2024-08-18T16:44:56","slug":"dissertacao-sumario","status":"publish","type":"page","link":"https:\/\/blogs.multimeios.ufc.br\/fernandacarmo\/dissertacao-sumario\/","title":{"rendered":"SUM\u00c1RIO"},"content":{"rendered":"\n<p>\u00a0<\/p>\n<table style=\"height: 277px; width: 100%; border-collapse: collapse; border-color: #ffffff;\">\n<tbody>\n<tr style=\"height: 37px;\">\n<td style=\"width: 12.3881%; border-color: #ffffff; padding-right: 0px; text-align: left; vertical-align: middle; height: 37px;\"><strong>\u00a0<\/strong><\/td>\n<td style=\"width: 87.6119%; border-color: #ffffff; padding-left: 0px; text-align: left; vertical-align: middle; height: 37px;\"><strong><a href=\"http:\/\/blogs.multimeios.ufc.br\/fernandacarmo\/dissertacao-resumo\/\">RESUMO<\/a><br \/><\/strong><\/td>\n<\/tr>\n<tr style=\"height: 20px;\">\n<td style=\"width: 12.3881%; border-color: #ffffff; height: 20px; padding-right: 0px; text-align: left; vertical-align: middle;\"><a href=\"http:\/\/blogs.multimeios.ufc.br\/fernandacarmo\/dissertacao-1-introducao\/\"><strong>1<\/strong><\/a><\/td>\n<td style=\"width: 87.6119%; border-color: #ffffff; height: 20px; padding-left: 0px; text-align: left; vertical-align: middle;\"><a href=\"http:\/\/blogs.multimeios.ufc.br\/fernandacarmo\/dissertacao-1-introducao\/\"><strong>INTRODU\u00c7\u00c3O<\/strong><\/a><\/td>\n<\/tr>\n<tr style=\"height: 20px;\">\n<td style=\"width: 12.3881%; border-color: #ffffff; height: 20px; padding-right: 0px; text-align: left; vertical-align: middle;\"><a href=\"http:\/\/blogs.multimeios.ufc.br\/fernandacarmo\/dissertacao-2-referencial-teorico\/\"><strong>2<\/strong><\/a><\/td>\n<td style=\"width: 87.6119%; border-color: #ffffff; height: 20px; padding-left: 0px; text-align: left; vertical-align: middle;\"><a href=\"http:\/\/blogs.multimeios.ufc.br\/fernandacarmo\/dissertacao-2-referencial-teorico\/\"><strong>REFERENCIAL TE\u00d3RICO<\/strong><\/a><\/td>\n<\/tr>\n<tr style=\"height: 20px;\">\n<td style=\"width: 12.3881%; border-color: #ffffff; height: 20px; padding-right: 0px; text-align: left; vertical-align: middle;\"><a href=\"http:\/\/blogs.multimeios.ufc.br\/fernandacarmo\/dissertacao-2-1-a-metodologia-de-ensino-sequencia-fedathi\/\"><strong>2.1<\/strong><\/a><\/td>\n<td style=\"width: 87.6119%; border-color: #ffffff; height: 20px; padding-left: 0px; text-align: left; vertical-align: middle;\"><a href=\"http:\/\/blogs.multimeios.ufc.br\/fernandacarmo\/dissertacao-2-1-a-metodologia-de-ensino-sequencia-fedathi\/\"><strong>A metodologia de ensino Sequ\u00eancia Fedathi<\/strong><\/a><\/td>\n<\/tr>\n<tr style=\"height: 20px;\">\n<td style=\"width: 12.3881%; border-color: #ffffff; height: 20px; padding-right: 0px; text-align: left; vertical-align: middle;\"><a href=\"http:\/\/blogs.multimeios.ufc.br\/fernandacarmo\/dissertacao-2-2-a-educacao-a-distancia-do-laboratorio-multimeios\/\"><strong>2.2<\/strong><\/a><\/td>\n<td style=\"width: 87.6119%; border-color: #ffffff; height: 20px; padding-left: 0px; text-align: left; vertical-align: middle;\"><a href=\"http:\/\/blogs.multimeios.ufc.br\/fernandacarmo\/dissertacao-2-2-a-educacao-a-distancia-do-laboratorio-multimeios\/\"><strong>A Educa\u00e7\u00e3o a Dist\u00e2ncia do Laborat\u00f3rio MultiMeios<\/strong><\/a><\/td>\n<\/tr>\n<tr style=\"height: 20px;\">\n<td style=\"width: 12.3881%; border-color: #ffffff; height: 20px; padding-right: 0px; text-align: left; vertical-align: middle;\"><strong><a href=\"http:\/\/blogs.multimeios.ufc.br\/fernandacarmo\/dissertacao-2-3-grandezas-e-medidas\/\">2.3<\/a><\/strong><\/td>\n<td style=\"width: 87.6119%; border-color: #ffffff; height: 20px; padding-left: 0px; text-align: left; vertical-align: middle;\"><strong><a href=\"http:\/\/blogs.multimeios.ufc.br\/fernandacarmo\/dissertacao-2-3-grandezas-e-medidas\/\">Grandezas e Medidas<\/a><\/strong><\/td>\n<\/tr>\n<tr style=\"height: 20px;\">\n<td style=\"width: 12.3881%; border-color: #ffffff; height: 20px; padding-right: 0px; text-align: left; vertical-align: middle;\"><strong><a href=\"http:\/\/blogs.multimeios.ufc.br\/fernandacarmo\/dissertacao-2-3-1-grandeza\/\">2.3.1<\/a><\/strong><\/td>\n<td style=\"width: 87.6119%; border-color: #ffffff; height: 20px; padding-left: 0px; text-align: left; vertical-align: middle;\"><em><strong><a href=\"http:\/\/blogs.multimeios.ufc.br\/fernandacarmo\/dissertacao-2-3-1-grandeza\/\">Grandeza<\/a><\/strong><\/em><\/td>\n<\/tr>\n<tr style=\"height: 20px;\">\n<td style=\"width: 12.3881%; border-color: #ffffff; height: 20px; padding-right: 0px; text-align: left; vertical-align: middle;\"><strong><a href=\"http:\/\/blogs.multimeios.ufc.br\/fernandacarmo\/dissertacao-2-3-2-medida\/\">2.3.2<\/a><\/strong><\/td>\n<td style=\"width: 87.6119%; border-color: #ffffff; height: 20px; padding-left: 0px; text-align: left; vertical-align: middle;\"><em><strong><a href=\"http:\/\/blogs.multimeios.ufc.br\/fernandacarmo\/dissertacao-2-3-2-medida\/\">Medida<\/a><\/strong><\/em><\/td>\n<\/tr>\n<tr style=\"height: 20px;\">\n<td style=\"width: 12.3881%; border-color: #ffffff; height: 20px; padding-right: 0px; text-align: left; vertical-align: middle;\"><strong><a href=\"http:\/\/blogs.multimeios.ufc.br\/fernandacarmo\/dissertacao-2-3-3-medida-de-area\/\">2.3.3<\/a><\/strong><\/td>\n<td style=\"width: 87.6119%; border-color: #ffffff; height: 20px; padding-left: 0px; text-align: left; vertical-align: middle;\"><em><strong><a href=\"http:\/\/blogs.multimeios.ufc.br\/fernandacarmo\/dissertacao-2-3-3-medida-de-area\/\">Medida de \u00c1rea<\/a><\/strong><\/em><\/td>\n<\/tr>\n<tr style=\"height: 20px;\">\n<td style=\"width: 12.3881%; border-color: #ffffff; height: 20px; padding-right: 0px; text-align: left; vertical-align: middle;\"><a href=\"http:\/\/blogs.multimeios.ufc.br\/fernandacarmo\/dissertacao-3-metodologia\/\"><strong>3<\/strong><\/a><\/td>\n<td style=\"width: 87.6119%; border-color: #ffffff; height: 20px; padding-left: 0px; text-align: left; vertical-align: middle;\"><a href=\"http:\/\/blogs.multimeios.ufc.br\/fernandacarmo\/dissertacao-3-metodologia\/\"><strong>METODOLOGIA<\/strong><\/a><\/td>\n<\/tr>\n<tr style=\"height: 20px;\">\n<td style=\"width: 12.3881%; border-color: #ffffff; height: 20px; padding-right: 0px; text-align: left; vertical-align: middle;\"><a href=\"http:\/\/blogs.multimeios.ufc.br\/fernandacarmo\/dissertacao-4-proposta-didatica-para-o-ensino-do-conceito-de-medida-e-desenho-no-ave-moodle-multimeios\/\"><strong>4<\/strong><\/a><\/td>\n<td style=\"width: 87.6119%; border-color: #ffffff; height: 20px; padding-left: 0px; text-align: justify; vertical-align: middle;\"><strong><a href=\"http:\/\/blogs.multimeios.ufc.br\/fernandacarmo\/dissertacao-4-proposta-didatica-para-o-ensino-do-conceito-de-medida-e-desenho-no-ave-moodle-multimeios\/\">PROPOSTA DID\u00c1TICA PARA O ENSINO DO CONCEITO DE MEDIDA E DESENHO NO AVE MOODLE MULTIMEIOS<\/a><\/strong><\/td>\n<\/tr>\n<tr style=\"height: 20px;\">\n<td style=\"width: 12.3881%; border-color: #ffffff; height: 20px; padding-right: 0px; text-align: left; vertical-align: middle;\"><a href=\"http:\/\/blogs.multimeios.ufc.br\/fernandacarmo\/dissertacao-5-consideracoes-finais\/\"><strong>5<\/strong><\/a><\/td>\n<td style=\"width: 87.6119%; border-color: #ffffff; height: 20px; padding-left: 0px; text-align: left; vertical-align: middle;\"><strong><a href=\"http:\/\/blogs.multimeios.ufc.br\/fernandacarmo\/dissertacao-5-consideracoes-finais\/\">CONSIDERA\u00c7\u00d5ES FINAIS<\/a><\/strong><\/td>\n<\/tr>\n<tr style=\"height: 20px;\">\n<td style=\"width: 12.3881%; border-color: #ffffff; height: 20px; padding-right: 0px; text-align: left; vertical-align: middle;\"><strong>\u00a0<\/strong><\/td>\n<td style=\"width: 87.6119%; border-color: #ffffff; height: 20px; padding-left: 0px; text-align: left; vertical-align: middle;\"><a href=\"http:\/\/blogs.multimeios.ufc.br\/fernandacarmo\/dissertacao-referencias\/\"><strong>REFER\u00caNCIAS<\/strong><\/a><\/td>\n<\/tr>\n<\/tbody>\n<\/table>\n<p>\u00a0<\/p>\n<table style=\"width: 100%; border-collapse: collapse; border-color: #ffffff; height: 91px;\">\n<tbody>\n<tr>\n<td style=\"width: 33.3333%; border-color: #ffffff; text-align: center; padding: 0px;\">\n<h3 style=\"text-align: left;\"><br \/><br \/><\/h3>\n<\/td>\n<td style=\"width: 33.3333%; border-color: #ffffff; text-align: center; padding: 0px;\">\n<h3><a href=\"http:\/\/blogs.multimeios.ufc.br\/fernandacarmo\/dissertacao\/\"><img decoding=\"async\" class=\"alignnone wp-image-4540\" src=\"http:\/\/blogs.multimeios.ufc.br\/fernandacarmo\/files\/2023\/01\/Home_icon_green-1-300x300.png\" alt=\"\" width=\"30\" height=\"30\" srcset=\"https:\/\/blogs.multimeios.ufc.br\/fernandacarmo\/files\/2023\/01\/Home_icon_green-1-300x300.png 300w, https:\/\/blogs.multimeios.ufc.br\/fernandacarmo\/files\/2023\/01\/Home_icon_green-1-150x150.png 150w, https:\/\/blogs.multimeios.ufc.br\/fernandacarmo\/files\/2023\/01\/Home_icon_green-1.png 512w\" sizes=\"(max-width: 30px) 100vw, 30px\" \/><\/a><br \/>In\u00edcio<\/h3>\n<\/td>\n<td style=\"width: 33.3333%; border-color: #ffffff; text-align: center; padding: 0px;\">\n<h3 style=\"text-align: right;\"><a href=\"https:\/\/blogs.multimeios.ufc.br\/fernandacarmo\/dissertacao-resumo\/\"><img decoding=\"async\" class=\"alignnone wp-image-4538\" src=\"http:\/\/blogs.multimeios.ufc.br\/fernandacarmo\/files\/2023\/01\/botao-para-a-direita-300x300.png\" alt=\"\" width=\"30\" height=\"30\" srcset=\"https:\/\/blogs.multimeios.ufc.br\/fernandacarmo\/files\/2023\/01\/botao-para-a-direita-300x300.png 300w, https:\/\/blogs.multimeios.ufc.br\/fernandacarmo\/files\/2023\/01\/botao-para-a-direita-150x150.png 150w, https:\/\/blogs.multimeios.ufc.br\/fernandacarmo\/files\/2023\/01\/botao-para-a-direita.png 512w\" sizes=\"(max-width: 30px) 100vw, 30px\" \/><\/a><br \/>Resumo<\/h3>\n<\/td>\n<\/tr>\n<\/tbody>\n<\/table>\n","protected":false},"excerpt":{"rendered":"<p>\u00a0 \u00a0 RESUMO 1 INTRODU\u00c7\u00c3O 2 REFERENCIAL TE\u00d3RICO 2.1 A metodologia de ensino Sequ\u00eancia Fedathi 2.2 A Educa\u00e7\u00e3o a Dist\u00e2ncia do Laborat\u00f3rio MultiMeios 2.3 Grandezas e Medidas 2.3.1 Grandeza 2.3.2 Medida 2.3.3 Medida de \u00c1rea 3 METODOLOGIA 4 PROPOSTA DID\u00c1TICA &hellip; <a href=\"https:\/\/blogs.multimeios.ufc.br\/fernandacarmo\/dissertacao-sumario\/\">Continue lendo <span class=\"meta-nav\">&rarr;<\/span><\/a><\/p>\n","protected":false},"author":23,"featured_media":0,"parent":0,"menu_order":0,"comment_status":"closed","ping_status":"closed","template":"","meta":{"footnotes":""},"class_list":["post-5252","page","type-page","status-publish","hentry"],"yoast_head":"<!-- This site is optimized with the Yoast SEO plugin v27.4 - https:\/\/yoast.com\/product\/yoast-seo-wordpress\/ -->\n<title>SUM\u00c1RIO - Blog da Fernanda<\/title>\n<meta name=\"robots\" content=\"index, follow, max-snippet:-1, max-image-preview:large, max-video-preview:-1\" \/>\n<link rel=\"canonical\" href=\"http:\/\/blogs.multimeios.ufc.br\/fernandacarmo\/dissertacao-sumario\/\" \/>\n<meta property=\"og:locale\" content=\"pt_BR\" \/>\n<meta property=\"og:type\" content=\"article\" \/>\n<meta property=\"og:title\" content=\"SUM\u00c1RIO - Blog da Fernanda\" \/>\n<meta property=\"og:description\" content=\"\u00a0 \u00a0 RESUMO 1 INTRODU\u00c7\u00c3O 2 REFERENCIAL TE\u00d3RICO 2.1 A metodologia de ensino Sequ\u00eancia Fedathi 2.2 A Educa\u00e7\u00e3o a Dist\u00e2ncia do Laborat\u00f3rio MultiMeios 2.3 Grandezas e Medidas 2.3.1 Grandeza 2.3.2 Medida 2.3.3 Medida de \u00c1rea 3 METODOLOGIA 4 PROPOSTA DID\u00c1TICA &hellip; Continue lendo &rarr;\" \/>\n<meta property=\"og:url\" content=\"http:\/\/blogs.multimeios.ufc.br\/fernandacarmo\/dissertacao-sumario\/\" \/>\n<meta property=\"og:site_name\" content=\"Blog da Fernanda\" \/>\n<meta property=\"article:modified_time\" content=\"2024-08-18T16:44:56+00:00\" \/>\n<meta property=\"og:image\" content=\"http:\/\/blogs.multimeios.ufc.br\/fernandacarmo\/files\/2023\/01\/Home_icon_green-1-300x300.png\" \/>\n<meta name=\"twitter:card\" content=\"summary_large_image\" \/>\n<meta name=\"twitter:label1\" content=\"Est. tempo de leitura\" \/>\n\t<meta name=\"twitter:data1\" content=\"1 minuto\" \/>\n<script type=\"application\/ld+json\" class=\"yoast-schema-graph\">{\"@context\":\"https:\\\/\\\/schema.org\",\"@graph\":[{\"@type\":\"WebPage\",\"@id\":\"http:\\\/\\\/blogs.multimeios.ufc.br\\\/fernandacarmo\\\/dissertacao-sumario\\\/\",\"url\":\"http:\\\/\\\/blogs.multimeios.ufc.br\\\/fernandacarmo\\\/dissertacao-sumario\\\/\",\"name\":\"SUM\u00c1RIO - Blog da Fernanda\",\"isPartOf\":{\"@id\":\"https:\\\/\\\/blogs.multimeios.ufc.br\\\/fernandacarmo\\\/#website\"},\"primaryImageOfPage\":{\"@id\":\"http:\\\/\\\/blogs.multimeios.ufc.br\\\/fernandacarmo\\\/dissertacao-sumario\\\/#primaryimage\"},\"image\":{\"@id\":\"http:\\\/\\\/blogs.multimeios.ufc.br\\\/fernandacarmo\\\/dissertacao-sumario\\\/#primaryimage\"},\"thumbnailUrl\":\"http:\\\/\\\/blogs.multimeios.ufc.br\\\/fernandacarmo\\\/files\\\/2023\\\/01\\\/Home_icon_green-1-300x300.png\",\"datePublished\":\"2024-08-18T15:28:26+00:00\",\"dateModified\":\"2024-08-18T16:44:56+00:00\",\"breadcrumb\":{\"@id\":\"http:\\\/\\\/blogs.multimeios.ufc.br\\\/fernandacarmo\\\/dissertacao-sumario\\\/#breadcrumb\"},\"inLanguage\":\"pt-BR\",\"potentialAction\":[{\"@type\":\"ReadAction\",\"target\":[\"http:\\\/\\\/blogs.multimeios.ufc.br\\\/fernandacarmo\\\/dissertacao-sumario\\\/\"]}]},{\"@type\":\"ImageObject\",\"inLanguage\":\"pt-BR\",\"@id\":\"http:\\\/\\\/blogs.multimeios.ufc.br\\\/fernandacarmo\\\/dissertacao-sumario\\\/#primaryimage\",\"url\":\"https:\\\/\\\/blogs.multimeios.ufc.br\\\/fernandacarmo\\\/files\\\/2023\\\/01\\\/Home_icon_green-1.png\",\"contentUrl\":\"https:\\\/\\\/blogs.multimeios.ufc.br\\\/fernandacarmo\\\/files\\\/2023\\\/01\\\/Home_icon_green-1.png\",\"width\":512,\"height\":512},{\"@type\":\"BreadcrumbList\",\"@id\":\"http:\\\/\\\/blogs.multimeios.ufc.br\\\/fernandacarmo\\\/dissertacao-sumario\\\/#breadcrumb\",\"itemListElement\":[{\"@type\":\"ListItem\",\"position\":1,\"name\":\"In\u00edcio\",\"item\":\"https:\\\/\\\/blogs.multimeios.ufc.br\\\/fernandacarmo\\\/\"},{\"@type\":\"ListItem\",\"position\":2,\"name\":\"SUM\u00c1RIO\"}]},{\"@type\":\"WebSite\",\"@id\":\"https:\\\/\\\/blogs.multimeios.ufc.br\\\/fernandacarmo\\\/#website\",\"url\":\"https:\\\/\\\/blogs.multimeios.ufc.br\\\/fernandacarmo\\\/\",\"name\":\"Blog da Fernanda\",\"description\":\"\",\"potentialAction\":[{\"@type\":\"SearchAction\",\"target\":{\"@type\":\"EntryPoint\",\"urlTemplate\":\"https:\\\/\\\/blogs.multimeios.ufc.br\\\/fernandacarmo\\\/?s={search_term_string}\"},\"query-input\":{\"@type\":\"PropertyValueSpecification\",\"valueRequired\":true,\"valueName\":\"search_term_string\"}}],\"inLanguage\":\"pt-BR\"}]}<\/script>\n<!-- \/ Yoast SEO plugin. -->","yoast_head_json":{"title":"SUM\u00c1RIO - Blog da Fernanda","robots":{"index":"index","follow":"follow","max-snippet":"max-snippet:-1","max-image-preview":"max-image-preview:large","max-video-preview":"max-video-preview:-1"},"canonical":"http:\/\/blogs.multimeios.ufc.br\/fernandacarmo\/dissertacao-sumario\/","og_locale":"pt_BR","og_type":"article","og_title":"SUM\u00c1RIO - Blog da Fernanda","og_description":"\u00a0 \u00a0 RESUMO 1 INTRODU\u00c7\u00c3O 2 REFERENCIAL TE\u00d3RICO 2.1 A metodologia de ensino Sequ\u00eancia Fedathi 2.2 A Educa\u00e7\u00e3o a Dist\u00e2ncia do Laborat\u00f3rio MultiMeios 2.3 Grandezas e Medidas 2.3.1 Grandeza 2.3.2 Medida 2.3.3 Medida de \u00c1rea 3 METODOLOGIA 4 PROPOSTA DID\u00c1TICA &hellip; Continue lendo &rarr;","og_url":"http:\/\/blogs.multimeios.ufc.br\/fernandacarmo\/dissertacao-sumario\/","og_site_name":"Blog da Fernanda","article_modified_time":"2024-08-18T16:44:56+00:00","og_image":[{"url":"http:\/\/blogs.multimeios.ufc.br\/fernandacarmo\/files\/2023\/01\/Home_icon_green-1-300x300.png","type":"","width":"","height":""}],"twitter_card":"summary_large_image","twitter_misc":{"Est. tempo de leitura":"1 minuto"},"schema":{"@context":"https:\/\/schema.org","@graph":[{"@type":"WebPage","@id":"http:\/\/blogs.multimeios.ufc.br\/fernandacarmo\/dissertacao-sumario\/","url":"http:\/\/blogs.multimeios.ufc.br\/fernandacarmo\/dissertacao-sumario\/","name":"SUM\u00c1RIO - Blog da Fernanda","isPartOf":{"@id":"https:\/\/blogs.multimeios.ufc.br\/fernandacarmo\/#website"},"primaryImageOfPage":{"@id":"http:\/\/blogs.multimeios.ufc.br\/fernandacarmo\/dissertacao-sumario\/#primaryimage"},"image":{"@id":"http:\/\/blogs.multimeios.ufc.br\/fernandacarmo\/dissertacao-sumario\/#primaryimage"},"thumbnailUrl":"http:\/\/blogs.multimeios.ufc.br\/fernandacarmo\/files\/2023\/01\/Home_icon_green-1-300x300.png","datePublished":"2024-08-18T15:28:26+00:00","dateModified":"2024-08-18T16:44:56+00:00","breadcrumb":{"@id":"http:\/\/blogs.multimeios.ufc.br\/fernandacarmo\/dissertacao-sumario\/#breadcrumb"},"inLanguage":"pt-BR","potentialAction":[{"@type":"ReadAction","target":["http:\/\/blogs.multimeios.ufc.br\/fernandacarmo\/dissertacao-sumario\/"]}]},{"@type":"ImageObject","inLanguage":"pt-BR","@id":"http:\/\/blogs.multimeios.ufc.br\/fernandacarmo\/dissertacao-sumario\/#primaryimage","url":"https:\/\/blogs.multimeios.ufc.br\/fernandacarmo\/files\/2023\/01\/Home_icon_green-1.png","contentUrl":"https:\/\/blogs.multimeios.ufc.br\/fernandacarmo\/files\/2023\/01\/Home_icon_green-1.png","width":512,"height":512},{"@type":"BreadcrumbList","@id":"http:\/\/blogs.multimeios.ufc.br\/fernandacarmo\/dissertacao-sumario\/#breadcrumb","itemListElement":[{"@type":"ListItem","position":1,"name":"In\u00edcio","item":"https:\/\/blogs.multimeios.ufc.br\/fernandacarmo\/"},{"@type":"ListItem","position":2,"name":"SUM\u00c1RIO"}]},{"@type":"WebSite","@id":"https:\/\/blogs.multimeios.ufc.br\/fernandacarmo\/#website","url":"https:\/\/blogs.multimeios.ufc.br\/fernandacarmo\/","name":"Blog da Fernanda","description":"","potentialAction":[{"@type":"SearchAction","target":{"@type":"EntryPoint","urlTemplate":"https:\/\/blogs.multimeios.ufc.br\/fernandacarmo\/?s={search_term_string}"},"query-input":{"@type":"PropertyValueSpecification","valueRequired":true,"valueName":"search_term_string"}}],"inLanguage":"pt-BR"}]}},"_links":{"self":[{"href":"https:\/\/blogs.multimeios.ufc.br\/fernandacarmo\/wp-json\/wp\/v2\/pages\/5252","targetHints":{"allow":["GET"]}}],"collection":[{"href":"https:\/\/blogs.multimeios.ufc.br\/fernandacarmo\/wp-json\/wp\/v2\/pages"}],"about":[{"href":"https:\/\/blogs.multimeios.ufc.br\/fernandacarmo\/wp-json\/wp\/v2\/types\/page"}],"author":[{"embeddable":true,"href":"https:\/\/blogs.multimeios.ufc.br\/fernandacarmo\/wp-json\/wp\/v2\/users\/23"}],"replies":[{"embeddable":true,"href":"https:\/\/blogs.multimeios.ufc.br\/fernandacarmo\/wp-json\/wp\/v2\/comments?post=5252"}],"version-history":[{"count":7,"href":"https:\/\/blogs.multimeios.ufc.br\/fernandacarmo\/wp-json\/wp\/v2\/pages\/5252\/revisions"}],"predecessor-version":[{"id":5298,"href":"https:\/\/blogs.multimeios.ufc.br\/fernandacarmo\/wp-json\/wp\/v2\/pages\/5252\/revisions\/5298"}],"wp:attachment":[{"href":"https:\/\/blogs.multimeios.ufc.br\/fernandacarmo\/wp-json\/wp\/v2\/media?parent=5252"}],"curies":[{"name":"wp","href":"https:\/\/api.w.org\/{rel}","templated":true}]}}