{"id":12,"date":"2018-02-15T12:35:22","date_gmt":"2018-02-15T14:35:22","guid":{"rendered":"http:\/\/blogs.multimeios.ufc.br\/ensf\/?page_id=12"},"modified":"2018-08-27T23:06:20","modified_gmt":"2018-08-28T02:06:20","slug":"programacao-do-evento","status":"publish","type":"page","link":"https:\/\/blogs.multimeios.ufc.br\/iensf\/programacao-do-evento\/","title":{"rendered":"Programa\u00e7\u00e3o"},"content":{"rendered":"<ul>\n<li>\n<h3><strong>27\/08\/2018 (Segunda-Feira)<\/strong><\/h3>\n<\/li>\n<\/ul>\n<h3><strong>\u00a0<\/strong>14h \u2013 17h &#8211; Credenciamento e exposi\u00e7\u00e3o dos P\u00f4steres selecionados.<\/h3>\n<h3>17h &#8211; Abertura (Coffee Break) com evento cultural ; Lan\u00e7amento de livros &#8211;\u00a0 Sequ\u00eancia Fedathi: Fundamentos \/Livro do GEM\u00b2: Tecendo redes de experi\u00eancias cognitivas: reflex\u00f5es entre a teoria e a pr\u00e1tica.<\/h3>\n<h3>18h \u2013 20h Palestra de abertura: Origens e epistemologia da Sequ\u00eancia Fedathi \u2013 Prof. Dr. Herm\u00ednio \u00a0Borges Neto e Prof.\u00aa Dra. Ana Maria I\u00f3rio Dias.<\/h3>\n<h3><strong>*Os P\u00f4sters ficar\u00e3o expostos durante todo o evento.<\/strong><\/h3>\n<h3><\/h3>\n<ul>\n<li>\n<h3><strong>\u00a0<\/strong><strong>28\/08\/2018 (Ter\u00e7a-Feira)<\/strong><\/h3>\n<\/li>\n<\/ul>\n<h3><strong>\u00a0<\/strong>8h &#8211; 10h30 &#8211; \u00a0Mesa redonda do Eixo Tem\u00e1tico 1 &#8211; <strong>Sequ\u00eancia Fedathi e o ensino de matem\u00e1tica:<\/strong> <em>Prof.\u00aa Dra. Maria Jos\u00e9 Costa dos Santos (UFC), Prof.\u00aa Dra. Ivoneide Pinheiro de Lima (UECE) e Prof. Dr. Adelmir de Menezes Juc\u00e1 (UNI7) .<\/em><strong><br \/>\n<\/strong><\/h3>\n<h3 style=\"text-align: center\">10h30 \u2013 10h45 \u2013 Intervalo<\/h3>\n<h3>10h45 -12h &#8211; \u00a0Mesa redonda do Eixo Tem\u00e1tico 2 &#8211; <strong>Sequ\u00eancia Fedathi e as tecnologias digitais: <\/strong><em>Prof.\u00aa Dra. Ant\u00f4nia Lis de Maria M. Torres (UFC), Prof.\u00aa Dra. Maria Jos\u00e9 Ara\u00fajo Sousa (UVA) e Prof. Dr. Jos\u00e9 Rog\u00e9rio Santana (UFC).<br \/>\n<\/em><\/h3>\n<h3 style=\"text-align: center\">12h &#8211; Intervalo do almo\u00e7o<\/h3>\n<h3>14h -15h30 &#8211; \u00a0Mesa redonda do Eixo Tem\u00e1tico 3 &#8211; <strong>Sequ\u00eancia Fedathi e a forma\u00e7\u00e3o<\/strong> <strong>docente<\/strong>:<em> Prof.\u00aa Dra. Ana Cl\u00e1udia Mendon\u00e7a Pinheiro (IFCE\/Cedro), Prof. Dr. Edisom Eug\u00eanio de Sousa (Uece\/Quixad\u00e1) e Prof.\u00aa Dra. Viviane Pereira Lima Verde Leal (Funda\u00e7\u00e3o Dem\u00f3crito Rocha).<\/em><strong><br \/>\n<\/strong><\/h3>\n<h3 style=\"text-align: center\">15h30 \u2013 15h45 &#8211; \u00a0Intervalo<\/h3>\n<h3>15h45 \u2013 17h30 Mesa redonda do Eixo Tem\u00e1tico 4 &#8211; <strong> Sequ\u00eancia Fedathi e outras ci\u00eancias: <\/strong><em>Prof.\u00aa Dra. Rafaela Ponte Lisboa Cardoso (UNIFOR), Prof.\u00aa Dra. Nat\u00e1lia Maria Cordeiro Barroso (UFC) e Prof.\u00aa Dra. Janete Barroso Batista (UNI7)<br \/>\n<\/em><\/h3>\n<h3 style=\"text-align: center\">17h30 \u2013 18h \u2013 Intervalo \u2013 Coffee Break<\/h3>\n<h3>18h \u2013 20h\u00a0 \u00a0Palestra de encerramento: <strong>Perspectivas de estudos futuros com a Sequ\u00eancia Fedathi &#8211; <\/strong><em>Prof. Herm\u00ednio Borges Neto<br \/>\n<\/em><\/h3>\n<h3><strong>*Os P\u00f4sters ficar\u00e3o expostos durante todo o evento.<\/strong><\/h3>\n<p><a href=\"https:\/\/www.youtube.com\/user\/multimeiosufc\">TRANSMISS\u00c3O AO VIVO!!!! CLIQUE AQUI!!!<\/a> e n\u00e3o esque\u00e7a de se inscrever no canal do YouTube &#8220;Multimeios UFC&#8221; para acompanhar todas as transmiss\u00f5es!<\/p>\n<h3><\/h3>\n","protected":false},"excerpt":{"rendered":"<p>27\/08\/2018 (Segunda-Feira) \u00a014h \u2013 17h &#8211; Credenciamento e exposi\u00e7\u00e3o dos P\u00f4steres selecionados. 17h &#8211; Abertura (Coffee Break) com evento cultural ; Lan\u00e7amento de livros &#8211;\u00a0 Sequ\u00eancia Fedathi: Fundamentos \/Livro do GEM\u00b2: Tecendo redes de experi\u00eancias cognitivas: reflex\u00f5es entre a teoria &hellip; <a href=\"https:\/\/blogs.multimeios.ufc.br\/iensf\/programacao-do-evento\/\">Continue lendo <span class=\"meta-nav\">&rarr;<\/span><\/a><\/p>\n","protected":false},"author":14,"featured_media":0,"parent":0,"menu_order":0,"comment_status":"closed","ping_status":"closed","template":"","meta":{"footnotes":""},"class_list":["post-12","page","type-page","status-publish","hentry"],"yoast_head":"<!-- This site is optimized with the Yoast SEO plugin v27.3 - https:\/\/yoast.com\/product\/yoast-seo-wordpress\/ -->\n<title>Programa\u00e7\u00e3o - I Encontro Nacional da Sequ\u00eancia Fedathi<\/title>\n<meta name=\"robots\" content=\"index, follow, max-snippet:-1, max-image-preview:large, max-video-preview:-1\" \/>\n<link rel=\"canonical\" href=\"https:\/\/blogs.multimeios.ufc.br\/iensf\/programacao-do-evento\/\" \/>\n<meta property=\"og:locale\" content=\"pt_BR\" \/>\n<meta property=\"og:type\" content=\"article\" \/>\n<meta property=\"og:title\" content=\"Programa\u00e7\u00e3o - I Encontro Nacional da Sequ\u00eancia Fedathi\" \/>\n<meta property=\"og:description\" content=\"27\/08\/2018 (Segunda-Feira) \u00a014h \u2013 17h &#8211; Credenciamento e exposi\u00e7\u00e3o dos P\u00f4steres selecionados. 17h &#8211; Abertura (Coffee Break) com evento cultural ; Lan\u00e7amento de livros &#8211;\u00a0 Sequ\u00eancia Fedathi: Fundamentos \/Livro do GEM\u00b2: Tecendo redes de experi\u00eancias cognitivas: reflex\u00f5es entre a teoria &hellip; Continue lendo &rarr;\" \/>\n<meta property=\"og:url\" content=\"https:\/\/blogs.multimeios.ufc.br\/iensf\/programacao-do-evento\/\" \/>\n<meta property=\"og:site_name\" content=\"I Encontro Nacional da Sequ\u00eancia Fedathi\" \/>\n<meta property=\"article:modified_time\" content=\"2018-08-28T02:06:20+00:00\" \/>\n<meta name=\"twitter:card\" content=\"summary_large_image\" \/>\n<meta name=\"twitter:label1\" content=\"Est. tempo de leitura\" \/>\n\t<meta name=\"twitter:data1\" content=\"2 minutos\" \/>\n<script type=\"application\/ld+json\" class=\"yoast-schema-graph\">{\"@context\":\"https:\\\/\\\/schema.org\",\"@graph\":[{\"@type\":\"WebPage\",\"@id\":\"https:\\\/\\\/blogs.multimeios.ufc.br\\\/iensf\\\/programacao-do-evento\\\/\",\"url\":\"https:\\\/\\\/blogs.multimeios.ufc.br\\\/iensf\\\/programacao-do-evento\\\/\",\"name\":\"Programa\u00e7\u00e3o - I Encontro Nacional da Sequ\u00eancia Fedathi\",\"isPartOf\":{\"@id\":\"https:\\\/\\\/blogs.multimeios.ufc.br\\\/iensf\\\/#website\"},\"datePublished\":\"2018-02-15T14:35:22+00:00\",\"dateModified\":\"2018-08-28T02:06:20+00:00\",\"inLanguage\":\"pt-BR\",\"potentialAction\":[{\"@type\":\"ReadAction\",\"target\":[\"https:\\\/\\\/blogs.multimeios.ufc.br\\\/iensf\\\/programacao-do-evento\\\/\"]}]},{\"@type\":\"WebSite\",\"@id\":\"https:\\\/\\\/blogs.multimeios.ufc.br\\\/iensf\\\/#website\",\"url\":\"https:\\\/\\\/blogs.multimeios.ufc.br\\\/iensf\\\/\",\"name\":\"I Encontro Nacional da Sequ\u00eancia Fedathi\",\"description\":\"Sequ\u00eancia Fedathi: 30 anos contribuindo com o ensino e a pesquisa para al\u00e9m das Ci\u00eancias Exatas\",\"potentialAction\":[{\"@type\":\"SearchAction\",\"target\":{\"@type\":\"EntryPoint\",\"urlTemplate\":\"https:\\\/\\\/blogs.multimeios.ufc.br\\\/iensf\\\/?s={search_term_string}\"},\"query-input\":{\"@type\":\"PropertyValueSpecification\",\"valueRequired\":true,\"valueName\":\"search_term_string\"}}],\"inLanguage\":\"pt-BR\"}]}<\/script>\n<!-- \/ Yoast SEO plugin. -->","yoast_head_json":{"title":"Programa\u00e7\u00e3o - I Encontro Nacional da Sequ\u00eancia Fedathi","robots":{"index":"index","follow":"follow","max-snippet":"max-snippet:-1","max-image-preview":"max-image-preview:large","max-video-preview":"max-video-preview:-1"},"canonical":"https:\/\/blogs.multimeios.ufc.br\/iensf\/programacao-do-evento\/","og_locale":"pt_BR","og_type":"article","og_title":"Programa\u00e7\u00e3o - I Encontro Nacional da Sequ\u00eancia Fedathi","og_description":"27\/08\/2018 (Segunda-Feira) \u00a014h \u2013 17h &#8211; Credenciamento e exposi\u00e7\u00e3o dos P\u00f4steres selecionados. 17h &#8211; Abertura (Coffee Break) com evento cultural ; Lan\u00e7amento de livros &#8211;\u00a0 Sequ\u00eancia Fedathi: Fundamentos \/Livro do GEM\u00b2: Tecendo redes de experi\u00eancias cognitivas: reflex\u00f5es entre a teoria &hellip; Continue lendo &rarr;","og_url":"https:\/\/blogs.multimeios.ufc.br\/iensf\/programacao-do-evento\/","og_site_name":"I Encontro Nacional da Sequ\u00eancia Fedathi","article_modified_time":"2018-08-28T02:06:20+00:00","twitter_card":"summary_large_image","twitter_misc":{"Est. tempo de leitura":"2 minutos"},"schema":{"@context":"https:\/\/schema.org","@graph":[{"@type":"WebPage","@id":"https:\/\/blogs.multimeios.ufc.br\/iensf\/programacao-do-evento\/","url":"https:\/\/blogs.multimeios.ufc.br\/iensf\/programacao-do-evento\/","name":"Programa\u00e7\u00e3o - I Encontro Nacional da Sequ\u00eancia Fedathi","isPartOf":{"@id":"https:\/\/blogs.multimeios.ufc.br\/iensf\/#website"},"datePublished":"2018-02-15T14:35:22+00:00","dateModified":"2018-08-28T02:06:20+00:00","inLanguage":"pt-BR","potentialAction":[{"@type":"ReadAction","target":["https:\/\/blogs.multimeios.ufc.br\/iensf\/programacao-do-evento\/"]}]},{"@type":"WebSite","@id":"https:\/\/blogs.multimeios.ufc.br\/iensf\/#website","url":"https:\/\/blogs.multimeios.ufc.br\/iensf\/","name":"I Encontro Nacional da Sequ\u00eancia Fedathi","description":"Sequ\u00eancia Fedathi: 30 anos contribuindo com o ensino e a pesquisa para al\u00e9m das Ci\u00eancias Exatas","potentialAction":[{"@type":"SearchAction","target":{"@type":"EntryPoint","urlTemplate":"https:\/\/blogs.multimeios.ufc.br\/iensf\/?s={search_term_string}"},"query-input":{"@type":"PropertyValueSpecification","valueRequired":true,"valueName":"search_term_string"}}],"inLanguage":"pt-BR"}]}},"_links":{"self":[{"href":"https:\/\/blogs.multimeios.ufc.br\/iensf\/wp-json\/wp\/v2\/pages\/12","targetHints":{"allow":["GET"]}}],"collection":[{"href":"https:\/\/blogs.multimeios.ufc.br\/iensf\/wp-json\/wp\/v2\/pages"}],"about":[{"href":"https:\/\/blogs.multimeios.ufc.br\/iensf\/wp-json\/wp\/v2\/types\/page"}],"author":[{"embeddable":true,"href":"https:\/\/blogs.multimeios.ufc.br\/iensf\/wp-json\/wp\/v2\/users\/14"}],"replies":[{"embeddable":true,"href":"https:\/\/blogs.multimeios.ufc.br\/iensf\/wp-json\/wp\/v2\/comments?post=12"}],"version-history":[{"count":24,"href":"https:\/\/blogs.multimeios.ufc.br\/iensf\/wp-json\/wp\/v2\/pages\/12\/revisions"}],"predecessor-version":[{"id":339,"href":"https:\/\/blogs.multimeios.ufc.br\/iensf\/wp-json\/wp\/v2\/pages\/12\/revisions\/339"}],"wp:attachment":[{"href":"https:\/\/blogs.multimeios.ufc.br\/iensf\/wp-json\/wp\/v2\/media?parent=12"}],"curies":[{"name":"wp","href":"https:\/\/api.w.org\/{rel}","templated":true}]}}