{"id":207,"date":"2018-06-06T12:40:25","date_gmt":"2018-06-06T15:40:25","guid":{"rendered":"http:\/\/blogs.multimeios.ufc.br\/ensf\/?page_id=207"},"modified":"2018-08-24T19:18:32","modified_gmt":"2018-08-24T22:18:32","slug":"eixos-tematicos","status":"publish","type":"page","link":"https:\/\/blogs.multimeios.ufc.br\/iensf\/eixos-tematicos\/","title":{"rendered":"Eixos Tem\u00e1ticos"},"content":{"rendered":"<ul>\n<li>\n<h4><strong>Eixo Tem\u00e1tico 1<\/strong> &#8211; <strong>Sequ\u00eancia Fedathi e o ensino de matem\u00e1tica<\/strong><\/h4>\n<\/li>\n<\/ul>\n<h4><strong>Coordena\u00e7\u00e3o:<\/strong> Maria Jos\u00e9 Costa dos Santos, Ivoneide Pinheiro de Lima, Nat\u00e1lia Maria Cordeiro Barroso.<\/h4>\n<h4><strong>Ementa:<\/strong> esse eixo tem como foco o estudo e a pesquisa relacionados \u00e0 forma\u00e7\u00e3o e desenvolvimento profissional de alunos, professores e colaboradores para a discuss\u00e3o e divulga\u00e7\u00e3o do ensino de matem\u00e1tica nos diferentes n\u00edveis e modalidades de ensino educacionais com aplica\u00e7\u00f5es da metodologia de ensino Sequ\u00eancia Fedathi.<\/h4>\n<ul>\n<li>\n<h4><strong>Eixo Tem\u00e1tico 2 &#8211; Sequ\u00eancia Fedathi e as tecnologias digitais<\/strong><\/h4>\n<\/li>\n<\/ul>\n<h4><strong>Coordena\u00e7\u00e3o:<\/strong> Ant\u00f4nia Lis de Maria Torres Martins, Jos\u00e9 Rog\u00e9rio Santana e Maria Jos\u00e9 Ara\u00fajo Souza<br \/>\n<strong>Ementa<\/strong>: esse eixo tem como foco estudos e experi\u00eancias que abordem o uso amplos das tecnologias (uso de softwares, applets, tecnologias m\u00f3veis, TV Digital, ambientes educacionais) na forma\u00e7\u00e3o de alunos, professores e colaboradores nos diferentes n\u00edveis de ensino e modalidades educacionais com foco na metodologia Sequ\u00eancia Fedathi.<\/h4>\n<ul>\n<li>\n<h4><strong>Eixo Tem\u00e1tico 3 &#8211; Sequ\u00eancia Fedathi e a forma\u00e7\u00e3o docente<\/strong><\/h4>\n<\/li>\n<\/ul>\n<h4><strong>Coordena\u00e7\u00e3o:<\/strong> Ana Cl\u00e1udia Mendon\u00e7a, Francisco Edisom Eug\u00eanio e Viviane Pereira Lima Verde Leal.<\/h4>\n<h4><strong>Ementa:<\/strong> esse eixo tem como foco discutir, divulgar e fomentar investiga\u00e7\u00f5es e debates cient\u00edficos referentes \u00e0 forma\u00e7\u00e3o inicial e continuada dos professores de Matem\u00e1tica nos diferentes n\u00edveis e modalidades de ensino priorizando e direcionando os estudos, pesquisas e experi\u00eancias para os fen\u00f4menos da pr\u00e1tica docente com o uso da metodologia de ensino Sequ\u00eancia Fedathi.<\/h4>\n<ul>\n<li>\n<h4><strong>Eixo Tem\u00e1tico 4 &#8211; Sequ\u00eancia Fedathi e outras ci\u00eancias<br \/>\n<\/strong><\/h4>\n<\/li>\n<\/ul>\n<h4><strong>Coordena\u00e7\u00e3o:<\/strong> Rafaela Pontes Lisboa Cardoso, Janete Barroso Batista e Adelmir de Menezes Juc\u00e1<br \/>\n<strong>Ementa:<\/strong> esse eixo busca aprofundar quest\u00f5es ligadas ao ensino e \u00e0 aprendizagem em \u00e1reas distintas da que deu origem \u00e0 proposta de ensino Sequ\u00eancia Fedathi, a Matem\u00e1tica, permitindo ao leitor verificar a abrang\u00eancia de seu uso e algumas possibilidades de aplica\u00e7\u00e3o.<\/h4>\n","protected":false},"excerpt":{"rendered":"<p>Eixo Tem\u00e1tico 1 &#8211; Sequ\u00eancia Fedathi e o ensino de matem\u00e1tica Coordena\u00e7\u00e3o: Maria Jos\u00e9 Costa dos Santos, Ivoneide Pinheiro de Lima, Nat\u00e1lia Maria Cordeiro Barroso. Ementa: esse eixo tem como foco o estudo e a pesquisa relacionados \u00e0 forma\u00e7\u00e3o e &hellip; <a href=\"https:\/\/blogs.multimeios.ufc.br\/iensf\/eixos-tematicos\/\">Continue lendo <span class=\"meta-nav\">&rarr;<\/span><\/a><\/p>\n","protected":false},"author":13,"featured_media":0,"parent":0,"menu_order":0,"comment_status":"closed","ping_status":"closed","template":"","meta":{"footnotes":""},"class_list":["post-207","page","type-page","status-publish","hentry"],"yoast_head":"<!-- This site is optimized with the Yoast SEO plugin v27.5 - https:\/\/yoast.com\/product\/yoast-seo-wordpress\/ -->\n<title>Eixos Tem\u00e1ticos - I Encontro Nacional da Sequ\u00eancia Fedathi<\/title>\n<meta name=\"robots\" content=\"index, follow, max-snippet:-1, max-image-preview:large, max-video-preview:-1\" \/>\n<link rel=\"canonical\" href=\"https:\/\/blogs.multimeios.ufc.br\/iensf\/eixos-tematicos\/\" \/>\n<meta property=\"og:locale\" content=\"pt_BR\" \/>\n<meta property=\"og:type\" content=\"article\" \/>\n<meta property=\"og:title\" content=\"Eixos Tem\u00e1ticos - I Encontro Nacional da Sequ\u00eancia Fedathi\" \/>\n<meta property=\"og:description\" content=\"Eixo Tem\u00e1tico 1 &#8211; Sequ\u00eancia Fedathi e o ensino de matem\u00e1tica Coordena\u00e7\u00e3o: Maria Jos\u00e9 Costa dos Santos, Ivoneide Pinheiro de Lima, Nat\u00e1lia Maria Cordeiro Barroso. Ementa: esse eixo tem como foco o estudo e a pesquisa relacionados \u00e0 forma\u00e7\u00e3o e &hellip; Continue lendo &rarr;\" \/>\n<meta property=\"og:url\" content=\"https:\/\/blogs.multimeios.ufc.br\/iensf\/eixos-tematicos\/\" \/>\n<meta property=\"og:site_name\" content=\"I Encontro Nacional da Sequ\u00eancia Fedathi\" \/>\n<meta property=\"article:modified_time\" content=\"2018-08-24T22:18:32+00:00\" \/>\n<meta name=\"twitter:card\" content=\"summary_large_image\" \/>\n<meta name=\"twitter:label1\" content=\"Est. tempo de leitura\" \/>\n\t<meta name=\"twitter:data1\" content=\"2 minutos\" \/>\n<script type=\"application\/ld+json\" class=\"yoast-schema-graph\">{\"@context\":\"https:\\\/\\\/schema.org\",\"@graph\":[{\"@type\":\"WebPage\",\"@id\":\"https:\\\/\\\/blogs.multimeios.ufc.br\\\/iensf\\\/eixos-tematicos\\\/\",\"url\":\"https:\\\/\\\/blogs.multimeios.ufc.br\\\/iensf\\\/eixos-tematicos\\\/\",\"name\":\"Eixos Tem\u00e1ticos - I Encontro Nacional da Sequ\u00eancia Fedathi\",\"isPartOf\":{\"@id\":\"https:\\\/\\\/blogs.multimeios.ufc.br\\\/iensf\\\/#website\"},\"datePublished\":\"2018-06-06T15:40:25+00:00\",\"dateModified\":\"2018-08-24T22:18:32+00:00\",\"inLanguage\":\"pt-BR\",\"potentialAction\":[{\"@type\":\"ReadAction\",\"target\":[\"https:\\\/\\\/blogs.multimeios.ufc.br\\\/iensf\\\/eixos-tematicos\\\/\"]}]},{\"@type\":\"WebSite\",\"@id\":\"https:\\\/\\\/blogs.multimeios.ufc.br\\\/iensf\\\/#website\",\"url\":\"https:\\\/\\\/blogs.multimeios.ufc.br\\\/iensf\\\/\",\"name\":\"I Encontro Nacional da Sequ\u00eancia Fedathi\",\"description\":\"Sequ\u00eancia Fedathi: 30 anos contribuindo com o ensino e a pesquisa para al\u00e9m das Ci\u00eancias Exatas\",\"potentialAction\":[{\"@type\":\"SearchAction\",\"target\":{\"@type\":\"EntryPoint\",\"urlTemplate\":\"https:\\\/\\\/blogs.multimeios.ufc.br\\\/iensf\\\/?s={search_term_string}\"},\"query-input\":{\"@type\":\"PropertyValueSpecification\",\"valueRequired\":true,\"valueName\":\"search_term_string\"}}],\"inLanguage\":\"pt-BR\"}]}<\/script>\n<!-- \/ Yoast SEO plugin. -->","yoast_head_json":{"title":"Eixos Tem\u00e1ticos - I Encontro Nacional da Sequ\u00eancia Fedathi","robots":{"index":"index","follow":"follow","max-snippet":"max-snippet:-1","max-image-preview":"max-image-preview:large","max-video-preview":"max-video-preview:-1"},"canonical":"https:\/\/blogs.multimeios.ufc.br\/iensf\/eixos-tematicos\/","og_locale":"pt_BR","og_type":"article","og_title":"Eixos Tem\u00e1ticos - I Encontro Nacional da Sequ\u00eancia Fedathi","og_description":"Eixo Tem\u00e1tico 1 &#8211; Sequ\u00eancia Fedathi e o ensino de matem\u00e1tica Coordena\u00e7\u00e3o: Maria Jos\u00e9 Costa dos Santos, Ivoneide Pinheiro de Lima, Nat\u00e1lia Maria Cordeiro Barroso. Ementa: esse eixo tem como foco o estudo e a pesquisa relacionados \u00e0 forma\u00e7\u00e3o e &hellip; Continue lendo &rarr;","og_url":"https:\/\/blogs.multimeios.ufc.br\/iensf\/eixos-tematicos\/","og_site_name":"I Encontro Nacional da Sequ\u00eancia Fedathi","article_modified_time":"2018-08-24T22:18:32+00:00","twitter_card":"summary_large_image","twitter_misc":{"Est. tempo de leitura":"2 minutos"},"schema":{"@context":"https:\/\/schema.org","@graph":[{"@type":"WebPage","@id":"https:\/\/blogs.multimeios.ufc.br\/iensf\/eixos-tematicos\/","url":"https:\/\/blogs.multimeios.ufc.br\/iensf\/eixos-tematicos\/","name":"Eixos Tem\u00e1ticos - I Encontro Nacional da Sequ\u00eancia Fedathi","isPartOf":{"@id":"https:\/\/blogs.multimeios.ufc.br\/iensf\/#website"},"datePublished":"2018-06-06T15:40:25+00:00","dateModified":"2018-08-24T22:18:32+00:00","inLanguage":"pt-BR","potentialAction":[{"@type":"ReadAction","target":["https:\/\/blogs.multimeios.ufc.br\/iensf\/eixos-tematicos\/"]}]},{"@type":"WebSite","@id":"https:\/\/blogs.multimeios.ufc.br\/iensf\/#website","url":"https:\/\/blogs.multimeios.ufc.br\/iensf\/","name":"I Encontro Nacional da Sequ\u00eancia Fedathi","description":"Sequ\u00eancia Fedathi: 30 anos contribuindo com o ensino e a pesquisa para al\u00e9m das Ci\u00eancias Exatas","potentialAction":[{"@type":"SearchAction","target":{"@type":"EntryPoint","urlTemplate":"https:\/\/blogs.multimeios.ufc.br\/iensf\/?s={search_term_string}"},"query-input":{"@type":"PropertyValueSpecification","valueRequired":true,"valueName":"search_term_string"}}],"inLanguage":"pt-BR"}]}},"_links":{"self":[{"href":"https:\/\/blogs.multimeios.ufc.br\/iensf\/wp-json\/wp\/v2\/pages\/207","targetHints":{"allow":["GET"]}}],"collection":[{"href":"https:\/\/blogs.multimeios.ufc.br\/iensf\/wp-json\/wp\/v2\/pages"}],"about":[{"href":"https:\/\/blogs.multimeios.ufc.br\/iensf\/wp-json\/wp\/v2\/types\/page"}],"author":[{"embeddable":true,"href":"https:\/\/blogs.multimeios.ufc.br\/iensf\/wp-json\/wp\/v2\/users\/13"}],"replies":[{"embeddable":true,"href":"https:\/\/blogs.multimeios.ufc.br\/iensf\/wp-json\/wp\/v2\/comments?post=207"}],"version-history":[{"count":3,"href":"https:\/\/blogs.multimeios.ufc.br\/iensf\/wp-json\/wp\/v2\/pages\/207\/revisions"}],"predecessor-version":[{"id":336,"href":"https:\/\/blogs.multimeios.ufc.br\/iensf\/wp-json\/wp\/v2\/pages\/207\/revisions\/336"}],"wp:attachment":[{"href":"https:\/\/blogs.multimeios.ufc.br\/iensf\/wp-json\/wp\/v2\/media?parent=207"}],"curies":[{"name":"wp","href":"https:\/\/api.w.org\/{rel}","templated":true}]}}

Eixos Temáticos

<ul>
<li>
<h4><strong>Eixo Temático 1</strong> &#8211; <strong>Sequência Fedathi e o ensino de matemática</strong></h4>
</li>
</ul>
<h4><strong>Coordenação:</strong> Maria José Costa dos Santos, Ivoneide Pinheiro de Lima, Natália Maria Cordeiro Barroso.</h4>
<h4><strong>Ementa:</strong> esse eixo tem como foco o estudo e a pesquisa relacionados à formação e desenvolvimento profissional de alunos, professores e colaboradores para a discussão e divulgação do ensino de matemática nos diferentes níveis e modalidades de ensino educacionais com aplicações da metodologia de ensino Sequência Fedathi.</h4>
<ul>
<li>
<h4><strong>Eixo Temático 2 &#8211; Sequência Fedathi e as tecnologias digitais</strong></h4>
</li>
</ul>
<h4><strong>Coordenação:</strong> Antônia Lis de Maria Torres Martins, José Rogério Santana e Maria José Araújo Souza<br />
<strong>Ementa</strong>: esse eixo tem como foco estudos e experiências que abordem o uso amplos das tecnologias (uso de softwares, applets, tecnologias móveis, TV Digital, ambientes educacionais) na formação de alunos, professores e colaboradores nos diferentes níveis de ensino e modalidades educacionais com foco na metodologia Sequência Fedathi.</h4>
<ul>
<li>
<h4><strong>Eixo Temático 3 &#8211; Sequência Fedathi e a formação docente</strong></h4>
</li>
</ul>
<h4><strong>Coordenação:</strong> Ana Cláudia Mendonça, Francisco Edisom Eugênio e Viviane Pereira Lima Verde Leal.</h4>
<h4><strong>Ementa:</strong> esse eixo tem como foco discutir, divulgar e fomentar investigações e debates científicos referentes à formação inicial e continuada dos professores de Matemática nos diferentes níveis e modalidades de ensino priorizando e direcionando os estudos, pesquisas e experiências para os fenômenos da prática docente com o uso da metodologia de ensino Sequência Fedathi.</h4>
<ul>
<li>
<h4><strong>Eixo Temático 4 &#8211; Sequência Fedathi e outras ciências<br />
</strong></h4>
</li>
</ul>
<h4><strong>Coordenação:</strong> Rafaela Pontes Lisboa Cardoso, Janete Barroso Batista e Adelmir de Menezes Jucá<br />
<strong>Ementa:</strong> esse eixo busca aprofundar questões ligadas ao ensino e à aprendizagem em áreas distintas da que deu origem à proposta de ensino Sequência Fedathi, a Matemática, permitindo ao leitor verificar a abrangência de seu uso e algumas possibilidades de aplicação.</h4>

<p>Eixo Temático 1 &#8211; Sequência Fedathi e o ensino de matemática Coordenação: Maria José Costa dos Santos, Ivoneide Pinheiro de Lima, Natália Maria Cordeiro Barroso. Ementa: esse eixo tem como foco o estudo e a pesquisa relacionados à formação e &hellip; <a href="https://blogs.multimeios.ufc.br/iensf/eixos-tematicos/">Continue lendo <span class="meta-nav">&rarr;</span></a></p>

<!-- This site is optimized with the Yoast SEO plugin v27.5 - https://yoast.com/product/yoast-seo-wordpress/ -->
<title>Eixos Temáticos - I Encontro Nacional da Sequência Fedathi</title>
<meta name="robots" content="index, follow, max-snippet:-1, max-image-preview:large, max-video-preview:-1" />
<link rel="canonical" href="https://blogs.multimeios.ufc.br/iensf/eixos-tematicos/" />
<meta property="og:locale" content="pt_BR" />
<meta property="og:type" content="article" />
<meta property="og:title" content="Eixos Temáticos - I Encontro Nacional da Sequência Fedathi" />
<meta property="og:description" content="Eixo Temático 1 &#8211; Sequência Fedathi e o ensino de matemática Coordenação: Maria José Costa dos Santos, Ivoneide Pinheiro de Lima, Natália Maria Cordeiro Barroso. Ementa: esse eixo tem como foco o estudo e a pesquisa relacionados à formação e &hellip; Continue lendo &rarr;" />
<meta property="og:url" content="https://blogs.multimeios.ufc.br/iensf/eixos-tematicos/" />
<meta property="og:site_name" content="I Encontro Nacional da Sequência Fedathi" />
<meta property="article:modified_time" content="2018-08-24T22:18:32+00:00" />
<meta name="twitter:card" content="summary_large_image" />
<meta name="twitter:label1" content="Est. tempo de leitura" />
	<meta name="twitter:data1" content="2 minutos" />
<script type="application/ld+json" class="yoast-schema-graph">{"@context":"https:\/\/schema.org","@graph":[{"@type":"WebPage","@id":"https:\/\/blogs.multimeios.ufc.br\/iensf\/eixos-tematicos\/","url":"https:\/\/blogs.multimeios.ufc.br\/iensf\/eixos-tematicos\/","name":"Eixos Temáticos - I Encontro Nacional da Sequência Fedathi","isPartOf":{"@id":"https:\/\/blogs.multimeios.ufc.br\/iensf\/#website"},"datePublished":"2018-06-06T15:40:25+00:00","dateModified":"2018-08-24T22:18:32+00:00","inLanguage":"pt-BR","potentialAction":[{"@type":"ReadAction","target":["https:\/\/blogs.multimeios.ufc.br\/iensf\/eixos-tematicos\/"]}]},{"@type":"WebSite","@id":"https:\/\/blogs.multimeios.ufc.br\/iensf\/#website","url":"https:\/\/blogs.multimeios.ufc.br\/iensf\/","name":"I Encontro Nacional da Sequência Fedathi","description":"Sequência Fedathi: 30 anos contribuindo com o ensino e a pesquisa para além das Ciências Exatas","potentialAction":[{"@type":"SearchAction","target":{"@type":"EntryPoint","urlTemplate":"https:\/\/blogs.multimeios.ufc.br\/iensf\/?s={search_term_string}"},"query-input":{"@type":"PropertyValueSpecification","valueRequired":true,"valueName":"search_term_string"}}],"inLanguage":"pt-BR"}]}</script>
<!-- / Yoast SEO plugin. -->

Eixos Temáticos - I Encontro Nacional da Sequência Fedathi

Eixo Temático 1 &#8211; Sequência Fedathi e o ensino de matemática Coordenação: Maria José Costa dos Santos, Ivoneide Pinheiro de Lima, Natália Maria Cordeiro Barroso. Ementa: esse eixo tem como foco o estudo e a pesquisa relacionados à formação e &hellip; Continue lendo &rarr;

I Encontro Nacional da Sequência Fedathi

Sequência Fedathi: 30 anos contribuindo com o ensino e a pesquisa para além das Ciências Exatas
