{"id":63,"date":"2025-01-23T21:12:35","date_gmt":"2025-01-24T00:12:35","guid":{"rendered":"https:\/\/blogs.multimeios.ufc.br\/iiensf\/?page_id=63"},"modified":"2025-01-23T21:49:54","modified_gmt":"2025-01-24T00:49:54","slug":"programacao","status":"publish","type":"page","link":"https:\/\/blogs.multimeios.ufc.br\/iiensf\/programacao\/","title":{"rendered":"Programa\u00e7\u00e3o"},"content":{"rendered":"\n<p style=\"text-align: justify;\">O evento ocorrer\u00e1 nos dias <strong>25 e 26 de agosto de 2025<\/strong>. J\u00e1 coloca a\u00ed na sua agenda!<\/p>\n<p>Confira aqui as a\u00e7\u00f5es de cada dia em breve.<\/p>\n\n\n\n<div class=\"wp-block-columns is-layout-flex wp-container-core-columns-is-layout-9d6595d7 wp-block-columns-is-layout-flex\">\n<div class=\"wp-block-column is-layout-flow wp-block-column-is-layout-flow\">\n<h2 style=\"text-align: center;\">25 de agosto de 2025<\/h2>\n<\/div>\n\n\n\n<div class=\"wp-block-column is-layout-flow wp-block-column-is-layout-flow\">\n<h2 style=\"text-align: center;\">26 de agosto de 2025<\/h2>\n<\/div>\n<\/div>\n\n\n\n<p><\/p>\n","protected":false},"excerpt":{"rendered":"<p>O evento ocorrer\u00e1 nos dias 25 e 26 de agosto de 2025. J\u00e1 coloca a\u00ed na sua agenda! Confira aqui as a\u00e7\u00f5es de cada dia em breve. 25 de agosto de 2025 26 de agosto de 2025<\/p>\n","protected":false},"author":22,"featured_media":0,"parent":0,"menu_order":0,"comment_status":"closed","ping_status":"closed","template":"","meta":{"footnotes":""},"class_list":["post-63","page","type-page","status-publish","hentry"],"yoast_head":"<!-- This site is optimized with the Yoast SEO plugin v27.3 - https:\/\/yoast.com\/product\/yoast-seo-wordpress\/ -->\n<title>Programa\u00e7\u00e3o - II Encontro Nacional da Sequ\u00eancia Fedathi<\/title>\n<meta name=\"robots\" content=\"index, follow, max-snippet:-1, max-image-preview:large, max-video-preview:-1\" \/>\n<link rel=\"canonical\" href=\"https:\/\/blogs.multimeios.ufc.br\/iiensf\/programacao\/\" \/>\n<meta property=\"og:locale\" content=\"pt_BR\" \/>\n<meta property=\"og:type\" content=\"article\" \/>\n<meta property=\"og:title\" content=\"Programa\u00e7\u00e3o - II Encontro Nacional da Sequ\u00eancia Fedathi\" \/>\n<meta property=\"og:description\" content=\"O evento ocorrer\u00e1 nos dias 25 e 26 de agosto de 2025. J\u00e1 coloca a\u00ed na sua agenda! Confira aqui as a\u00e7\u00f5es de cada dia em breve. 25 de agosto de 2025 26 de agosto de 2025\" \/>\n<meta property=\"og:url\" content=\"https:\/\/blogs.multimeios.ufc.br\/iiensf\/programacao\/\" \/>\n<meta property=\"og:site_name\" content=\"II Encontro Nacional da Sequ\u00eancia Fedathi\" \/>\n<meta property=\"article:modified_time\" content=\"2025-01-24T00:49:54+00:00\" \/>\n<meta name=\"twitter:card\" content=\"summary_large_image\" \/>\n<meta name=\"twitter:label1\" content=\"Est. tempo de leitura\" \/>\n\t<meta name=\"twitter:data1\" content=\"1 minuto\" \/>\n<script type=\"application\/ld+json\" class=\"yoast-schema-graph\">{\"@context\":\"https:\\\/\\\/schema.org\",\"@graph\":[{\"@type\":\"WebPage\",\"@id\":\"https:\\\/\\\/blogs.multimeios.ufc.br\\\/iiensf\\\/programacao\\\/\",\"url\":\"https:\\\/\\\/blogs.multimeios.ufc.br\\\/iiensf\\\/programacao\\\/\",\"name\":\"Programa\u00e7\u00e3o - II Encontro Nacional da Sequ\u00eancia Fedathi\",\"isPartOf\":{\"@id\":\"https:\\\/\\\/blogs.multimeios.ufc.br\\\/iiensf\\\/#website\"},\"datePublished\":\"2025-01-24T00:12:35+00:00\",\"dateModified\":\"2025-01-24T00:49:54+00:00\",\"breadcrumb\":{\"@id\":\"https:\\\/\\\/blogs.multimeios.ufc.br\\\/iiensf\\\/programacao\\\/#breadcrumb\"},\"inLanguage\":\"pt-BR\",\"potentialAction\":[{\"@type\":\"ReadAction\",\"target\":[\"https:\\\/\\\/blogs.multimeios.ufc.br\\\/iiensf\\\/programacao\\\/\"]}]},{\"@type\":\"BreadcrumbList\",\"@id\":\"https:\\\/\\\/blogs.multimeios.ufc.br\\\/iiensf\\\/programacao\\\/#breadcrumb\",\"itemListElement\":[{\"@type\":\"ListItem\",\"position\":1,\"name\":\"In\u00edcio\",\"item\":\"https:\\\/\\\/blogs.multimeios.ufc.br\\\/iiensf\\\/\"},{\"@type\":\"ListItem\",\"position\":2,\"name\":\"Programa\u00e7\u00e3o\"}]},{\"@type\":\"WebSite\",\"@id\":\"https:\\\/\\\/blogs.multimeios.ufc.br\\\/iiensf\\\/#website\",\"url\":\"https:\\\/\\\/blogs.multimeios.ufc.br\\\/iiensf\\\/\",\"name\":\"II Encontro Nacional da Sequ\u00eancia Fedathi\",\"description\":\"\",\"potentialAction\":[{\"@type\":\"SearchAction\",\"target\":{\"@type\":\"EntryPoint\",\"urlTemplate\":\"https:\\\/\\\/blogs.multimeios.ufc.br\\\/iiensf\\\/?s={search_term_string}\"},\"query-input\":{\"@type\":\"PropertyValueSpecification\",\"valueRequired\":true,\"valueName\":\"search_term_string\"}}],\"inLanguage\":\"pt-BR\"}]}<\/script>\n<!-- \/ Yoast SEO plugin. -->","yoast_head_json":{"title":"Programa\u00e7\u00e3o - II Encontro Nacional da Sequ\u00eancia Fedathi","robots":{"index":"index","follow":"follow","max-snippet":"max-snippet:-1","max-image-preview":"max-image-preview:large","max-video-preview":"max-video-preview:-1"},"canonical":"https:\/\/blogs.multimeios.ufc.br\/iiensf\/programacao\/","og_locale":"pt_BR","og_type":"article","og_title":"Programa\u00e7\u00e3o - II Encontro Nacional da Sequ\u00eancia Fedathi","og_description":"O evento ocorrer\u00e1 nos dias 25 e 26 de agosto de 2025. J\u00e1 coloca a\u00ed na sua agenda! Confira aqui as a\u00e7\u00f5es de cada dia em breve. 25 de agosto de 2025 26 de agosto de 2025","og_url":"https:\/\/blogs.multimeios.ufc.br\/iiensf\/programacao\/","og_site_name":"II Encontro Nacional da Sequ\u00eancia Fedathi","article_modified_time":"2025-01-24T00:49:54+00:00","twitter_card":"summary_large_image","twitter_misc":{"Est. tempo de leitura":"1 minuto"},"schema":{"@context":"https:\/\/schema.org","@graph":[{"@type":"WebPage","@id":"https:\/\/blogs.multimeios.ufc.br\/iiensf\/programacao\/","url":"https:\/\/blogs.multimeios.ufc.br\/iiensf\/programacao\/","name":"Programa\u00e7\u00e3o - II Encontro Nacional da Sequ\u00eancia Fedathi","isPartOf":{"@id":"https:\/\/blogs.multimeios.ufc.br\/iiensf\/#website"},"datePublished":"2025-01-24T00:12:35+00:00","dateModified":"2025-01-24T00:49:54+00:00","breadcrumb":{"@id":"https:\/\/blogs.multimeios.ufc.br\/iiensf\/programacao\/#breadcrumb"},"inLanguage":"pt-BR","potentialAction":[{"@type":"ReadAction","target":["https:\/\/blogs.multimeios.ufc.br\/iiensf\/programacao\/"]}]},{"@type":"BreadcrumbList","@id":"https:\/\/blogs.multimeios.ufc.br\/iiensf\/programacao\/#breadcrumb","itemListElement":[{"@type":"ListItem","position":1,"name":"In\u00edcio","item":"https:\/\/blogs.multimeios.ufc.br\/iiensf\/"},{"@type":"ListItem","position":2,"name":"Programa\u00e7\u00e3o"}]},{"@type":"WebSite","@id":"https:\/\/blogs.multimeios.ufc.br\/iiensf\/#website","url":"https:\/\/blogs.multimeios.ufc.br\/iiensf\/","name":"II Encontro Nacional da Sequ\u00eancia Fedathi","description":"","potentialAction":[{"@type":"SearchAction","target":{"@type":"EntryPoint","urlTemplate":"https:\/\/blogs.multimeios.ufc.br\/iiensf\/?s={search_term_string}"},"query-input":{"@type":"PropertyValueSpecification","valueRequired":true,"valueName":"search_term_string"}}],"inLanguage":"pt-BR"}]}},"_links":{"self":[{"href":"https:\/\/blogs.multimeios.ufc.br\/iiensf\/wp-json\/wp\/v2\/pages\/63","targetHints":{"allow":["GET"]}}],"collection":[{"href":"https:\/\/blogs.multimeios.ufc.br\/iiensf\/wp-json\/wp\/v2\/pages"}],"about":[{"href":"https:\/\/blogs.multimeios.ufc.br\/iiensf\/wp-json\/wp\/v2\/types\/page"}],"author":[{"embeddable":true,"href":"https:\/\/blogs.multimeios.ufc.br\/iiensf\/wp-json\/wp\/v2\/users\/22"}],"replies":[{"embeddable":true,"href":"https:\/\/blogs.multimeios.ufc.br\/iiensf\/wp-json\/wp\/v2\/comments?post=63"}],"version-history":[{"count":4,"href":"https:\/\/blogs.multimeios.ufc.br\/iiensf\/wp-json\/wp\/v2\/pages\/63\/revisions"}],"predecessor-version":[{"id":86,"href":"https:\/\/blogs.multimeios.ufc.br\/iiensf\/wp-json\/wp\/v2\/pages\/63\/revisions\/86"}],"wp:attachment":[{"href":"https:\/\/blogs.multimeios.ufc.br\/iiensf\/wp-json\/wp\/v2\/media?parent=63"}],"curies":[{"name":"wp","href":"https:\/\/api.w.org\/{rel}","templated":true}]}}