{"id":93,"date":"2025-01-23T22:01:49","date_gmt":"2025-01-24T01:01:49","guid":{"rendered":"https:\/\/blogs.multimeios.ufc.br\/iiensf\/?page_id=93"},"modified":"2026-04-17T09:45:32","modified_gmt":"2026-04-17T12:45:32","slug":"realizacao","status":"publish","type":"page","link":"https:\/\/blogs.multimeios.ufc.br\/iiensf\/realizacao\/","title":{"rendered":"Realiza\u00e7\u00e3o"},"content":{"rendered":"\n<p><img decoding=\"async\" class=\"alignnone size-medium wp-image-40\" src=\"http:\/\/blogs.multimeios.ufc.br\/iiensf\/files\/2025\/01\/Logo-MM-sem-fundo-cortada-300x71.png\" alt=\"\" width=\"300\" height=\"71\" srcset=\"https:\/\/blogs.multimeios.ufc.br\/iiensf\/files\/2025\/01\/Logo-MM-sem-fundo-cortada-300x71.png 300w, https:\/\/blogs.multimeios.ufc.br\/iiensf\/files\/2025\/01\/Logo-MM-sem-fundo-cortada-768x182.png 768w, https:\/\/blogs.multimeios.ufc.br\/iiensf\/files\/2025\/01\/Logo-MM-sem-fundo-cortada.png 884w\" sizes=\"(max-width: 300px) 100vw, 300px\" \/><\/p>\n<h2><strong><br \/>Apoio:<\/strong><\/h2>\n<table style=\"border-collapse: collapse; width: 100%;\">\n<tbody>\n<tr>\n<td style=\"width: 50%; text-align: center;\"><img fetchpriority=\"high\" decoding=\"async\" class=\"alignnone size-medium wp-image-129\" src=\"http:\/\/blogs.multimeios.ufc.br\/iiensf\/files\/2026\/04\/funcap-logo-300x201.png\" alt=\"\" width=\"300\" height=\"201\" srcset=\"https:\/\/blogs.multimeios.ufc.br\/iiensf\/files\/2026\/04\/funcap-logo-300x201.png 300w, https:\/\/blogs.multimeios.ufc.br\/iiensf\/files\/2026\/04\/funcap-logo-1024x684.png 1024w, https:\/\/blogs.multimeios.ufc.br\/iiensf\/files\/2026\/04\/funcap-logo-768x513.png 768w, https:\/\/blogs.multimeios.ufc.br\/iiensf\/files\/2026\/04\/funcap-logo-1536x1027.png 1536w, https:\/\/blogs.multimeios.ufc.br\/iiensf\/files\/2026\/04\/funcap-logo.png 1969w\" sizes=\"(max-width: 300px) 100vw, 300px\" \/><\/td>\n<td style=\"width: 50%; text-align: center; vertical-align: middle;\"><img decoding=\"async\" class=\"alignnone size-medium wp-image-130\" src=\"http:\/\/blogs.multimeios.ufc.br\/iiensf\/files\/2026\/04\/brasao-ppge-300x78.png\" alt=\"\" width=\"300\" height=\"78\" srcset=\"https:\/\/blogs.multimeios.ufc.br\/iiensf\/files\/2026\/04\/brasao-ppge-300x78.png 300w, https:\/\/blogs.multimeios.ufc.br\/iiensf\/files\/2026\/04\/brasao-ppge.png 353w\" sizes=\"(max-width: 300px) 100vw, 300px\" \/><\/td>\n<\/tr>\n<\/tbody>\n<\/table>\n\n\n","protected":false},"excerpt":{"rendered":"<p>Apoio:<\/p>\n","protected":false},"author":22,"featured_media":0,"parent":0,"menu_order":0,"comment_status":"closed","ping_status":"closed","template":"","meta":{"footnotes":""},"class_list":["post-93","page","type-page","status-publish","hentry"],"yoast_head":"<!-- This site is optimized with the Yoast SEO plugin v27.4 - https:\/\/yoast.com\/product\/yoast-seo-wordpress\/ -->\n<title>Realiza\u00e7\u00e3o - II Encontro Nacional da Sequ\u00eancia Fedathi<\/title>\n<meta name=\"robots\" content=\"index, follow, max-snippet:-1, max-image-preview:large, max-video-preview:-1\" \/>\n<link rel=\"canonical\" href=\"https:\/\/blogs.multimeios.ufc.br\/iiensf\/realizacao\/\" \/>\n<meta property=\"og:locale\" content=\"pt_BR\" \/>\n<meta property=\"og:type\" content=\"article\" \/>\n<meta property=\"og:title\" content=\"Realiza\u00e7\u00e3o - II Encontro Nacional da Sequ\u00eancia Fedathi\" \/>\n<meta property=\"og:description\" content=\"Apoio:\" \/>\n<meta property=\"og:url\" content=\"https:\/\/blogs.multimeios.ufc.br\/iiensf\/realizacao\/\" \/>\n<meta property=\"og:site_name\" content=\"II Encontro Nacional da Sequ\u00eancia Fedathi\" \/>\n<meta property=\"article:modified_time\" content=\"2026-04-17T12:45:32+00:00\" \/>\n<meta property=\"og:image\" content=\"https:\/\/blogs.multimeios.ufc.br\/iiensf\/files\/2025\/01\/Logo-MM-sem-fundo-cortada.png\" \/>\n\t<meta property=\"og:image:width\" content=\"884\" \/>\n\t<meta property=\"og:image:height\" content=\"209\" \/>\n\t<meta property=\"og:image:type\" content=\"image\/png\" \/>\n<meta name=\"twitter:card\" content=\"summary_large_image\" \/>\n<meta name=\"twitter:label1\" content=\"Est. tempo de leitura\" \/>\n\t<meta name=\"twitter:data1\" content=\"1 minuto\" \/>\n<script type=\"application\/ld+json\" class=\"yoast-schema-graph\">{\"@context\":\"https:\\\/\\\/schema.org\",\"@graph\":[{\"@type\":\"WebPage\",\"@id\":\"https:\\\/\\\/blogs.multimeios.ufc.br\\\/iiensf\\\/realizacao\\\/\",\"url\":\"https:\\\/\\\/blogs.multimeios.ufc.br\\\/iiensf\\\/realizacao\\\/\",\"name\":\"Realiza\u00e7\u00e3o - II Encontro Nacional da Sequ\u00eancia Fedathi\",\"isPartOf\":{\"@id\":\"https:\\\/\\\/blogs.multimeios.ufc.br\\\/iiensf\\\/#website\"},\"primaryImageOfPage\":{\"@id\":\"https:\\\/\\\/blogs.multimeios.ufc.br\\\/iiensf\\\/realizacao\\\/#primaryimage\"},\"image\":{\"@id\":\"https:\\\/\\\/blogs.multimeios.ufc.br\\\/iiensf\\\/realizacao\\\/#primaryimage\"},\"thumbnailUrl\":\"http:\\\/\\\/blogs.multimeios.ufc.br\\\/iiensf\\\/files\\\/2025\\\/01\\\/Logo-MM-sem-fundo-cortada-300x71.png\",\"datePublished\":\"2025-01-24T01:01:49+00:00\",\"dateModified\":\"2026-04-17T12:45:32+00:00\",\"breadcrumb\":{\"@id\":\"https:\\\/\\\/blogs.multimeios.ufc.br\\\/iiensf\\\/realizacao\\\/#breadcrumb\"},\"inLanguage\":\"pt-BR\",\"potentialAction\":[{\"@type\":\"ReadAction\",\"target\":[\"https:\\\/\\\/blogs.multimeios.ufc.br\\\/iiensf\\\/realizacao\\\/\"]}]},{\"@type\":\"ImageObject\",\"inLanguage\":\"pt-BR\",\"@id\":\"https:\\\/\\\/blogs.multimeios.ufc.br\\\/iiensf\\\/realizacao\\\/#primaryimage\",\"url\":\"https:\\\/\\\/blogs.multimeios.ufc.br\\\/iiensf\\\/files\\\/2025\\\/01\\\/Logo-MM-sem-fundo-cortada.png\",\"contentUrl\":\"https:\\\/\\\/blogs.multimeios.ufc.br\\\/iiensf\\\/files\\\/2025\\\/01\\\/Logo-MM-sem-fundo-cortada.png\",\"width\":884,\"height\":209},{\"@type\":\"BreadcrumbList\",\"@id\":\"https:\\\/\\\/blogs.multimeios.ufc.br\\\/iiensf\\\/realizacao\\\/#breadcrumb\",\"itemListElement\":[{\"@type\":\"ListItem\",\"position\":1,\"name\":\"In\u00edcio\",\"item\":\"https:\\\/\\\/blogs.multimeios.ufc.br\\\/iiensf\\\/\"},{\"@type\":\"ListItem\",\"position\":2,\"name\":\"Realiza\u00e7\u00e3o\"}]},{\"@type\":\"WebSite\",\"@id\":\"https:\\\/\\\/blogs.multimeios.ufc.br\\\/iiensf\\\/#website\",\"url\":\"https:\\\/\\\/blogs.multimeios.ufc.br\\\/iiensf\\\/\",\"name\":\"II Encontro Nacional da Sequ\u00eancia Fedathi\",\"description\":\"\",\"potentialAction\":[{\"@type\":\"SearchAction\",\"target\":{\"@type\":\"EntryPoint\",\"urlTemplate\":\"https:\\\/\\\/blogs.multimeios.ufc.br\\\/iiensf\\\/?s={search_term_string}\"},\"query-input\":{\"@type\":\"PropertyValueSpecification\",\"valueRequired\":true,\"valueName\":\"search_term_string\"}}],\"inLanguage\":\"pt-BR\"}]}<\/script>\n<!-- \/ Yoast SEO plugin. -->","yoast_head_json":{"title":"Realiza\u00e7\u00e3o - II Encontro Nacional da Sequ\u00eancia Fedathi","robots":{"index":"index","follow":"follow","max-snippet":"max-snippet:-1","max-image-preview":"max-image-preview:large","max-video-preview":"max-video-preview:-1"},"canonical":"https:\/\/blogs.multimeios.ufc.br\/iiensf\/realizacao\/","og_locale":"pt_BR","og_type":"article","og_title":"Realiza\u00e7\u00e3o - II Encontro Nacional da Sequ\u00eancia Fedathi","og_description":"Apoio:","og_url":"https:\/\/blogs.multimeios.ufc.br\/iiensf\/realizacao\/","og_site_name":"II Encontro Nacional da Sequ\u00eancia Fedathi","article_modified_time":"2026-04-17T12:45:32+00:00","og_image":[{"width":884,"height":209,"url":"https:\/\/blogs.multimeios.ufc.br\/iiensf\/files\/2025\/01\/Logo-MM-sem-fundo-cortada.png","type":"image\/png"}],"twitter_card":"summary_large_image","twitter_misc":{"Est. tempo de leitura":"1 minuto"},"schema":{"@context":"https:\/\/schema.org","@graph":[{"@type":"WebPage","@id":"https:\/\/blogs.multimeios.ufc.br\/iiensf\/realizacao\/","url":"https:\/\/blogs.multimeios.ufc.br\/iiensf\/realizacao\/","name":"Realiza\u00e7\u00e3o - II Encontro Nacional da Sequ\u00eancia Fedathi","isPartOf":{"@id":"https:\/\/blogs.multimeios.ufc.br\/iiensf\/#website"},"primaryImageOfPage":{"@id":"https:\/\/blogs.multimeios.ufc.br\/iiensf\/realizacao\/#primaryimage"},"image":{"@id":"https:\/\/blogs.multimeios.ufc.br\/iiensf\/realizacao\/#primaryimage"},"thumbnailUrl":"http:\/\/blogs.multimeios.ufc.br\/iiensf\/files\/2025\/01\/Logo-MM-sem-fundo-cortada-300x71.png","datePublished":"2025-01-24T01:01:49+00:00","dateModified":"2026-04-17T12:45:32+00:00","breadcrumb":{"@id":"https:\/\/blogs.multimeios.ufc.br\/iiensf\/realizacao\/#breadcrumb"},"inLanguage":"pt-BR","potentialAction":[{"@type":"ReadAction","target":["https:\/\/blogs.multimeios.ufc.br\/iiensf\/realizacao\/"]}]},{"@type":"ImageObject","inLanguage":"pt-BR","@id":"https:\/\/blogs.multimeios.ufc.br\/iiensf\/realizacao\/#primaryimage","url":"https:\/\/blogs.multimeios.ufc.br\/iiensf\/files\/2025\/01\/Logo-MM-sem-fundo-cortada.png","contentUrl":"https:\/\/blogs.multimeios.ufc.br\/iiensf\/files\/2025\/01\/Logo-MM-sem-fundo-cortada.png","width":884,"height":209},{"@type":"BreadcrumbList","@id":"https:\/\/blogs.multimeios.ufc.br\/iiensf\/realizacao\/#breadcrumb","itemListElement":[{"@type":"ListItem","position":1,"name":"In\u00edcio","item":"https:\/\/blogs.multimeios.ufc.br\/iiensf\/"},{"@type":"ListItem","position":2,"name":"Realiza\u00e7\u00e3o"}]},{"@type":"WebSite","@id":"https:\/\/blogs.multimeios.ufc.br\/iiensf\/#website","url":"https:\/\/blogs.multimeios.ufc.br\/iiensf\/","name":"II Encontro Nacional da Sequ\u00eancia Fedathi","description":"","potentialAction":[{"@type":"SearchAction","target":{"@type":"EntryPoint","urlTemplate":"https:\/\/blogs.multimeios.ufc.br\/iiensf\/?s={search_term_string}"},"query-input":{"@type":"PropertyValueSpecification","valueRequired":true,"valueName":"search_term_string"}}],"inLanguage":"pt-BR"}]}},"_links":{"self":[{"href":"https:\/\/blogs.multimeios.ufc.br\/iiensf\/wp-json\/wp\/v2\/pages\/93","targetHints":{"allow":["GET"]}}],"collection":[{"href":"https:\/\/blogs.multimeios.ufc.br\/iiensf\/wp-json\/wp\/v2\/pages"}],"about":[{"href":"https:\/\/blogs.multimeios.ufc.br\/iiensf\/wp-json\/wp\/v2\/types\/page"}],"author":[{"embeddable":true,"href":"https:\/\/blogs.multimeios.ufc.br\/iiensf\/wp-json\/wp\/v2\/users\/22"}],"replies":[{"embeddable":true,"href":"https:\/\/blogs.multimeios.ufc.br\/iiensf\/wp-json\/wp\/v2\/comments?post=93"}],"version-history":[{"count":24,"href":"https:\/\/blogs.multimeios.ufc.br\/iiensf\/wp-json\/wp\/v2\/pages\/93\/revisions"}],"predecessor-version":[{"id":158,"href":"https:\/\/blogs.multimeios.ufc.br\/iiensf\/wp-json\/wp\/v2\/pages\/93\/revisions\/158"}],"wp:attachment":[{"href":"https:\/\/blogs.multimeios.ufc.br\/iiensf\/wp-json\/wp\/v2\/media?parent=93"}],"curies":[{"name":"wp","href":"https:\/\/api.w.org\/{rel}","templated":true}]}}

Realização

<!-- This site is optimized with the Yoast SEO plugin v27.4 - https://yoast.com/product/yoast-seo-wordpress/ -->
<title>Realização - II Encontro Nacional da Sequência Fedathi</title>
<meta name="robots" content="index, follow, max-snippet:-1, max-image-preview:large, max-video-preview:-1" />
<link rel="canonical" href="https://blogs.multimeios.ufc.br/iiensf/realizacao/" />
<meta property="og:locale" content="pt_BR" />
<meta property="og:type" content="article" />
<meta property="og:title" content="Realização - II Encontro Nacional da Sequência Fedathi" />
<meta property="og:description" content="Apoio:" />
<meta property="og:url" content="https://blogs.multimeios.ufc.br/iiensf/realizacao/" />
<meta property="og:site_name" content="II Encontro Nacional da Sequência Fedathi" />
<meta property="article:modified_time" content="2026-04-17T12:45:32+00:00" />
<meta property="og:image" content="https://blogs.multimeios.ufc.br/iiensf/files/2025/01/Logo-MM-sem-fundo-cortada.png" />
	<meta property="og:image:width" content="884" />
	<meta property="og:image:height" content="209" />
	<meta property="og:image:type" content="image/png" />
<meta name="twitter:card" content="summary_large_image" />
<meta name="twitter:label1" content="Est. tempo de leitura" />
	<meta name="twitter:data1" content="1 minuto" />
<script type="application/ld+json" class="yoast-schema-graph">{"@context":"https:\/\/schema.org","@graph":[{"@type":"WebPage","@id":"https:\/\/blogs.multimeios.ufc.br\/iiensf\/realizacao\/","url":"https:\/\/blogs.multimeios.ufc.br\/iiensf\/realizacao\/","name":"Realização - II Encontro Nacional da Sequência Fedathi","isPartOf":{"@id":"https:\/\/blogs.multimeios.ufc.br\/iiensf\/#website"},"primaryImageOfPage":{"@id":"https:\/\/blogs.multimeios.ufc.br\/iiensf\/realizacao\/#primaryimage"},"image":{"@id":"https:\/\/blogs.multimeios.ufc.br\/iiensf\/realizacao\/#primaryimage"},"thumbnailUrl":"http:\/\/blogs.multimeios.ufc.br\/iiensf\/files\/2025\/01\/Logo-MM-sem-fundo-cortada-300x71.png","datePublished":"2025-01-24T01:01:49+00:00","dateModified":"2026-04-17T12:45:32+00:00","breadcrumb":{"@id":"https:\/\/blogs.multimeios.ufc.br\/iiensf\/realizacao\/#breadcrumb"},"inLanguage":"pt-BR","potentialAction":[{"@type":"ReadAction","target":["https:\/\/blogs.multimeios.ufc.br\/iiensf\/realizacao\/"]}]},{"@type":"ImageObject","inLanguage":"pt-BR","@id":"https:\/\/blogs.multimeios.ufc.br\/iiensf\/realizacao\/#primaryimage","url":"https:\/\/blogs.multimeios.ufc.br\/iiensf\/files\/2025\/01\/Logo-MM-sem-fundo-cortada.png","contentUrl":"https:\/\/blogs.multimeios.ufc.br\/iiensf\/files\/2025\/01\/Logo-MM-sem-fundo-cortada.png","width":884,"height":209},{"@type":"BreadcrumbList","@id":"https:\/\/blogs.multimeios.ufc.br\/iiensf\/realizacao\/#breadcrumb","itemListElement":[{"@type":"ListItem","position":1,"name":"Início","item":"https:\/\/blogs.multimeios.ufc.br\/iiensf\/"},{"@type":"ListItem","position":2,"name":"Realização"}]},{"@type":"WebSite","@id":"https:\/\/blogs.multimeios.ufc.br\/iiensf\/#website","url":"https:\/\/blogs.multimeios.ufc.br\/iiensf\/","name":"II Encontro Nacional da Sequência Fedathi","description":"","potentialAction":[{"@type":"SearchAction","target":{"@type":"EntryPoint","urlTemplate":"https:\/\/blogs.multimeios.ufc.br\/iiensf\/?s={search_term_string}"},"query-input":{"@type":"PropertyValueSpecification","valueRequired":true,"valueName":"search_term_string"}}],"inLanguage":"pt-BR"}]}</script>
<!-- / Yoast SEO plugin. -->

Realização - II Encontro Nacional da Sequência Fedathi

II Encontro Nacional da Sequência Fedathi

Início
