{"id":12,"date":"2013-12-02T17:12:06","date_gmt":"2013-12-02T17:12:06","guid":{"rendered":"http:\/\/blogs.multimeios.ufc.br\/regina\/?page_id=12"},"modified":"2024-05-03T00:01:33","modified_gmt":"2024-05-03T00:01:33","slug":"eventos-em-educacao","status":"publish","type":"page","link":"https:\/\/blogs.multimeios.ufc.br\/regina\/eventos-em-educacao\/","title":{"rendered":"Eventos em educa\u00e7\u00e3o"},"content":{"rendered":"<p><img fetchpriority=\"high\" decoding=\"async\" src=\"http:\/\/2.bp.blogspot.com\/-6UGy1ulwops\/UkGasgSIcDI\/AAAAAAAAAMI\/1IF_R53mFOA\/s1110\/LOGO%2BERNAB%2Bdo%2BCorel.png\" alt=\"I Encontro de Narrativas (Auto) Biogr\u00e1ficas: Mem\u00f3ria, Forma\u00e7\u00e3o e Hist\u00f3ria Oral\" width=\"540\" height=\"205\" \/><\/p>\n<p><a href=\"http:\/\/www.ernab2013.blogspot.com.br\/\">http:\/\/www.ernab2013.blogspot.com.br\/<\/a>\u00a0&#8211; Dezembro 2013<\/p>\n","protected":false},"excerpt":{"rendered":"<p>http:\/\/www.ernab2013.blogspot.com.br\/\u00a0&#8211; Dezembro 2013<\/p>\n","protected":false},"author":4,"featured_media":0,"parent":0,"menu_order":0,"comment_status":"closed","ping_status":"open","template":"","meta":{"footnotes":""},"class_list":["post-12","page","type-page","status-publish","hentry"],"yoast_head":"<!-- This site is optimized with the Yoast SEO plugin v27.4 - https:\/\/yoast.com\/product\/yoast-seo-wordpress\/ -->\n<title>Eventos em educa\u00e7\u00e3o - Pedagogia e tecnologias digitais<\/title>\n<meta name=\"robots\" content=\"index, follow, max-snippet:-1, max-image-preview:large, max-video-preview:-1\" \/>\n<link rel=\"canonical\" href=\"https:\/\/blogs.multimeios.ufc.br\/regina\/eventos-em-educacao\/\" \/>\n<meta property=\"og:locale\" content=\"pt_BR\" \/>\n<meta property=\"og:type\" content=\"article\" \/>\n<meta property=\"og:title\" content=\"Eventos em educa\u00e7\u00e3o - Pedagogia e tecnologias digitais\" \/>\n<meta property=\"og:description\" content=\"http:\/\/www.ernab2013.blogspot.com.br\/\u00a0&#8211; Dezembro 2013\" \/>\n<meta property=\"og:url\" content=\"https:\/\/blogs.multimeios.ufc.br\/regina\/eventos-em-educacao\/\" \/>\n<meta property=\"og:site_name\" content=\"Pedagogia e tecnologias digitais\" \/>\n<meta property=\"article:modified_time\" content=\"2024-05-03T00:01:33+00:00\" \/>\n<meta property=\"og:image\" content=\"http:\/\/2.bp.blogspot.com\/-6UGy1ulwops\/UkGasgSIcDI\/AAAAAAAAAMI\/1IF_R53mFOA\/s1110\/LOGO%2BERNAB%2Bdo%2BCorel.png\" \/>\n<meta name=\"twitter:card\" content=\"summary_large_image\" \/>\n<meta name=\"twitter:label1\" content=\"Est. tempo de leitura\" \/>\n\t<meta name=\"twitter:data1\" content=\"1 minuto\" \/>\n<script type=\"application\/ld+json\" class=\"yoast-schema-graph\">{\"@context\":\"https:\\\/\\\/schema.org\",\"@graph\":[{\"@type\":\"WebPage\",\"@id\":\"https:\\\/\\\/blogs.multimeios.ufc.br\\\/regina\\\/eventos-em-educacao\\\/\",\"url\":\"https:\\\/\\\/blogs.multimeios.ufc.br\\\/regina\\\/eventos-em-educacao\\\/\",\"name\":\"Eventos em educa\u00e7\u00e3o - Pedagogia e tecnologias digitais\",\"isPartOf\":{\"@id\":\"https:\\\/\\\/blogs.multimeios.ufc.br\\\/regina\\\/#website\"},\"primaryImageOfPage\":{\"@id\":\"https:\\\/\\\/blogs.multimeios.ufc.br\\\/regina\\\/eventos-em-educacao\\\/#primaryimage\"},\"image\":{\"@id\":\"https:\\\/\\\/blogs.multimeios.ufc.br\\\/regina\\\/eventos-em-educacao\\\/#primaryimage\"},\"thumbnailUrl\":\"http:\\\/\\\/2.bp.blogspot.com\\\/-6UGy1ulwops\\\/UkGasgSIcDI\\\/AAAAAAAAAMI\\\/1IF_R53mFOA\\\/s1110\\\/LOGO%2BERNAB%2Bdo%2BCorel.png\",\"datePublished\":\"2013-12-02T17:12:06+00:00\",\"dateModified\":\"2024-05-03T00:01:33+00:00\",\"breadcrumb\":{\"@id\":\"https:\\\/\\\/blogs.multimeios.ufc.br\\\/regina\\\/eventos-em-educacao\\\/#breadcrumb\"},\"inLanguage\":\"pt-BR\",\"potentialAction\":[{\"@type\":\"ReadAction\",\"target\":[\"https:\\\/\\\/blogs.multimeios.ufc.br\\\/regina\\\/eventos-em-educacao\\\/\"]}]},{\"@type\":\"ImageObject\",\"inLanguage\":\"pt-BR\",\"@id\":\"https:\\\/\\\/blogs.multimeios.ufc.br\\\/regina\\\/eventos-em-educacao\\\/#primaryimage\",\"url\":\"http:\\\/\\\/2.bp.blogspot.com\\\/-6UGy1ulwops\\\/UkGasgSIcDI\\\/AAAAAAAAAMI\\\/1IF_R53mFOA\\\/s1110\\\/LOGO%2BERNAB%2Bdo%2BCorel.png\",\"contentUrl\":\"http:\\\/\\\/2.bp.blogspot.com\\\/-6UGy1ulwops\\\/UkGasgSIcDI\\\/AAAAAAAAAMI\\\/1IF_R53mFOA\\\/s1110\\\/LOGO%2BERNAB%2Bdo%2BCorel.png\"},{\"@type\":\"BreadcrumbList\",\"@id\":\"https:\\\/\\\/blogs.multimeios.ufc.br\\\/regina\\\/eventos-em-educacao\\\/#breadcrumb\",\"itemListElement\":[{\"@type\":\"ListItem\",\"position\":1,\"name\":\"In\u00edcio\",\"item\":\"https:\\\/\\\/blogs.multimeios.ufc.br\\\/regina\\\/\"},{\"@type\":\"ListItem\",\"position\":2,\"name\":\"Eventos em educa\u00e7\u00e3o\"}]},{\"@type\":\"WebSite\",\"@id\":\"https:\\\/\\\/blogs.multimeios.ufc.br\\\/regina\\\/#website\",\"url\":\"https:\\\/\\\/blogs.multimeios.ufc.br\\\/regina\\\/\",\"name\":\"Pedagogia e tecnologias digitais\",\"description\":\"Espa\u00e7o para compartilhar produ\u00e7\u00f5es e materiais acad\u00eamicos sobre Tecnologias Digitais da Informa\u00e7\u00e3o e Comunica\u00e7\u00e3o\",\"potentialAction\":[{\"@type\":\"SearchAction\",\"target\":{\"@type\":\"EntryPoint\",\"urlTemplate\":\"https:\\\/\\\/blogs.multimeios.ufc.br\\\/regina\\\/?s={search_term_string}\"},\"query-input\":{\"@type\":\"PropertyValueSpecification\",\"valueRequired\":true,\"valueName\":\"search_term_string\"}}],\"inLanguage\":\"pt-BR\"}]}<\/script>\n<!-- \/ Yoast SEO plugin. -->","yoast_head_json":{"title":"Eventos em educa\u00e7\u00e3o - Pedagogia e tecnologias digitais","robots":{"index":"index","follow":"follow","max-snippet":"max-snippet:-1","max-image-preview":"max-image-preview:large","max-video-preview":"max-video-preview:-1"},"canonical":"https:\/\/blogs.multimeios.ufc.br\/regina\/eventos-em-educacao\/","og_locale":"pt_BR","og_type":"article","og_title":"Eventos em educa\u00e7\u00e3o - Pedagogia e tecnologias digitais","og_description":"http:\/\/www.ernab2013.blogspot.com.br\/\u00a0&#8211; Dezembro 2013","og_url":"https:\/\/blogs.multimeios.ufc.br\/regina\/eventos-em-educacao\/","og_site_name":"Pedagogia e tecnologias digitais","article_modified_time":"2024-05-03T00:01:33+00:00","og_image":[{"url":"http:\/\/2.bp.blogspot.com\/-6UGy1ulwops\/UkGasgSIcDI\/AAAAAAAAAMI\/1IF_R53mFOA\/s1110\/LOGO%2BERNAB%2Bdo%2BCorel.png","type":"","width":"","height":""}],"twitter_card":"summary_large_image","twitter_misc":{"Est. tempo de leitura":"1 minuto"},"schema":{"@context":"https:\/\/schema.org","@graph":[{"@type":"WebPage","@id":"https:\/\/blogs.multimeios.ufc.br\/regina\/eventos-em-educacao\/","url":"https:\/\/blogs.multimeios.ufc.br\/regina\/eventos-em-educacao\/","name":"Eventos em educa\u00e7\u00e3o - Pedagogia e tecnologias digitais","isPartOf":{"@id":"https:\/\/blogs.multimeios.ufc.br\/regina\/#website"},"primaryImageOfPage":{"@id":"https:\/\/blogs.multimeios.ufc.br\/regina\/eventos-em-educacao\/#primaryimage"},"image":{"@id":"https:\/\/blogs.multimeios.ufc.br\/regina\/eventos-em-educacao\/#primaryimage"},"thumbnailUrl":"http:\/\/2.bp.blogspot.com\/-6UGy1ulwops\/UkGasgSIcDI\/AAAAAAAAAMI\/1IF_R53mFOA\/s1110\/LOGO%2BERNAB%2Bdo%2BCorel.png","datePublished":"2013-12-02T17:12:06+00:00","dateModified":"2024-05-03T00:01:33+00:00","breadcrumb":{"@id":"https:\/\/blogs.multimeios.ufc.br\/regina\/eventos-em-educacao\/#breadcrumb"},"inLanguage":"pt-BR","potentialAction":[{"@type":"ReadAction","target":["https:\/\/blogs.multimeios.ufc.br\/regina\/eventos-em-educacao\/"]}]},{"@type":"ImageObject","inLanguage":"pt-BR","@id":"https:\/\/blogs.multimeios.ufc.br\/regina\/eventos-em-educacao\/#primaryimage","url":"http:\/\/2.bp.blogspot.com\/-6UGy1ulwops\/UkGasgSIcDI\/AAAAAAAAAMI\/1IF_R53mFOA\/s1110\/LOGO%2BERNAB%2Bdo%2BCorel.png","contentUrl":"http:\/\/2.bp.blogspot.com\/-6UGy1ulwops\/UkGasgSIcDI\/AAAAAAAAAMI\/1IF_R53mFOA\/s1110\/LOGO%2BERNAB%2Bdo%2BCorel.png"},{"@type":"BreadcrumbList","@id":"https:\/\/blogs.multimeios.ufc.br\/regina\/eventos-em-educacao\/#breadcrumb","itemListElement":[{"@type":"ListItem","position":1,"name":"In\u00edcio","item":"https:\/\/blogs.multimeios.ufc.br\/regina\/"},{"@type":"ListItem","position":2,"name":"Eventos em educa\u00e7\u00e3o"}]},{"@type":"WebSite","@id":"https:\/\/blogs.multimeios.ufc.br\/regina\/#website","url":"https:\/\/blogs.multimeios.ufc.br\/regina\/","name":"Pedagogia e tecnologias digitais","description":"Espa\u00e7o para compartilhar produ\u00e7\u00f5es e materiais acad\u00eamicos sobre Tecnologias Digitais da Informa\u00e7\u00e3o e Comunica\u00e7\u00e3o","potentialAction":[{"@type":"SearchAction","target":{"@type":"EntryPoint","urlTemplate":"https:\/\/blogs.multimeios.ufc.br\/regina\/?s={search_term_string}"},"query-input":{"@type":"PropertyValueSpecification","valueRequired":true,"valueName":"search_term_string"}}],"inLanguage":"pt-BR"}]}},"_links":{"self":[{"href":"https:\/\/blogs.multimeios.ufc.br\/regina\/wp-json\/wp\/v2\/pages\/12","targetHints":{"allow":["GET"]}}],"collection":[{"href":"https:\/\/blogs.multimeios.ufc.br\/regina\/wp-json\/wp\/v2\/pages"}],"about":[{"href":"https:\/\/blogs.multimeios.ufc.br\/regina\/wp-json\/wp\/v2\/types\/page"}],"author":[{"embeddable":true,"href":"https:\/\/blogs.multimeios.ufc.br\/regina\/wp-json\/wp\/v2\/users\/4"}],"replies":[{"embeddable":true,"href":"https:\/\/blogs.multimeios.ufc.br\/regina\/wp-json\/wp\/v2\/comments?post=12"}],"version-history":[{"count":1,"href":"https:\/\/blogs.multimeios.ufc.br\/regina\/wp-json\/wp\/v2\/pages\/12\/revisions"}],"predecessor-version":[{"id":13,"href":"https:\/\/blogs.multimeios.ufc.br\/regina\/wp-json\/wp\/v2\/pages\/12\/revisions\/13"}],"wp:attachment":[{"href":"https:\/\/blogs.multimeios.ufc.br\/regina\/wp-json\/wp\/v2\/media?parent=12"}],"curies":[{"name":"wp","href":"https:\/\/api.w.org\/{rel}","templated":true}]}}