{"id":57,"date":"2017-06-06T19:19:26","date_gmt":"2017-06-06T22:19:26","guid":{"rendered":"http:\/\/blogs.multimeios.ufc.br\/saudedocente\/?page_id=57"},"modified":"2017-06-08T00:23:35","modified_gmt":"2017-06-08T03:23:35","slug":"debate-precarizacao-uva-300816","status":"publish","type":"page","link":"https:\/\/blogs.multimeios.ufc.br\/saudedocente\/debate-precarizacao-uva-300816\/","title":{"rendered":"Debate Precariza\u00e7\u00e3o UVA 30\/08\/16"},"content":{"rendered":"<p><iframe title=\"Semin\u00e1rio Precariza\u00e7\u00e3o do Trabalho e Sa\u00fade Docente UVA parte 1  30 8 16\" width=\"640\" height=\"480\" src=\"https:\/\/www.youtube.com\/embed\/QT1TZgvzJ_s?feature=oembed\" frameborder=\"0\" allow=\"accelerometer; autoplay; clipboard-write; encrypted-media; gyroscope; picture-in-picture; web-share\" referrerpolicy=\"strict-origin-when-cross-origin\" allowfullscreen><\/iframe><\/p>\n<p><iframe title=\"Semin\u00e1rio Precariza\u00e7\u00e3o do Trabalho e Sa\u00fade Docente UVA parte 2  30 8 16\" width=\"640\" height=\"480\" src=\"https:\/\/www.youtube.com\/embed\/EXCAbfiqDRw?feature=oembed\" frameborder=\"0\" allow=\"accelerometer; autoplay; clipboard-write; encrypted-media; gyroscope; picture-in-picture; web-share\" referrerpolicy=\"strict-origin-when-cross-origin\" allowfullscreen><\/iframe><\/p>\n<p><iframe title=\"Semin\u00e1rio Precariza\u00e7\u00e3o do Trabalho e Sa\u00fade Docente UVA parte 3  30 8 16\" width=\"640\" height=\"480\" src=\"https:\/\/www.youtube.com\/embed\/ZJzZCJx7AdM?feature=oembed\" frameborder=\"0\" allow=\"accelerometer; autoplay; clipboard-write; encrypted-media; gyroscope; picture-in-picture; web-share\" referrerpolicy=\"strict-origin-when-cross-origin\" allowfullscreen><\/iframe><\/p>\n<p>&nbsp;<\/p>\n<p><iframe title=\"Semin\u00e1rio Precariza\u00e7\u00e3o do Trabalho UVA 4  30 8 16\" width=\"640\" height=\"480\" src=\"https:\/\/www.youtube.com\/embed\/b6CSWtAug-c?feature=oembed\" frameborder=\"0\" allow=\"accelerometer; autoplay; clipboard-write; encrypted-media; gyroscope; picture-in-picture; web-share\" referrerpolicy=\"strict-origin-when-cross-origin\" allowfullscreen><\/iframe><\/p>\n<p><iframe title=\"Semin\u00e1rio Precariza\u00e7\u00e3o do Trabalho UVA 5   30 8 16\" width=\"640\" height=\"480\" src=\"https:\/\/www.youtube.com\/embed\/_6ABFmUj6fY?feature=oembed\" frameborder=\"0\" allow=\"accelerometer; autoplay; clipboard-write; encrypted-media; gyroscope; picture-in-picture; web-share\" referrerpolicy=\"strict-origin-when-cross-origin\" allowfullscreen><\/iframe><\/p>\n","protected":false},"excerpt":{"rendered":"<p>&nbsp;<\/p>\n","protected":false},"author":10,"featured_media":0,"parent":0,"menu_order":0,"comment_status":"closed","ping_status":"closed","template":"","meta":{"footnotes":""},"class_list":["post-57","page","type-page","status-publish","hentry"],"yoast_head":"<!-- This site is optimized with the Yoast SEO plugin v27.3 - https:\/\/yoast.com\/product\/yoast-seo-wordpress\/ -->\n<title>Debate Precariza\u00e7\u00e3o UVA 30\/08\/16 - Trabalho e Sa\u00fade Docente<\/title>\n<meta name=\"robots\" content=\"index, follow, max-snippet:-1, max-image-preview:large, max-video-preview:-1\" \/>\n<link rel=\"canonical\" href=\"https:\/\/blogs.multimeios.ufc.br\/saudedocente\/debate-precarizacao-uva-300816\/\" \/>\n<meta property=\"og:locale\" content=\"pt_BR\" \/>\n<meta property=\"og:type\" content=\"article\" \/>\n<meta property=\"og:title\" content=\"Debate Precariza\u00e7\u00e3o UVA 30\/08\/16 - Trabalho e Sa\u00fade Docente\" \/>\n<meta property=\"og:description\" content=\"&nbsp;\" \/>\n<meta property=\"og:url\" content=\"https:\/\/blogs.multimeios.ufc.br\/saudedocente\/debate-precarizacao-uva-300816\/\" \/>\n<meta property=\"og:site_name\" content=\"Trabalho e Sa\u00fade Docente\" \/>\n<meta property=\"article:modified_time\" content=\"2017-06-08T03:23:35+00:00\" \/>\n<meta name=\"twitter:card\" content=\"summary_large_image\" \/>\n<script type=\"application\/ld+json\" class=\"yoast-schema-graph\">{\"@context\":\"https:\\\/\\\/schema.org\",\"@graph\":[{\"@type\":\"WebPage\",\"@id\":\"https:\\\/\\\/blogs.multimeios.ufc.br\\\/saudedocente\\\/debate-precarizacao-uva-300816\\\/\",\"url\":\"https:\\\/\\\/blogs.multimeios.ufc.br\\\/saudedocente\\\/debate-precarizacao-uva-300816\\\/\",\"name\":\"Debate Precariza\u00e7\u00e3o UVA 30\\\/08\\\/16 - Trabalho e Sa\u00fade Docente\",\"isPartOf\":{\"@id\":\"https:\\\/\\\/blogs.multimeios.ufc.br\\\/saudedocente\\\/#website\"},\"datePublished\":\"2017-06-06T22:19:26+00:00\",\"dateModified\":\"2017-06-08T03:23:35+00:00\",\"breadcrumb\":{\"@id\":\"https:\\\/\\\/blogs.multimeios.ufc.br\\\/saudedocente\\\/debate-precarizacao-uva-300816\\\/#breadcrumb\"},\"inLanguage\":\"pt-BR\",\"potentialAction\":[{\"@type\":\"ReadAction\",\"target\":[\"https:\\\/\\\/blogs.multimeios.ufc.br\\\/saudedocente\\\/debate-precarizacao-uva-300816\\\/\"]}]},{\"@type\":\"BreadcrumbList\",\"@id\":\"https:\\\/\\\/blogs.multimeios.ufc.br\\\/saudedocente\\\/debate-precarizacao-uva-300816\\\/#breadcrumb\",\"itemListElement\":[{\"@type\":\"ListItem\",\"position\":1,\"name\":\"In\u00edcio\",\"item\":\"https:\\\/\\\/blogs.multimeios.ufc.br\\\/saudedocente\\\/\"},{\"@type\":\"ListItem\",\"position\":2,\"name\":\"Debate Precariza\u00e7\u00e3o UVA 30\\\/08\\\/16\"}]},{\"@type\":\"WebSite\",\"@id\":\"https:\\\/\\\/blogs.multimeios.ufc.br\\\/saudedocente\\\/#website\",\"url\":\"https:\\\/\\\/blogs.multimeios.ufc.br\\\/saudedocente\\\/\",\"name\":\"Trabalho e Sa\u00fade Docente\",\"description\":\"\",\"potentialAction\":[{\"@type\":\"SearchAction\",\"target\":{\"@type\":\"EntryPoint\",\"urlTemplate\":\"https:\\\/\\\/blogs.multimeios.ufc.br\\\/saudedocente\\\/?s={search_term_string}\"},\"query-input\":{\"@type\":\"PropertyValueSpecification\",\"valueRequired\":true,\"valueName\":\"search_term_string\"}}],\"inLanguage\":\"pt-BR\"}]}<\/script>\n<!-- \/ Yoast SEO plugin. -->","yoast_head_json":{"title":"Debate Precariza\u00e7\u00e3o UVA 30\/08\/16 - Trabalho e Sa\u00fade Docente","robots":{"index":"index","follow":"follow","max-snippet":"max-snippet:-1","max-image-preview":"max-image-preview:large","max-video-preview":"max-video-preview:-1"},"canonical":"https:\/\/blogs.multimeios.ufc.br\/saudedocente\/debate-precarizacao-uva-300816\/","og_locale":"pt_BR","og_type":"article","og_title":"Debate Precariza\u00e7\u00e3o UVA 30\/08\/16 - Trabalho e Sa\u00fade Docente","og_description":"&nbsp;","og_url":"https:\/\/blogs.multimeios.ufc.br\/saudedocente\/debate-precarizacao-uva-300816\/","og_site_name":"Trabalho e Sa\u00fade Docente","article_modified_time":"2017-06-08T03:23:35+00:00","twitter_card":"summary_large_image","schema":{"@context":"https:\/\/schema.org","@graph":[{"@type":"WebPage","@id":"https:\/\/blogs.multimeios.ufc.br\/saudedocente\/debate-precarizacao-uva-300816\/","url":"https:\/\/blogs.multimeios.ufc.br\/saudedocente\/debate-precarizacao-uva-300816\/","name":"Debate Precariza\u00e7\u00e3o UVA 30\/08\/16 - Trabalho e Sa\u00fade Docente","isPartOf":{"@id":"https:\/\/blogs.multimeios.ufc.br\/saudedocente\/#website"},"datePublished":"2017-06-06T22:19:26+00:00","dateModified":"2017-06-08T03:23:35+00:00","breadcrumb":{"@id":"https:\/\/blogs.multimeios.ufc.br\/saudedocente\/debate-precarizacao-uva-300816\/#breadcrumb"},"inLanguage":"pt-BR","potentialAction":[{"@type":"ReadAction","target":["https:\/\/blogs.multimeios.ufc.br\/saudedocente\/debate-precarizacao-uva-300816\/"]}]},{"@type":"BreadcrumbList","@id":"https:\/\/blogs.multimeios.ufc.br\/saudedocente\/debate-precarizacao-uva-300816\/#breadcrumb","itemListElement":[{"@type":"ListItem","position":1,"name":"In\u00edcio","item":"https:\/\/blogs.multimeios.ufc.br\/saudedocente\/"},{"@type":"ListItem","position":2,"name":"Debate Precariza\u00e7\u00e3o UVA 30\/08\/16"}]},{"@type":"WebSite","@id":"https:\/\/blogs.multimeios.ufc.br\/saudedocente\/#website","url":"https:\/\/blogs.multimeios.ufc.br\/saudedocente\/","name":"Trabalho e Sa\u00fade Docente","description":"","potentialAction":[{"@type":"SearchAction","target":{"@type":"EntryPoint","urlTemplate":"https:\/\/blogs.multimeios.ufc.br\/saudedocente\/?s={search_term_string}"},"query-input":{"@type":"PropertyValueSpecification","valueRequired":true,"valueName":"search_term_string"}}],"inLanguage":"pt-BR"}]}},"_links":{"self":[{"href":"https:\/\/blogs.multimeios.ufc.br\/saudedocente\/wp-json\/wp\/v2\/pages\/57","targetHints":{"allow":["GET"]}}],"collection":[{"href":"https:\/\/blogs.multimeios.ufc.br\/saudedocente\/wp-json\/wp\/v2\/pages"}],"about":[{"href":"https:\/\/blogs.multimeios.ufc.br\/saudedocente\/wp-json\/wp\/v2\/types\/page"}],"author":[{"embeddable":true,"href":"https:\/\/blogs.multimeios.ufc.br\/saudedocente\/wp-json\/wp\/v2\/users\/10"}],"replies":[{"embeddable":true,"href":"https:\/\/blogs.multimeios.ufc.br\/saudedocente\/wp-json\/wp\/v2\/comments?post=57"}],"version-history":[{"count":3,"href":"https:\/\/blogs.multimeios.ufc.br\/saudedocente\/wp-json\/wp\/v2\/pages\/57\/revisions"}],"predecessor-version":[{"id":71,"href":"https:\/\/blogs.multimeios.ufc.br\/saudedocente\/wp-json\/wp\/v2\/pages\/57\/revisions\/71"}],"wp:attachment":[{"href":"https:\/\/blogs.multimeios.ufc.br\/saudedocente\/wp-json\/wp\/v2\/media?parent=57"}],"curies":[{"name":"wp","href":"https:\/\/api.w.org\/{rel}","templated":true}]}}