{"id":2,"date":"2012-10-19T17:40:26","date_gmt":"2012-10-19T17:40:26","guid":{"rendered":"http:\/\/blogs.multimeios.ufc.br\/segundasmm\/?page_id=2"},"modified":"2021-06-16T14:49:42","modified_gmt":"2021-06-16T14:49:42","slug":"pagina-exemplo","status":"publish","type":"page","link":"https:\/\/blogs.multimeios.ufc.br\/segundasmm\/pagina-exemplo\/","title":{"rendered":"Encontros"},"content":{"rendered":"<table width=\"590\" cellspacing=\"0\" cellpadding=\"4\">\n<colgroup>\n<col width=\"118\" \/>\n<col width=\"105\" \/>\n<col width=\"108\" \/>\n<col width=\"109\" \/>\n<col width=\"108\" \/> <\/colgroup>\n<tbody>\n<tr valign=\"TOP\">\n<td width=\"118\">\n<p align=\"CENTER\"><strong><span style=\"font-family: Times new roman,serif\">Pesquisador<\/span><\/strong><\/p>\n<\/td>\n<td width=\"105\">\n<p align=\"CENTER\"><strong><span style=\"font-family: Times new roman,serif\">Local <\/span><\/strong><\/p>\n<\/td>\n<td width=\"108\">\n<p align=\"CENTER\"><strong><span style=\"font-family: Times new roman,serif\">Hor\u00e1rio<\/span><\/strong><\/p>\n<\/td>\n<td width=\"109\">\n<p align=\"CENTER\"><strong><span style=\"color: #000000\"><span style=\"font-family: Times new roman,serif\">Data<\/span><\/span><\/strong><\/p>\n<\/td>\n<td width=\"108\">\n<p align=\"CENTER\"><strong><span style=\"color: #000000\"><span style=\"font-family: Times new roman,serif\">Resumo<\/span><\/span><\/strong><\/p>\n<\/td>\n<\/tr>\n<tr valign=\"TOP\">\n<td width=\"118\">\n<p align=\"CENTER\"><span style=\"font-family: Times new roman,serif;color: #000000\">Regina Santos<\/span><\/p>\n<\/td>\n<td width=\"105\">\n<p align=\"CENTER\"><span style=\"font-family: Times new roman,serif;color: #000000\">Nuper<\/span><\/p>\n<\/td>\n<td width=\"108\">\n<p align=\"CENTER\"><span style=\"font-family: Times new roman,serif;color: #000000\">14h \u00e0s 16h<\/span><\/p>\n<\/td>\n<td width=\"109\">\n<p align=\"CENTER\"><span style=\"font-family: Times new roman,serif;color: #000000\">19\/out\/2012<\/span><\/p>\n<\/td>\n<td width=\"108\"><a title=\"Pesquisa Regina\" href=\"http:\/\/blogs.multimeios.ufc.br\/segundasmm\/files\/2012\/10\/segundammregina.pdf\" target=\"_blank\" rel=\"noopener\">\u00a0<\/a><\/td>\n<\/tr>\n<tr valign=\"TOP\">\n<td width=\"118\">\n<p align=\"CENTER\"><span style=\"font-family: Times new roman,serif;color: #000000\">Marta Alves<\/span><\/p>\n<\/td>\n<td width=\"105\">\n<p align=\"CENTER\"><span style=\"font-family: Times new roman,serif;color: #000000\">Nuper<\/span><\/p>\n<\/td>\n<td width=\"108\">\n<p align=\"CENTER\"><span style=\"font-family: Times new roman,serif;color: #000000\">14 \u00e0s 16h<\/span><\/p>\n<\/td>\n<td width=\"109\">\n<p align=\"CENTER\"><span style=\"font-family: Times new roman,serif;color: #000000\">26\/out\/2012<\/span><\/p>\n<\/td>\n<td width=\"108\"><a title=\"Pesquisa Marta\" href=\"http:\/\/blogs.multimeios.ufc.br\/segundasmm\/files\/2012\/10\/Segundasmmmarta.pdf\" target=\"_blank\" rel=\"noopener\">\u00a0<\/a><\/td>\n<\/tr>\n<tr valign=\"TOP\">\n<td width=\"118\">\n<p align=\"CENTER\"><span style=\"font-family: Times new roman,serif;color: #000000\">Ismael Furtado<\/span><\/p>\n<\/td>\n<td width=\"105\">\n<p align=\"CENTER\"><span style=\"font-family: Times new roman,serif;color: #000000\">Nuper<\/span><\/p>\n<\/td>\n<td width=\"108\">\n<p align=\"CENTER\"><span style=\"font-family: Times new roman,serif;color: #000000\">14 \u00e0s 16h<\/span><\/p>\n<\/td>\n<td width=\"109\">\n<p align=\"CENTER\"><span style=\"font-family: Times new roman,serif;color: #000000\">09\/nov\/2012<\/span><\/p>\n<\/td>\n<td width=\"108\"><a title=\"Pesquisa Ismael\" href=\"http:\/\/blogs.multimeios.ufc.br\/segundasmm\/files\/2012\/10\/segundammismael.pdf\">\u00a0<\/a><\/td>\n<\/tr>\n<tr valign=\"TOP\">\n<td width=\"118\">\n<p align=\"CENTER\"><span style=\"font-family: Times new roman,serif;color: #000000\">Iraci<\/span><\/p>\n<\/td>\n<td width=\"105\">\n<p align=\"CENTER\"><span style=\"font-family: Times new roman,serif;color: #000000\">Nuper<\/span><\/p>\n<\/td>\n<td width=\"108\">\n<p align=\"CENTER\"><span style=\"font-family: Times new roman,serif;color: #000000\">14 \u00e0s 16h<\/span><\/p>\n<\/td>\n<td width=\"109\">\n<p align=\"CENTER\"><span style=\"font-family: Times new roman,serif;color: #000000\">23\/nov\/2012<\/span><\/p>\n<\/td>\n<td width=\"108\"><a title=\"Pesquisa Iraci\" href=\"http:\/\/blogs.multimeios.ufc.br\/segundasmm\/files\/2012\/11\/Resumo-Iraci-de-O.M.-Schmidlin.pdf\" target=\"_blank\" rel=\"noopener\">\u00a0<\/a><\/td>\n<\/tr>\n<tr valign=\"TOP\">\n<td width=\"118\">\n<p align=\"CENTER\"><span style=\"font-family: Times new roman,serif;color: #000000\">Janete<\/span><\/p>\n<\/td>\n<td width=\"105\">\n<p align=\"CENTER\"><span style=\"font-family: Times new roman,serif;color: #000000\">Nuper<\/span><\/p>\n<\/td>\n<td width=\"108\">\n<p align=\"CENTER\"><span style=\"font-family: Times new roman,serif;color: #000000\">14 \u00e0s 16h<\/span><\/p>\n<\/td>\n<td width=\"109\"><span style=\"font-size: medium;color: #000000\">07\/dez\/2012<\/span><\/td>\n<td width=\"108\"><\/td>\n<\/tr>\n<tr valign=\"TOP\">\n<td width=\"118\">\n<p align=\"CENTER\"><span style=\"font-family: Times new roman,serif;color: #000000\">Edison<\/span><\/p>\n<\/td>\n<td width=\"105\">\n<p align=\"CENTER\"><span style=\"font-family: Times new roman,serif;color: #000000\">Nuper<\/span><\/p>\n<\/td>\n<td width=\"108\">\n<p align=\"CENTER\"><span style=\"font-family: Times new roman,serif;color: #000000\">14 \u00e0s 16h<\/span><\/p>\n<\/td>\n<td width=\"109\">\n<p align=\"CENTER\"><span style=\"font-family: Times new roman,serif;color: #000000\">14\/dez\/2012<\/span><\/p>\n<\/td>\n<td width=\"108\"><\/td>\n<\/tr>\n<tr valign=\"TOP\">\n<td width=\"118\">\n<p align=\"CENTER\"><span style=\"font-family: Times new roman,serif;color: #000000\">Brena<\/span><\/p>\n<\/td>\n<td width=\"105\">\n<p align=\"CENTER\"><span style=\"font-family: Times new roman,serif;color: #000000\">Nuper<\/span><\/p>\n<\/td>\n<td width=\"108\">\n<p align=\"CENTER\"><span style=\"font-family: Times new roman,serif;color: #000000\">14 \u00e0s 16h<\/span><\/p>\n<\/td>\n<td width=\"109\">\n<p align=\"CENTER\"><span style=\"font-family: Times new roman,serif;color: #000000\">11\/jan\/2012<\/span><\/p>\n<\/td>\n<td width=\"108\"><\/td>\n<\/tr>\n<tr valign=\"TOP\">\n<td width=\"118\">\n<p align=\"CENTER\"><span style=\"font-family: Times new roman,serif;color: #000000\">Ana Claudia<\/span><\/p>\n<\/td>\n<td width=\"105\">\n<p align=\"CENTER\"><span style=\"font-family: Times new roman,serif;color: #000000\">Nuper<\/span><\/p>\n<\/td>\n<td width=\"108\">\n<p align=\"CENTER\"><span style=\"font-family: Times new roman,serif;color: #000000\">14 \u00e0s 16h<\/span><\/p>\n<\/td>\n<td width=\"109\">\n<p align=\"CENTER\"><span style=\"font-family: Times new roman,serif;color: #000000\">18\/jan\/2012<\/span><\/p>\n<\/td>\n<td width=\"108\"><\/td>\n<\/tr>\n<\/tbody>\n<\/table>\n","protected":false},"excerpt":{"rendered":"<p>Pesquisador Local Hor\u00e1rio Data Resumo Regina Santos Nuper 14h \u00e0s 16h 19\/out\/2012 \u00a0 Marta Alves Nuper 14 \u00e0s 16h 26\/out\/2012 \u00a0 Ismael Furtado Nuper 14 \u00e0s 16h 09\/nov\/2012 \u00a0 Iraci Nuper 14 \u00e0s 16h 23\/nov\/2012 \u00a0 Janete Nuper 14 \u00e0s &hellip; <a href=\"https:\/\/blogs.multimeios.ufc.br\/segundasmm\/pagina-exemplo\/\">Continue lendo <span class=\"meta-nav\">&rarr;<\/span><\/a><\/p>\n","protected":false},"author":3,"featured_media":0,"parent":0,"menu_order":0,"comment_status":"open","ping_status":"open","template":"","meta":{"footnotes":""},"class_list":["post-2","page","type-page","status-publish","hentry"],"yoast_head":"<!-- This site is optimized with the Yoast SEO plugin v27.6 - https:\/\/yoast.com\/product\/yoast-seo-wordpress\/ -->\n<title>Encontros - Segunda Multimeios<\/title>\n<meta name=\"robots\" content=\"index, follow, max-snippet:-1, max-image-preview:large, max-video-preview:-1\" \/>\n<link rel=\"canonical\" href=\"https:\/\/blogs.multimeios.ufc.br\/segundasmm\/pagina-exemplo\/\" \/>\n<meta property=\"og:locale\" content=\"pt_BR\" \/>\n<meta property=\"og:type\" content=\"article\" \/>\n<meta property=\"og:title\" content=\"Encontros - Segunda Multimeios\" \/>\n<meta property=\"og:description\" content=\"Pesquisador Local Hor\u00e1rio Data Resumo Regina Santos Nuper 14h \u00e0s 16h 19\/out\/2012 \u00a0 Marta Alves Nuper 14 \u00e0s 16h 26\/out\/2012 \u00a0 Ismael Furtado Nuper 14 \u00e0s 16h 09\/nov\/2012 \u00a0 Iraci Nuper 14 \u00e0s 16h 23\/nov\/2012 \u00a0 Janete Nuper 14 \u00e0s &hellip; Continue lendo &rarr;\" \/>\n<meta property=\"og:url\" content=\"https:\/\/blogs.multimeios.ufc.br\/segundasmm\/pagina-exemplo\/\" \/>\n<meta property=\"og:site_name\" content=\"Segunda Multimeios\" \/>\n<meta property=\"article:modified_time\" content=\"2021-06-16T14:49:42+00:00\" \/>\n<meta name=\"twitter:card\" content=\"summary_large_image\" \/>\n<script type=\"application\/ld+json\" class=\"yoast-schema-graph\">{\"@context\":\"https:\\\/\\\/schema.org\",\"@graph\":[{\"@type\":\"WebPage\",\"@id\":\"https:\\\/\\\/blogs.multimeios.ufc.br\\\/segundasmm\\\/pagina-exemplo\\\/\",\"url\":\"https:\\\/\\\/blogs.multimeios.ufc.br\\\/segundasmm\\\/pagina-exemplo\\\/\",\"name\":\"Encontros - Segunda Multimeios\",\"isPartOf\":{\"@id\":\"https:\\\/\\\/blogs.multimeios.ufc.br\\\/segundasmm\\\/#website\"},\"datePublished\":\"2012-10-19T17:40:26+00:00\",\"dateModified\":\"2021-06-16T14:49:42+00:00\",\"breadcrumb\":{\"@id\":\"https:\\\/\\\/blogs.multimeios.ufc.br\\\/segundasmm\\\/pagina-exemplo\\\/#breadcrumb\"},\"inLanguage\":\"pt-BR\",\"potentialAction\":[{\"@type\":\"ReadAction\",\"target\":[\"https:\\\/\\\/blogs.multimeios.ufc.br\\\/segundasmm\\\/pagina-exemplo\\\/\"]}]},{\"@type\":\"BreadcrumbList\",\"@id\":\"https:\\\/\\\/blogs.multimeios.ufc.br\\\/segundasmm\\\/pagina-exemplo\\\/#breadcrumb\",\"itemListElement\":[{\"@type\":\"ListItem\",\"position\":1,\"name\":\"In\u00edcio\",\"item\":\"https:\\\/\\\/blogs.multimeios.ufc.br\\\/segundasmm\\\/\"},{\"@type\":\"ListItem\",\"position\":2,\"name\":\"Encontros\"}]},{\"@type\":\"WebSite\",\"@id\":\"https:\\\/\\\/blogs.multimeios.ufc.br\\\/segundasmm\\\/#website\",\"url\":\"https:\\\/\\\/blogs.multimeios.ufc.br\\\/segundasmm\\\/\",\"name\":\"Segunda Multimeios\",\"description\":\"Forma\u00e7\u00e3o e debate sobre Tecnologias Digitais na Educa\u00e7\u00e3o\",\"potentialAction\":[{\"@type\":\"SearchAction\",\"target\":{\"@type\":\"EntryPoint\",\"urlTemplate\":\"https:\\\/\\\/blogs.multimeios.ufc.br\\\/segundasmm\\\/?s={search_term_string}\"},\"query-input\":{\"@type\":\"PropertyValueSpecification\",\"valueRequired\":true,\"valueName\":\"search_term_string\"}}],\"inLanguage\":\"pt-BR\"}]}<\/script>\n<!-- \/ Yoast SEO plugin. -->","yoast_head_json":{"title":"Encontros - Segunda Multimeios","robots":{"index":"index","follow":"follow","max-snippet":"max-snippet:-1","max-image-preview":"max-image-preview:large","max-video-preview":"max-video-preview:-1"},"canonical":"https:\/\/blogs.multimeios.ufc.br\/segundasmm\/pagina-exemplo\/","og_locale":"pt_BR","og_type":"article","og_title":"Encontros - Segunda Multimeios","og_description":"Pesquisador Local Hor\u00e1rio Data Resumo Regina Santos Nuper 14h \u00e0s 16h 19\/out\/2012 \u00a0 Marta Alves Nuper 14 \u00e0s 16h 26\/out\/2012 \u00a0 Ismael Furtado Nuper 14 \u00e0s 16h 09\/nov\/2012 \u00a0 Iraci Nuper 14 \u00e0s 16h 23\/nov\/2012 \u00a0 Janete Nuper 14 \u00e0s &hellip; Continue lendo &rarr;","og_url":"https:\/\/blogs.multimeios.ufc.br\/segundasmm\/pagina-exemplo\/","og_site_name":"Segunda Multimeios","article_modified_time":"2021-06-16T14:49:42+00:00","twitter_card":"summary_large_image","schema":{"@context":"https:\/\/schema.org","@graph":[{"@type":"WebPage","@id":"https:\/\/blogs.multimeios.ufc.br\/segundasmm\/pagina-exemplo\/","url":"https:\/\/blogs.multimeios.ufc.br\/segundasmm\/pagina-exemplo\/","name":"Encontros - Segunda Multimeios","isPartOf":{"@id":"https:\/\/blogs.multimeios.ufc.br\/segundasmm\/#website"},"datePublished":"2012-10-19T17:40:26+00:00","dateModified":"2021-06-16T14:49:42+00:00","breadcrumb":{"@id":"https:\/\/blogs.multimeios.ufc.br\/segundasmm\/pagina-exemplo\/#breadcrumb"},"inLanguage":"pt-BR","potentialAction":[{"@type":"ReadAction","target":["https:\/\/blogs.multimeios.ufc.br\/segundasmm\/pagina-exemplo\/"]}]},{"@type":"BreadcrumbList","@id":"https:\/\/blogs.multimeios.ufc.br\/segundasmm\/pagina-exemplo\/#breadcrumb","itemListElement":[{"@type":"ListItem","position":1,"name":"In\u00edcio","item":"https:\/\/blogs.multimeios.ufc.br\/segundasmm\/"},{"@type":"ListItem","position":2,"name":"Encontros"}]},{"@type":"WebSite","@id":"https:\/\/blogs.multimeios.ufc.br\/segundasmm\/#website","url":"https:\/\/blogs.multimeios.ufc.br\/segundasmm\/","name":"Segunda Multimeios","description":"Forma\u00e7\u00e3o e debate sobre Tecnologias Digitais na Educa\u00e7\u00e3o","potentialAction":[{"@type":"SearchAction","target":{"@type":"EntryPoint","urlTemplate":"https:\/\/blogs.multimeios.ufc.br\/segundasmm\/?s={search_term_string}"},"query-input":{"@type":"PropertyValueSpecification","valueRequired":true,"valueName":"search_term_string"}}],"inLanguage":"pt-BR"}]}},"_links":{"self":[{"href":"https:\/\/blogs.multimeios.ufc.br\/segundasmm\/wp-json\/wp\/v2\/pages\/2","targetHints":{"allow":["GET"]}}],"collection":[{"href":"https:\/\/blogs.multimeios.ufc.br\/segundasmm\/wp-json\/wp\/v2\/pages"}],"about":[{"href":"https:\/\/blogs.multimeios.ufc.br\/segundasmm\/wp-json\/wp\/v2\/types\/page"}],"author":[{"embeddable":true,"href":"https:\/\/blogs.multimeios.ufc.br\/segundasmm\/wp-json\/wp\/v2\/users\/3"}],"replies":[{"embeddable":true,"href":"https:\/\/blogs.multimeios.ufc.br\/segundasmm\/wp-json\/wp\/v2\/comments?post=2"}],"version-history":[{"count":29,"href":"https:\/\/blogs.multimeios.ufc.br\/segundasmm\/wp-json\/wp\/v2\/pages\/2\/revisions"}],"predecessor-version":[{"id":184,"href":"https:\/\/blogs.multimeios.ufc.br\/segundasmm\/wp-json\/wp\/v2\/pages\/2\/revisions\/184"}],"wp:attachment":[{"href":"https:\/\/blogs.multimeios.ufc.br\/segundasmm\/wp-json\/wp\/v2\/media?parent=2"}],"curies":[{"name":"wp","href":"https:\/\/api.w.org\/{rel}","templated":true}]}}