{"id":12,"date":"2016-05-25T15:21:51","date_gmt":"2016-05-25T15:21:51","guid":{"rendered":"http:\/\/blogs.multimeios.ufc.br\/semanadosalimentosorganicos2016\/?page_id=12"},"modified":"2016-05-25T15:54:42","modified_gmt":"2016-05-25T15:54:42","slug":"amparo-legal","status":"publish","type":"page","link":"https:\/\/blogs.multimeios.ufc.br\/semanadosalimentosorganicos2016\/amparo-legal\/","title":{"rendered":"Amparo Legal"},"content":{"rendered":"<p class=\"western\" align=\"center\"><a href=\"http:\/\/blogs.multimeios.ufc.br\/semanadosalimentosorganicos2016\/files\/2016\/05\/co.png\"><img decoding=\"async\" class=\" size-full wp-image-31 aligncenter\" src=\"http:\/\/blogs.multimeios.ufc.br\/semanadosalimentosorganicos2016\/files\/2016\/05\/co.png\" alt=\"co\" width=\"265\" height=\"133\" \/><\/a><b><\/b><\/p>\n<p class=\"western\" align=\"center\"><span style=\"color: #669900\"><span style=\"font-family: Times new roman,serif\"><span style=\"font-size: medium\"><b>AMPARO LEGAL<\/b><\/span><\/span><\/span><\/p>\n<p class=\"western\" align=\"center\"><span style=\"color: #669900\"><span style=\"font-family: Times new roman,serif\"><span style=\"font-size: medium\"><b>INSTRU\u00c7\u00c3O NORMATIVA N\u00ba 13, de 28 de maio de 2015<\/b><\/span><\/span><\/span><\/p>\n<p class=\"western\" align=\"justify\">\n<p class=\"western\" align=\"justify\"><span style=\"color: #669900\"><span style=\"font-family: Times new roman,serif\"><span style=\"font-size: medium\"><i>Art. 1 Estabelecer a Estrutura, a Composi\u00e7\u00e3o e as Articula\u00e7\u00f5es da Subcomiss\u00e3o Tem\u00e1tica de Produ\u00e7\u00e3o Org\u00e2nica (STPOrg), e a Composi\u00e7\u00e3o e as Articula\u00e7\u00f5es das Comiss\u00f5es da Produ\u00e7\u00e3o Org\u00e2nica nas Unidades da Federa\u00e7\u00e3o (CPOrg-UF), e as diretrizes para a elabora\u00e7\u00e3o dos respectivos regimentos internos.<\/i><\/span><\/span><\/span><\/p>\n<p align=\"justify\"><span style=\"color: #669900\"><span style=\"font-family: Times new roman,serif\"><span style=\"font-size: medium\">As Comiss\u00f5es de Produ\u00e7\u00e3o Org\u00e2nica &#8211; CPOrg s\u00e3o f\u00f3runs compostos por representantes de segmentos da rede de produ\u00e7\u00e3o org\u00e2nica dos estados ou Distrito Federal, dividido igualmente por entidades governamentais e n\u00e3o governamentais.<\/span><\/span><\/span><\/p>\n<p align=\"justify\"><span style=\"color: #669900\"><span style=\"font-family: Times new roman,serif\"><span style=\"font-size: medium\">A CPOrg se re\u00fane regularmente e tem v\u00e1rias atribui\u00e7\u00f5es definidas na Instru\u00e7\u00e3o Normativa n\u00ba 13, de 28 de maio de 2015, como, por exemplo, coordenar a\u00e7\u00f5es e projetos de fomento \u00e0 produ\u00e7\u00e3o org\u00e2nica; sugerir adequa\u00e7\u00e3o das normas de produ\u00e7\u00e3o e controle da qualidade org\u00e2nica; auxiliar na fiscaliza\u00e7\u00e3o, pelo controle social; e propor pol\u00edticas p\u00fablicas para desenvolvimento da produ\u00e7\u00e3o org\u00e2nica.<\/span><\/span><\/span><\/p>\n<p class=\"western\" align=\"center\">\n<p class=\"western\" align=\"center\"><span style=\"color: #669900\"><span style=\"font-family: Times new roman,serif\"><span style=\"font-size: medium\"><b>Contato:<\/b><\/span><\/span><\/span><\/p>\n<p class=\"western\" align=\"center\"><span style=\"color: #669900\"><span style=\"font-family: Times new roman,serif\"><span style=\"font-size: medium\"><b>cporg.ce@gmail.com<\/b><\/span><\/span><\/span><\/p>\n<p class=\"western\" align=\"center\"><span style=\"color: #669900\"><span style=\"font-family: Times new roman,serif\"><span style=\"font-size: medium\">Herm\u00ednio Jos\u00e9 \u2013 Coordenador da CPOrg-CE<\/span><\/span><\/span><\/p>\n<p class=\"western\" align=\"center\"><span style=\"color: #669900\"><span style=\"font-family: Times new roman,serif\"><span style=\"font-size: medium\">Adriano Cust\u00f3dio \u2013 Secret\u00e1rio-Executivo da CPOrg-CE<\/span><\/span><\/span><\/p>\n","protected":false},"excerpt":{"rendered":"<p>AMPARO LEGAL INSTRU\u00c7\u00c3O NORMATIVA N\u00ba 13, de 28 de maio de 2015 Art. 1 Estabelecer a Estrutura, a Composi\u00e7\u00e3o e as Articula\u00e7\u00f5es da Subcomiss\u00e3o Tem\u00e1tica de Produ\u00e7\u00e3o Org\u00e2nica (STPOrg), e a Composi\u00e7\u00e3o e as Articula\u00e7\u00f5es das Comiss\u00f5es da Produ\u00e7\u00e3o Org\u00e2nica nas Unidades da Federa\u00e7\u00e3o (CPOrg-UF), e as diretrizes para a elabora\u00e7\u00e3o dos respectivos regimentos internos. &#8230;<\/p>\n<p><a href=\"https:\/\/blogs.multimeios.ufc.br\/semanadosalimentosorganicos2016\/amparo-legal\/\" class=\"more-link\">Continue reading &lsquo;Amparo Legal&rsquo; &raquo;<\/a><\/p>\n","protected":false},"author":10,"featured_media":0,"parent":0,"menu_order":0,"comment_status":"open","ping_status":"open","template":"","meta":{"footnotes":""},"class_list":["post-12","page","type-page","status-publish","hentry"],"yoast_head":"<!-- This site is optimized with the Yoast SEO plugin v27.4 - https:\/\/yoast.com\/product\/yoast-seo-wordpress\/ -->\n<title>Amparo Legal - Semana dos Alimentos Org\u00e2nicos 2016<\/title>\n<meta name=\"robots\" content=\"index, follow, max-snippet:-1, max-image-preview:large, max-video-preview:-1\" \/>\n<link rel=\"canonical\" href=\"https:\/\/blogs.multimeios.ufc.br\/semanadosalimentosorganicos2016\/amparo-legal\/\" \/>\n<meta property=\"og:locale\" content=\"pt_BR\" \/>\n<meta property=\"og:type\" content=\"article\" \/>\n<meta property=\"og:title\" content=\"Amparo Legal - Semana dos Alimentos Org\u00e2nicos 2016\" \/>\n<meta property=\"og:description\" content=\"AMPARO LEGAL INSTRU\u00c7\u00c3O NORMATIVA N\u00ba 13, de 28 de maio de 2015 Art. 1 Estabelecer a Estrutura, a Composi\u00e7\u00e3o e as Articula\u00e7\u00f5es da Subcomiss\u00e3o Tem\u00e1tica de Produ\u00e7\u00e3o Org\u00e2nica (STPOrg), e a Composi\u00e7\u00e3o e as Articula\u00e7\u00f5es das Comiss\u00f5es da Produ\u00e7\u00e3o Org\u00e2nica nas Unidades da Federa\u00e7\u00e3o (CPOrg-UF), e as diretrizes para a elabora\u00e7\u00e3o dos respectivos regimentos internos. ...Continue reading &lsquo;Amparo Legal&rsquo; &raquo;\" \/>\n<meta property=\"og:url\" content=\"https:\/\/blogs.multimeios.ufc.br\/semanadosalimentosorganicos2016\/amparo-legal\/\" \/>\n<meta property=\"og:site_name\" content=\"Semana dos Alimentos Org\u00e2nicos 2016\" \/>\n<meta property=\"article:modified_time\" content=\"2016-05-25T15:54:42+00:00\" \/>\n<meta property=\"og:image\" content=\"http:\/\/blogs.multimeios.ufc.br\/semanadosalimentosorganicos2016\/files\/2016\/05\/co.png\" \/>\n<meta name=\"twitter:card\" content=\"summary_large_image\" \/>\n<meta name=\"twitter:label1\" content=\"Est. tempo de leitura\" \/>\n\t<meta name=\"twitter:data1\" content=\"1 minuto\" \/>\n<script type=\"application\/ld+json\" class=\"yoast-schema-graph\">{\"@context\":\"https:\\\/\\\/schema.org\",\"@graph\":[{\"@type\":\"WebPage\",\"@id\":\"https:\\\/\\\/blogs.multimeios.ufc.br\\\/semanadosalimentosorganicos2016\\\/amparo-legal\\\/\",\"url\":\"https:\\\/\\\/blogs.multimeios.ufc.br\\\/semanadosalimentosorganicos2016\\\/amparo-legal\\\/\",\"name\":\"Amparo Legal - Semana dos Alimentos Org\u00e2nicos 2016\",\"isPartOf\":{\"@id\":\"https:\\\/\\\/blogs.multimeios.ufc.br\\\/semanadosalimentosorganicos2016\\\/#website\"},\"primaryImageOfPage\":{\"@id\":\"https:\\\/\\\/blogs.multimeios.ufc.br\\\/semanadosalimentosorganicos2016\\\/amparo-legal\\\/#primaryimage\"},\"image\":{\"@id\":\"https:\\\/\\\/blogs.multimeios.ufc.br\\\/semanadosalimentosorganicos2016\\\/amparo-legal\\\/#primaryimage\"},\"thumbnailUrl\":\"http:\\\/\\\/blogs.multimeios.ufc.br\\\/semanadosalimentosorganicos2016\\\/files\\\/2016\\\/05\\\/co.png\",\"datePublished\":\"2016-05-25T15:21:51+00:00\",\"dateModified\":\"2016-05-25T15:54:42+00:00\",\"breadcrumb\":{\"@id\":\"https:\\\/\\\/blogs.multimeios.ufc.br\\\/semanadosalimentosorganicos2016\\\/amparo-legal\\\/#breadcrumb\"},\"inLanguage\":\"pt-BR\",\"potentialAction\":[{\"@type\":\"ReadAction\",\"target\":[\"https:\\\/\\\/blogs.multimeios.ufc.br\\\/semanadosalimentosorganicos2016\\\/amparo-legal\\\/\"]}]},{\"@type\":\"ImageObject\",\"inLanguage\":\"pt-BR\",\"@id\":\"https:\\\/\\\/blogs.multimeios.ufc.br\\\/semanadosalimentosorganicos2016\\\/amparo-legal\\\/#primaryimage\",\"url\":\"http:\\\/\\\/blogs.multimeios.ufc.br\\\/semanadosalimentosorganicos2016\\\/files\\\/2016\\\/05\\\/co.png\",\"contentUrl\":\"http:\\\/\\\/blogs.multimeios.ufc.br\\\/semanadosalimentosorganicos2016\\\/files\\\/2016\\\/05\\\/co.png\"},{\"@type\":\"BreadcrumbList\",\"@id\":\"https:\\\/\\\/blogs.multimeios.ufc.br\\\/semanadosalimentosorganicos2016\\\/amparo-legal\\\/#breadcrumb\",\"itemListElement\":[{\"@type\":\"ListItem\",\"position\":1,\"name\":\"In\u00edcio\",\"item\":\"https:\\\/\\\/blogs.multimeios.ufc.br\\\/semanadosalimentosorganicos2016\\\/\"},{\"@type\":\"ListItem\",\"position\":2,\"name\":\"Amparo Legal\"}]},{\"@type\":\"WebSite\",\"@id\":\"https:\\\/\\\/blogs.multimeios.ufc.br\\\/semanadosalimentosorganicos2016\\\/#website\",\"url\":\"https:\\\/\\\/blogs.multimeios.ufc.br\\\/semanadosalimentosorganicos2016\\\/\",\"name\":\"Semana dos Alimentos Org\u00e2nicos 2016\",\"description\":\"De 30 de maio a 5 de junho de 2016\",\"potentialAction\":[{\"@type\":\"SearchAction\",\"target\":{\"@type\":\"EntryPoint\",\"urlTemplate\":\"https:\\\/\\\/blogs.multimeios.ufc.br\\\/semanadosalimentosorganicos2016\\\/?s={search_term_string}\"},\"query-input\":{\"@type\":\"PropertyValueSpecification\",\"valueRequired\":true,\"valueName\":\"search_term_string\"}}],\"inLanguage\":\"pt-BR\"}]}<\/script>\n<!-- \/ Yoast SEO plugin. -->","yoast_head_json":{"title":"Amparo Legal - Semana dos Alimentos Org\u00e2nicos 2016","robots":{"index":"index","follow":"follow","max-snippet":"max-snippet:-1","max-image-preview":"max-image-preview:large","max-video-preview":"max-video-preview:-1"},"canonical":"https:\/\/blogs.multimeios.ufc.br\/semanadosalimentosorganicos2016\/amparo-legal\/","og_locale":"pt_BR","og_type":"article","og_title":"Amparo Legal - Semana dos Alimentos Org\u00e2nicos 2016","og_description":"AMPARO LEGAL INSTRU\u00c7\u00c3O NORMATIVA N\u00ba 13, de 28 de maio de 2015 Art. 1 Estabelecer a Estrutura, a Composi\u00e7\u00e3o e as Articula\u00e7\u00f5es da Subcomiss\u00e3o Tem\u00e1tica de Produ\u00e7\u00e3o Org\u00e2nica (STPOrg), e a Composi\u00e7\u00e3o e as Articula\u00e7\u00f5es das Comiss\u00f5es da Produ\u00e7\u00e3o Org\u00e2nica nas Unidades da Federa\u00e7\u00e3o (CPOrg-UF), e as diretrizes para a elabora\u00e7\u00e3o dos respectivos regimentos internos. ...Continue reading &lsquo;Amparo Legal&rsquo; &raquo;","og_url":"https:\/\/blogs.multimeios.ufc.br\/semanadosalimentosorganicos2016\/amparo-legal\/","og_site_name":"Semana dos Alimentos Org\u00e2nicos 2016","article_modified_time":"2016-05-25T15:54:42+00:00","og_image":[{"url":"http:\/\/blogs.multimeios.ufc.br\/semanadosalimentosorganicos2016\/files\/2016\/05\/co.png","type":"","width":"","height":""}],"twitter_card":"summary_large_image","twitter_misc":{"Est. tempo de leitura":"1 minuto"},"schema":{"@context":"https:\/\/schema.org","@graph":[{"@type":"WebPage","@id":"https:\/\/blogs.multimeios.ufc.br\/semanadosalimentosorganicos2016\/amparo-legal\/","url":"https:\/\/blogs.multimeios.ufc.br\/semanadosalimentosorganicos2016\/amparo-legal\/","name":"Amparo Legal - Semana dos Alimentos Org\u00e2nicos 2016","isPartOf":{"@id":"https:\/\/blogs.multimeios.ufc.br\/semanadosalimentosorganicos2016\/#website"},"primaryImageOfPage":{"@id":"https:\/\/blogs.multimeios.ufc.br\/semanadosalimentosorganicos2016\/amparo-legal\/#primaryimage"},"image":{"@id":"https:\/\/blogs.multimeios.ufc.br\/semanadosalimentosorganicos2016\/amparo-legal\/#primaryimage"},"thumbnailUrl":"http:\/\/blogs.multimeios.ufc.br\/semanadosalimentosorganicos2016\/files\/2016\/05\/co.png","datePublished":"2016-05-25T15:21:51+00:00","dateModified":"2016-05-25T15:54:42+00:00","breadcrumb":{"@id":"https:\/\/blogs.multimeios.ufc.br\/semanadosalimentosorganicos2016\/amparo-legal\/#breadcrumb"},"inLanguage":"pt-BR","potentialAction":[{"@type":"ReadAction","target":["https:\/\/blogs.multimeios.ufc.br\/semanadosalimentosorganicos2016\/amparo-legal\/"]}]},{"@type":"ImageObject","inLanguage":"pt-BR","@id":"https:\/\/blogs.multimeios.ufc.br\/semanadosalimentosorganicos2016\/amparo-legal\/#primaryimage","url":"http:\/\/blogs.multimeios.ufc.br\/semanadosalimentosorganicos2016\/files\/2016\/05\/co.png","contentUrl":"http:\/\/blogs.multimeios.ufc.br\/semanadosalimentosorganicos2016\/files\/2016\/05\/co.png"},{"@type":"BreadcrumbList","@id":"https:\/\/blogs.multimeios.ufc.br\/semanadosalimentosorganicos2016\/amparo-legal\/#breadcrumb","itemListElement":[{"@type":"ListItem","position":1,"name":"In\u00edcio","item":"https:\/\/blogs.multimeios.ufc.br\/semanadosalimentosorganicos2016\/"},{"@type":"ListItem","position":2,"name":"Amparo Legal"}]},{"@type":"WebSite","@id":"https:\/\/blogs.multimeios.ufc.br\/semanadosalimentosorganicos2016\/#website","url":"https:\/\/blogs.multimeios.ufc.br\/semanadosalimentosorganicos2016\/","name":"Semana dos Alimentos Org\u00e2nicos 2016","description":"De 30 de maio a 5 de junho de 2016","potentialAction":[{"@type":"SearchAction","target":{"@type":"EntryPoint","urlTemplate":"https:\/\/blogs.multimeios.ufc.br\/semanadosalimentosorganicos2016\/?s={search_term_string}"},"query-input":{"@type":"PropertyValueSpecification","valueRequired":true,"valueName":"search_term_string"}}],"inLanguage":"pt-BR"}]}},"_links":{"self":[{"href":"https:\/\/blogs.multimeios.ufc.br\/semanadosalimentosorganicos2016\/wp-json\/wp\/v2\/pages\/12","targetHints":{"allow":["GET"]}}],"collection":[{"href":"https:\/\/blogs.multimeios.ufc.br\/semanadosalimentosorganicos2016\/wp-json\/wp\/v2\/pages"}],"about":[{"href":"https:\/\/blogs.multimeios.ufc.br\/semanadosalimentosorganicos2016\/wp-json\/wp\/v2\/types\/page"}],"author":[{"embeddable":true,"href":"https:\/\/blogs.multimeios.ufc.br\/semanadosalimentosorganicos2016\/wp-json\/wp\/v2\/users\/10"}],"replies":[{"embeddable":true,"href":"https:\/\/blogs.multimeios.ufc.br\/semanadosalimentosorganicos2016\/wp-json\/wp\/v2\/comments?post=12"}],"version-history":[{"count":3,"href":"https:\/\/blogs.multimeios.ufc.br\/semanadosalimentosorganicos2016\/wp-json\/wp\/v2\/pages\/12\/revisions"}],"predecessor-version":[{"id":33,"href":"https:\/\/blogs.multimeios.ufc.br\/semanadosalimentosorganicos2016\/wp-json\/wp\/v2\/pages\/12\/revisions\/33"}],"wp:attachment":[{"href":"https:\/\/blogs.multimeios.ufc.br\/semanadosalimentosorganicos2016\/wp-json\/wp\/v2\/media?parent=12"}],"curies":[{"name":"wp","href":"https:\/\/api.w.org\/{rel}","templated":true}]}}