{"id":23,"date":"2016-05-25T15:24:45","date_gmt":"2016-05-25T15:24:45","guid":{"rendered":"http:\/\/blogs.multimeios.ufc.br\/semanadosalimentosorganicos2016\/?page_id=23"},"modified":"2016-05-25T15:55:29","modified_gmt":"2016-05-25T15:55:29","slug":"contato","status":"publish","type":"page","link":"https:\/\/blogs.multimeios.ufc.br\/semanadosalimentosorganicos2016\/contato\/","title":{"rendered":"Contato"},"content":{"rendered":"<p class=\"western\" align=\"center\"><span style=\"color: #669900\"><span style=\"font-family: Times new roman,serif\"><span style=\"font-size: medium\"><b>Contato:<\/b><\/span><\/span><\/span><\/p>\n<p class=\"western\" align=\"center\"><span style=\"color: #669900\"><span style=\"font-family: Times new roman,serif\"><span style=\"font-size: medium\"><b>cporg.ce@gmail.com<\/b><\/span><\/span><\/span><\/p>\n<p class=\"western\" align=\"center\"><span style=\"color: #669900\"><span style=\"font-family: Times new roman,serif\"><span style=\"font-size: medium\">Herm\u00ednio Jos\u00e9 \u2013 Coordenador da CPOrg-CE<\/span><\/span><\/span><\/p>\n<p class=\"western\" align=\"center\"><span style=\"color: #669900\"><span style=\"font-family: Times new roman,serif\"><span style=\"font-size: medium\">Adriano Cust\u00f3dio \u2013 Secret\u00e1rio-Executivo da CPOrg-CE<\/span><\/span><\/span><\/p>\n","protected":false},"excerpt":{"rendered":"<p>Contato: cporg.ce@gmail.com Herm\u00ednio Jos\u00e9 \u2013 Coordenador da CPOrg-CE Adriano Cust\u00f3dio \u2013 Secret\u00e1rio-Executivo da CPOrg-CE<\/p>\n","protected":false},"author":10,"featured_media":0,"parent":0,"menu_order":0,"comment_status":"open","ping_status":"open","template":"","meta":{"footnotes":""},"class_list":["post-23","page","type-page","status-publish","hentry"],"yoast_head":"<!-- This site is optimized with the Yoast SEO plugin v27.4 - https:\/\/yoast.com\/product\/yoast-seo-wordpress\/ -->\n<title>Contato - Semana dos Alimentos Org\u00e2nicos 2016<\/title>\n<meta name=\"robots\" content=\"index, follow, max-snippet:-1, max-image-preview:large, max-video-preview:-1\" \/>\n<link rel=\"canonical\" href=\"https:\/\/blogs.multimeios.ufc.br\/semanadosalimentosorganicos2016\/contato\/\" \/>\n<meta property=\"og:locale\" content=\"pt_BR\" \/>\n<meta property=\"og:type\" content=\"article\" \/>\n<meta property=\"og:title\" content=\"Contato - Semana dos Alimentos Org\u00e2nicos 2016\" \/>\n<meta property=\"og:description\" content=\"Contato: cporg.ce@gmail.com Herm\u00ednio Jos\u00e9 \u2013 Coordenador da CPOrg-CE Adriano Cust\u00f3dio \u2013 Secret\u00e1rio-Executivo da CPOrg-CE\" \/>\n<meta property=\"og:url\" content=\"https:\/\/blogs.multimeios.ufc.br\/semanadosalimentosorganicos2016\/contato\/\" \/>\n<meta property=\"og:site_name\" content=\"Semana dos Alimentos Org\u00e2nicos 2016\" \/>\n<meta property=\"article:modified_time\" content=\"2016-05-25T15:55:29+00:00\" \/>\n<meta name=\"twitter:card\" content=\"summary_large_image\" \/>\n<script type=\"application\/ld+json\" class=\"yoast-schema-graph\">{\"@context\":\"https:\\\/\\\/schema.org\",\"@graph\":[{\"@type\":\"WebPage\",\"@id\":\"https:\\\/\\\/blogs.multimeios.ufc.br\\\/semanadosalimentosorganicos2016\\\/contato\\\/\",\"url\":\"https:\\\/\\\/blogs.multimeios.ufc.br\\\/semanadosalimentosorganicos2016\\\/contato\\\/\",\"name\":\"Contato - Semana dos Alimentos Org\u00e2nicos 2016\",\"isPartOf\":{\"@id\":\"https:\\\/\\\/blogs.multimeios.ufc.br\\\/semanadosalimentosorganicos2016\\\/#website\"},\"datePublished\":\"2016-05-25T15:24:45+00:00\",\"dateModified\":\"2016-05-25T15:55:29+00:00\",\"breadcrumb\":{\"@id\":\"https:\\\/\\\/blogs.multimeios.ufc.br\\\/semanadosalimentosorganicos2016\\\/contato\\\/#breadcrumb\"},\"inLanguage\":\"pt-BR\",\"potentialAction\":[{\"@type\":\"ReadAction\",\"target\":[\"https:\\\/\\\/blogs.multimeios.ufc.br\\\/semanadosalimentosorganicos2016\\\/contato\\\/\"]}]},{\"@type\":\"BreadcrumbList\",\"@id\":\"https:\\\/\\\/blogs.multimeios.ufc.br\\\/semanadosalimentosorganicos2016\\\/contato\\\/#breadcrumb\",\"itemListElement\":[{\"@type\":\"ListItem\",\"position\":1,\"name\":\"In\u00edcio\",\"item\":\"https:\\\/\\\/blogs.multimeios.ufc.br\\\/semanadosalimentosorganicos2016\\\/\"},{\"@type\":\"ListItem\",\"position\":2,\"name\":\"Contato\"}]},{\"@type\":\"WebSite\",\"@id\":\"https:\\\/\\\/blogs.multimeios.ufc.br\\\/semanadosalimentosorganicos2016\\\/#website\",\"url\":\"https:\\\/\\\/blogs.multimeios.ufc.br\\\/semanadosalimentosorganicos2016\\\/\",\"name\":\"Semana dos Alimentos Org\u00e2nicos 2016\",\"description\":\"De 30 de maio a 5 de junho de 2016\",\"potentialAction\":[{\"@type\":\"SearchAction\",\"target\":{\"@type\":\"EntryPoint\",\"urlTemplate\":\"https:\\\/\\\/blogs.multimeios.ufc.br\\\/semanadosalimentosorganicos2016\\\/?s={search_term_string}\"},\"query-input\":{\"@type\":\"PropertyValueSpecification\",\"valueRequired\":true,\"valueName\":\"search_term_string\"}}],\"inLanguage\":\"pt-BR\"}]}<\/script>\n<!-- \/ Yoast SEO plugin. -->","yoast_head_json":{"title":"Contato - Semana dos Alimentos Org\u00e2nicos 2016","robots":{"index":"index","follow":"follow","max-snippet":"max-snippet:-1","max-image-preview":"max-image-preview:large","max-video-preview":"max-video-preview:-1"},"canonical":"https:\/\/blogs.multimeios.ufc.br\/semanadosalimentosorganicos2016\/contato\/","og_locale":"pt_BR","og_type":"article","og_title":"Contato - Semana dos Alimentos Org\u00e2nicos 2016","og_description":"Contato: cporg.ce@gmail.com Herm\u00ednio Jos\u00e9 \u2013 Coordenador da CPOrg-CE Adriano Cust\u00f3dio \u2013 Secret\u00e1rio-Executivo da CPOrg-CE","og_url":"https:\/\/blogs.multimeios.ufc.br\/semanadosalimentosorganicos2016\/contato\/","og_site_name":"Semana dos Alimentos Org\u00e2nicos 2016","article_modified_time":"2016-05-25T15:55:29+00:00","twitter_card":"summary_large_image","schema":{"@context":"https:\/\/schema.org","@graph":[{"@type":"WebPage","@id":"https:\/\/blogs.multimeios.ufc.br\/semanadosalimentosorganicos2016\/contato\/","url":"https:\/\/blogs.multimeios.ufc.br\/semanadosalimentosorganicos2016\/contato\/","name":"Contato - Semana dos Alimentos Org\u00e2nicos 2016","isPartOf":{"@id":"https:\/\/blogs.multimeios.ufc.br\/semanadosalimentosorganicos2016\/#website"},"datePublished":"2016-05-25T15:24:45+00:00","dateModified":"2016-05-25T15:55:29+00:00","breadcrumb":{"@id":"https:\/\/blogs.multimeios.ufc.br\/semanadosalimentosorganicos2016\/contato\/#breadcrumb"},"inLanguage":"pt-BR","potentialAction":[{"@type":"ReadAction","target":["https:\/\/blogs.multimeios.ufc.br\/semanadosalimentosorganicos2016\/contato\/"]}]},{"@type":"BreadcrumbList","@id":"https:\/\/blogs.multimeios.ufc.br\/semanadosalimentosorganicos2016\/contato\/#breadcrumb","itemListElement":[{"@type":"ListItem","position":1,"name":"In\u00edcio","item":"https:\/\/blogs.multimeios.ufc.br\/semanadosalimentosorganicos2016\/"},{"@type":"ListItem","position":2,"name":"Contato"}]},{"@type":"WebSite","@id":"https:\/\/blogs.multimeios.ufc.br\/semanadosalimentosorganicos2016\/#website","url":"https:\/\/blogs.multimeios.ufc.br\/semanadosalimentosorganicos2016\/","name":"Semana dos Alimentos Org\u00e2nicos 2016","description":"De 30 de maio a 5 de junho de 2016","potentialAction":[{"@type":"SearchAction","target":{"@type":"EntryPoint","urlTemplate":"https:\/\/blogs.multimeios.ufc.br\/semanadosalimentosorganicos2016\/?s={search_term_string}"},"query-input":{"@type":"PropertyValueSpecification","valueRequired":true,"valueName":"search_term_string"}}],"inLanguage":"pt-BR"}]}},"_links":{"self":[{"href":"https:\/\/blogs.multimeios.ufc.br\/semanadosalimentosorganicos2016\/wp-json\/wp\/v2\/pages\/23","targetHints":{"allow":["GET"]}}],"collection":[{"href":"https:\/\/blogs.multimeios.ufc.br\/semanadosalimentosorganicos2016\/wp-json\/wp\/v2\/pages"}],"about":[{"href":"https:\/\/blogs.multimeios.ufc.br\/semanadosalimentosorganicos2016\/wp-json\/wp\/v2\/types\/page"}],"author":[{"embeddable":true,"href":"https:\/\/blogs.multimeios.ufc.br\/semanadosalimentosorganicos2016\/wp-json\/wp\/v2\/users\/10"}],"replies":[{"embeddable":true,"href":"https:\/\/blogs.multimeios.ufc.br\/semanadosalimentosorganicos2016\/wp-json\/wp\/v2\/comments?post=23"}],"version-history":[{"count":2,"href":"https:\/\/blogs.multimeios.ufc.br\/semanadosalimentosorganicos2016\/wp-json\/wp\/v2\/pages\/23\/revisions"}],"predecessor-version":[{"id":34,"href":"https:\/\/blogs.multimeios.ufc.br\/semanadosalimentosorganicos2016\/wp-json\/wp\/v2\/pages\/23\/revisions\/34"}],"wp:attachment":[{"href":"https:\/\/blogs.multimeios.ufc.br\/semanadosalimentosorganicos2016\/wp-json\/wp\/v2\/media?parent=23"}],"curies":[{"name":"wp","href":"https:\/\/api.w.org\/{rel}","templated":true}]}}