{"id":11,"date":"2023-01-20T12:45:44","date_gmt":"2023-01-20T15:45:44","guid":{"rendered":"http:\/\/blogs.multimeios.ufc.br\/sitemmprojetos\/?page_id=11"},"modified":"2023-01-20T13:03:10","modified_gmt":"2023-01-20T16:03:10","slug":"projetos-de-extensao","status":"publish","type":"page","link":"https:\/\/blogs.multimeios.ufc.br\/sitemmprojetos\/projetos-de-extensao\/","title":{"rendered":"Projetos de extens\u00e3o"},"content":{"rendered":"\n<p><a href=\"http:\/\/blogs.multimeios.ufc.br\/assentamentosdigitais\" target=\"_blank\" rel=\"noopener\">Assentamentos Digitais &#8211; @AD<\/a><br \/>Banco Internacional de Objetos Educacionais (BIOE) e Portal do Professor<br \/>Bibliotequinha Virtual &#8211; Inclus\u00e3o Digital para EJA e Terceira Idade<br \/>Centro de refer\u00eancia do professor, Biblioteca Virtual &#8211; BV<br \/><a href=\"http:\/\/blogs.multimeios.ufc.br\/dossieformacao\" target=\"_blank\" rel=\"noopener\">Ciclo de Forma\u00e7\u00e3o Did\u00e1tica Cont\u00ednua e Continuada<\/a><br \/>Introdu\u00e7\u00e3o do Pensamento de Jo\u00e3o dos Santos: estudo sobre a Pedagogia terap\u00eautica<br \/>Manut-Lie<br \/><a href=\"http:\/\/blogs.multimeios.ufc.br\/danielbrandao\" target=\"_blank\" rel=\"noopener\">Projeto Fedathi: metodologia de ensino para forma\u00e7\u00e3o dos docentes do ensino m\u00e9dio da rede p\u00fablica estadual de Educa\u00e7\u00e3o<\/a><br \/><a href=\"http:\/\/www.multimeios.ufc.br\/extensao\/seq-fedathi.php\" target=\"_blank\" rel=\"noopener\">Sequ\u00eancia Fedathi na Forma\u00e7\u00e3o Cont\u00ednua de Professores de Matem\u00e1tica do Ensino Fundamental<\/a><br \/>@NAVE &#8211; Aprendendo a Navegar<br \/>Forma\u00e7\u00e3o Fedathi Generaliz\u00e1vel<\/p>\n","protected":false},"excerpt":{"rendered":"<p>Assentamentos Digitais &#8211; @ADBanco Internacional de Objetos Educacionais (BIOE) e Portal do ProfessorBibliotequinha Virtual &#8211; Inclus\u00e3o Digital para EJA e Terceira IdadeCentro de refer\u00eancia do professor, Biblioteca Virtual &#8211; BVCiclo de Forma\u00e7\u00e3o Did\u00e1tica Cont\u00ednua e ContinuadaIntrodu\u00e7\u00e3o do Pensamento de Jo\u00e3o &hellip; <a href=\"https:\/\/blogs.multimeios.ufc.br\/sitemmprojetos\/projetos-de-extensao\/\">Continue lendo <span class=\"meta-nav\">&rarr;<\/span><\/a><\/p>\n","protected":false},"author":23,"featured_media":0,"parent":0,"menu_order":0,"comment_status":"closed","ping_status":"closed","template":"page-simples.php","meta":{"footnotes":""},"class_list":["post-11","page","type-page","status-publish","hentry"],"yoast_head":"<!-- This site is optimized with the Yoast SEO plugin v27.4 - https:\/\/yoast.com\/product\/yoast-seo-wordpress\/ -->\n<title>Site MM - Projetos - Projetos de extens\u00e3o<\/title>\n<meta name=\"description\" content=\"Conhe\u00e7a os projetos de extens\u00e3o realizados pelo Laborat\u00f3rio MultiMeios da Faculdade de Educa\u00e7\u00e3o, da Universidade Federal do Cear\u00e1\" \/>\n<meta name=\"robots\" content=\"index, follow, max-snippet:-1, max-image-preview:large, max-video-preview:-1\" \/>\n<link rel=\"canonical\" href=\"https:\/\/blogs.multimeios.ufc.br\/sitemmprojetos\/projetos-de-extensao\/\" \/>\n<meta property=\"og:locale\" content=\"pt_BR\" \/>\n<meta property=\"og:type\" content=\"article\" \/>\n<meta property=\"og:title\" content=\"Site MM - Projetos - Projetos de extens\u00e3o\" \/>\n<meta property=\"og:description\" content=\"Conhe\u00e7a os projetos de extens\u00e3o realizados pelo Laborat\u00f3rio MultiMeios da Faculdade de Educa\u00e7\u00e3o, da Universidade Federal do Cear\u00e1\" \/>\n<meta property=\"og:url\" content=\"https:\/\/blogs.multimeios.ufc.br\/sitemmprojetos\/projetos-de-extensao\/\" \/>\n<meta property=\"og:site_name\" content=\"Site MM - Projetos\" \/>\n<meta property=\"article:modified_time\" content=\"2023-01-20T16:03:10+00:00\" \/>\n<meta name=\"twitter:card\" content=\"summary_large_image\" \/>\n<meta name=\"twitter:label1\" content=\"Est. tempo de leitura\" \/>\n\t<meta name=\"twitter:data1\" content=\"1 minuto\" \/>\n<script type=\"application\/ld+json\" class=\"yoast-schema-graph\">{\"@context\":\"https:\\\/\\\/schema.org\",\"@graph\":[{\"@type\":\"WebPage\",\"@id\":\"https:\\\/\\\/blogs.multimeios.ufc.br\\\/sitemmprojetos\\\/projetos-de-extensao\\\/\",\"url\":\"https:\\\/\\\/blogs.multimeios.ufc.br\\\/sitemmprojetos\\\/projetos-de-extensao\\\/\",\"name\":\"Site MM - Projetos - Projetos de extens\u00e3o\",\"isPartOf\":{\"@id\":\"https:\\\/\\\/blogs.multimeios.ufc.br\\\/sitemmprojetos\\\/#website\"},\"datePublished\":\"2023-01-20T15:45:44+00:00\",\"dateModified\":\"2023-01-20T16:03:10+00:00\",\"description\":\"Conhe\u00e7a os projetos de extens\u00e3o realizados pelo Laborat\u00f3rio MultiMeios da Faculdade de Educa\u00e7\u00e3o, da Universidade Federal do Cear\u00e1\",\"breadcrumb\":{\"@id\":\"https:\\\/\\\/blogs.multimeios.ufc.br\\\/sitemmprojetos\\\/projetos-de-extensao\\\/#breadcrumb\"},\"inLanguage\":\"pt-BR\",\"potentialAction\":[{\"@type\":\"ReadAction\",\"target\":[\"https:\\\/\\\/blogs.multimeios.ufc.br\\\/sitemmprojetos\\\/projetos-de-extensao\\\/\"]}]},{\"@type\":\"BreadcrumbList\",\"@id\":\"https:\\\/\\\/blogs.multimeios.ufc.br\\\/sitemmprojetos\\\/projetos-de-extensao\\\/#breadcrumb\",\"itemListElement\":[{\"@type\":\"ListItem\",\"position\":1,\"name\":\"In\u00edcio\",\"item\":\"https:\\\/\\\/blogs.multimeios.ufc.br\\\/sitemmprojetos\\\/\"},{\"@type\":\"ListItem\",\"position\":2,\"name\":\"Projetos de extens\u00e3o\"}]},{\"@type\":\"WebSite\",\"@id\":\"https:\\\/\\\/blogs.multimeios.ufc.br\\\/sitemmprojetos\\\/#website\",\"url\":\"https:\\\/\\\/blogs.multimeios.ufc.br\\\/sitemmprojetos\\\/\",\"name\":\"Site MM - Projetos\",\"description\":\"\",\"potentialAction\":[{\"@type\":\"SearchAction\",\"target\":{\"@type\":\"EntryPoint\",\"urlTemplate\":\"https:\\\/\\\/blogs.multimeios.ufc.br\\\/sitemmprojetos\\\/?s={search_term_string}\"},\"query-input\":{\"@type\":\"PropertyValueSpecification\",\"valueRequired\":true,\"valueName\":\"search_term_string\"}}],\"inLanguage\":\"pt-BR\"}]}<\/script>\n<!-- \/ Yoast SEO plugin. -->","yoast_head_json":{"title":"Site MM - Projetos - Projetos de extens\u00e3o","description":"Conhe\u00e7a os projetos de extens\u00e3o realizados pelo Laborat\u00f3rio MultiMeios da Faculdade de Educa\u00e7\u00e3o, da Universidade Federal do Cear\u00e1","robots":{"index":"index","follow":"follow","max-snippet":"max-snippet:-1","max-image-preview":"max-image-preview:large","max-video-preview":"max-video-preview:-1"},"canonical":"https:\/\/blogs.multimeios.ufc.br\/sitemmprojetos\/projetos-de-extensao\/","og_locale":"pt_BR","og_type":"article","og_title":"Site MM - Projetos - Projetos de extens\u00e3o","og_description":"Conhe\u00e7a os projetos de extens\u00e3o realizados pelo Laborat\u00f3rio MultiMeios da Faculdade de Educa\u00e7\u00e3o, da Universidade Federal do Cear\u00e1","og_url":"https:\/\/blogs.multimeios.ufc.br\/sitemmprojetos\/projetos-de-extensao\/","og_site_name":"Site MM - Projetos","article_modified_time":"2023-01-20T16:03:10+00:00","twitter_card":"summary_large_image","twitter_misc":{"Est. tempo de leitura":"1 minuto"},"schema":{"@context":"https:\/\/schema.org","@graph":[{"@type":"WebPage","@id":"https:\/\/blogs.multimeios.ufc.br\/sitemmprojetos\/projetos-de-extensao\/","url":"https:\/\/blogs.multimeios.ufc.br\/sitemmprojetos\/projetos-de-extensao\/","name":"Site MM - Projetos - Projetos de extens\u00e3o","isPartOf":{"@id":"https:\/\/blogs.multimeios.ufc.br\/sitemmprojetos\/#website"},"datePublished":"2023-01-20T15:45:44+00:00","dateModified":"2023-01-20T16:03:10+00:00","description":"Conhe\u00e7a os projetos de extens\u00e3o realizados pelo Laborat\u00f3rio MultiMeios da Faculdade de Educa\u00e7\u00e3o, da Universidade Federal do Cear\u00e1","breadcrumb":{"@id":"https:\/\/blogs.multimeios.ufc.br\/sitemmprojetos\/projetos-de-extensao\/#breadcrumb"},"inLanguage":"pt-BR","potentialAction":[{"@type":"ReadAction","target":["https:\/\/blogs.multimeios.ufc.br\/sitemmprojetos\/projetos-de-extensao\/"]}]},{"@type":"BreadcrumbList","@id":"https:\/\/blogs.multimeios.ufc.br\/sitemmprojetos\/projetos-de-extensao\/#breadcrumb","itemListElement":[{"@type":"ListItem","position":1,"name":"In\u00edcio","item":"https:\/\/blogs.multimeios.ufc.br\/sitemmprojetos\/"},{"@type":"ListItem","position":2,"name":"Projetos de extens\u00e3o"}]},{"@type":"WebSite","@id":"https:\/\/blogs.multimeios.ufc.br\/sitemmprojetos\/#website","url":"https:\/\/blogs.multimeios.ufc.br\/sitemmprojetos\/","name":"Site MM - Projetos","description":"","potentialAction":[{"@type":"SearchAction","target":{"@type":"EntryPoint","urlTemplate":"https:\/\/blogs.multimeios.ufc.br\/sitemmprojetos\/?s={search_term_string}"},"query-input":{"@type":"PropertyValueSpecification","valueRequired":true,"valueName":"search_term_string"}}],"inLanguage":"pt-BR"}]}},"_links":{"self":[{"href":"https:\/\/blogs.multimeios.ufc.br\/sitemmprojetos\/wp-json\/wp\/v2\/pages\/11","targetHints":{"allow":["GET"]}}],"collection":[{"href":"https:\/\/blogs.multimeios.ufc.br\/sitemmprojetos\/wp-json\/wp\/v2\/pages"}],"about":[{"href":"https:\/\/blogs.multimeios.ufc.br\/sitemmprojetos\/wp-json\/wp\/v2\/types\/page"}],"author":[{"embeddable":true,"href":"https:\/\/blogs.multimeios.ufc.br\/sitemmprojetos\/wp-json\/wp\/v2\/users\/23"}],"replies":[{"embeddable":true,"href":"https:\/\/blogs.multimeios.ufc.br\/sitemmprojetos\/wp-json\/wp\/v2\/comments?post=11"}],"version-history":[{"count":5,"href":"https:\/\/blogs.multimeios.ufc.br\/sitemmprojetos\/wp-json\/wp\/v2\/pages\/11\/revisions"}],"predecessor-version":[{"id":26,"href":"https:\/\/blogs.multimeios.ufc.br\/sitemmprojetos\/wp-json\/wp\/v2\/pages\/11\/revisions\/26"}],"wp:attachment":[{"href":"https:\/\/blogs.multimeios.ufc.br\/sitemmprojetos\/wp-json\/wp\/v2\/media?parent=11"}],"curies":[{"name":"wp","href":"https:\/\/api.w.org\/{rel}","templated":true}]}}