{"id":2,"date":"2025-08-25T09:38:14","date_gmt":"2025-08-25T12:38:14","guid":{"rendered":"https:\/\/blogs.multimeios.ufc.br\/wgabriel\/?page_id=2"},"modified":"2025-08-25T11:26:03","modified_gmt":"2025-08-25T14:26:03","slug":"pagina-exemplo","status":"publish","type":"page","link":"https:\/\/blogs.multimeios.ufc.br\/wgabriel\/pagina-exemplo\/","title":{"rendered":"Um recorte da minha hist\u00f3ria dentro do Laborat\u00f3rio Multimeios, com prof. Herm\u00ednio Borges Neto"},"content":{"rendered":"\n<p>Minha trajet\u00f3ria cient\u00edfica tem um marco fundamental: o professor <strong>Herm\u00ednio Borges Neto<\/strong>. Ele n\u00e3o apenas me apresentou ao universo da pesquisa acad\u00eamica, mas tamb\u00e9m me ajudou a redefinir a forma como entendo a rela\u00e7\u00e3o entre tecnologia e educa\u00e7\u00e3o.<\/p>\n\n\n\n<p><\/p>\n\n\n\n<p><\/p>\n\n\n\n<p><strong>PRIMEIRO PASSO<\/strong><\/p>\n\n\n\n<p>Minha forma\u00e7\u00e3o come\u00e7ou no curso de <strong>Comunica\u00e7\u00e3o Social<\/strong> da Universidade Federal do Cear\u00e1. Desde o in\u00edcio, minha inclina\u00e7\u00e3o era pela tecnologia. No entanto, em 2002, ao ingressar no curso, percebi que n\u00e3o havia ainda uma linha de pesquisa diretamente voltada a esse campo dentro da Comunica\u00e7\u00e3o. Foi nesse momento que recebi a indica\u00e7\u00e3o dentro da pr\u00f3pria UFC de buscar o <strong>Laborat\u00f3rio Multimeios<\/strong>, refer\u00eancia no estudo da tecnologia aplicada a diferentes \u00e1reas da sociedade, especialmente na educa\u00e7\u00e3o.<\/p>\n\n\n\n<p>O contato com o laborat\u00f3rio abriu um novo horizonte. Passei a estudar <strong>usabilidade<\/strong> em sistemas voltados para a educa\u00e7\u00e3o, incluindo os ent\u00e3o chamados <strong>Ambientes Virtuais de Aprendizagem (AVA)<\/strong> e <strong>Ambientes Virtuais de Ensino (AVE)<\/strong>. Em seguida, aprofundei-me nas discuss\u00f5es sobre <strong>intera\u00e7\u00e3o e interatividade<\/strong> nesses ambientes, explorando tamb\u00e9m conceitos mais avan\u00e7ados, como <strong>ubiquidade<\/strong> e <strong>interoperabilidade<\/strong> em tecnologias educacionais.<\/p>\n\n\n\n<p><\/p>\n\n\n\n<p><\/p>\n\n\n\n<p><strong>P\u00d3S-GRADUA\u00c7\u00c3O E APROFUNDAMENTOS<\/strong><\/p>\n\n\n\n<p>Ap\u00f3s a gradua\u00e7\u00e3o, busquei consolidar minha forma\u00e7\u00e3o. Realizei uma <strong>p\u00f3s-gradua\u00e7\u00e3o lato sensu em Tecnologias Digitais na Educa\u00e7\u00e3o<\/strong>, novamente sob a orienta\u00e7\u00e3o do professor Herm\u00ednio Borges Neto. Em seguida, ampliei minha perspectiva com uma especializa\u00e7\u00e3o em <strong>Neuroeduca\u00e7\u00e3o<\/strong>, para compreender como o c\u00e9rebro humano se relaciona com os diferentes modos de ensino-aprendizagem. Mais adiante, conclu\u00ed uma p\u00f3s-gradua\u00e7\u00e3o em <strong>Intelig\u00eancia Computacional e Artificial<\/strong>, pela Universidade Federal do Vi\u00e7osa, mergulhando em linguagens de programa\u00e7\u00e3o e no desenvolvimento de modelos de linguagem (LLMs).<\/p>\n\n\n\n<p>Em paralelo, ingressei no <strong>Mestrado em Administra\u00e7\u00e3o e Controladoria<\/strong>, na Universidade Federal do Cear\u00e1, para compreender como seria poss\u00edvell transformar todos esses insights em resultados concretos para ajudar sociedade e empresas.<\/p>\n\n\n\n<p>Esses estudos complementares me permitiram construir uma vis\u00e3o interdisciplinar, unindo educa\u00e7\u00e3o, tecnologia e ci\u00eancia cognitiva.<\/p>\n\n\n\n<p><\/p>\n\n\n\n<p><\/p>\n\n\n\n<p><strong>A EXPERI\u00caNCIA PROFISSIONAL E O RETORNO \u00c0 PESQUISA<\/strong><\/p>\n\n\n\n<p>Durante anos, atuei tamb\u00e9m no mercado de consultoria empresarial, colaborando com empresas privadas e \u00f3rg\u00e3os p\u00fablicos, sobre como converter ideias e a\u00e7\u00f5es estrat\u00e9gicas em resultados empresariais. Foi assim que inseri Neg\u00f3cios Digitais e Marketing Digital na minha hist\u00f3ria e que me deu toda a base estrutural da minha vida. A experi\u00eancia pr\u00e1tica foi valiosa, mas percebi a necessidade de revisitar as bases acad\u00eamicas para compreender, com mais profundidade, os rumos futuros da tecnologia na sociedade e educa\u00e7\u00e3o.<\/p>\n\n\n\n<p>Foi assim que retornei ao <strong>Laborat\u00f3rio Multimeios<\/strong>. Tornei-me ouvinte em uma disciplina ministrada pelo professor Herm\u00ednio Borges Neto, permanecendo por um ano nessa imers\u00e3o. O contato com as discuss\u00f5es atualizadas, fundamentadas em bases te\u00f3ricas s\u00f3lidas, reacendeu em mim o desejo de dar continuidade \u00e0 pesquisa cient\u00edfica.<\/p>\n\n\n\n<p><\/p>\n\n\n\n<p><\/p>\n\n\n\n<p><strong>O DOUTORADO E O PRESENTE<\/strong><\/p>\n\n\n\n<p>Ap\u00f3s esse per\u00edodo de estudos, decidi prestar a sele\u00e7\u00e3o para o doutorado em <strong>Educa\u00e7\u00e3o na Universidade Federal do Cear\u00e1<\/strong>, na linha de pesquisa em Tecnologia e Educa\u00e7\u00e3o. Hoje, tenho a honra de ser orientado pelo professor Herm\u00ednio Borges Neto, pesquisando como a educa\u00e7\u00e3o se relaciona com as novas tecnologias e como estas podem ser <strong>legalmente e pedagogicamente incorporadas<\/strong> \u00e0s pr\u00e1ticas educacionais, em especial a <strong>intelig\u00eancia artificial<\/strong>.<\/p>\n\n\n\n<p>Minha trajet\u00f3ria no <strong>Laborat\u00f3rio Multimeios<\/strong> \u00e9 marcada por reencontros e continuidades. Desde a gradua\u00e7\u00e3o at\u00e9 o doutorado, encontrei um espa\u00e7o de di\u00e1logo, reflex\u00e3o e constru\u00e7\u00e3o cient\u00edfica. Mais do que um percurso acad\u00eamico, essa hist\u00f3ria representa um compromisso com o futuro da educa\u00e7\u00e3o e com a compreens\u00e3o cr\u00edtica e anal\u00edtica do papel da tecnologia na forma\u00e7\u00e3o humana e na constru\u00e7\u00e3o da sociedade (incluindo \u00f3rg\u00e3os p\u00fablicos e empresas).<\/p>\n","protected":false},"excerpt":{"rendered":"<p>Minha trajet\u00f3ria cient\u00edfica tem um marco fundamental: o professor Herm\u00ednio Borges Neto. Ele n\u00e3o apenas me apresentou ao universo da pesquisa acad\u00eamica, mas tamb\u00e9m me ajudou a redefinir a forma como entendo a rela\u00e7\u00e3o entre tecnologia e educa\u00e7\u00e3o. PRIMEIRO PASSO Minha forma\u00e7\u00e3o come\u00e7ou no curso de Comunica\u00e7\u00e3o Social da Universidade Federal do Cear\u00e1. Desde o [&hellip;]<\/p>\n","protected":false},"author":47,"featured_media":0,"parent":0,"menu_order":0,"comment_status":"closed","ping_status":"open","template":"","meta":{"footnotes":""},"class_list":["post-2","page","type-page","status-publish","hentry"],"yoast_head":"<!-- This site is optimized with the Yoast SEO plugin v27.4 - https:\/\/yoast.com\/product\/yoast-seo-wordpress\/ -->\n<title>Um recorte da minha hist\u00f3ria dentro do Laborat\u00f3rio Multimeios, com prof. Herm\u00ednio Borges Neto - W. Gabriel - Pesquisador Laborat\u00f3rio Multimeios - Faculdade de Educa\u00e7\u00e3o \/ Universidade Federal do Cear\u00e1<\/title>\n<meta name=\"robots\" content=\"index, follow, max-snippet:-1, max-image-preview:large, max-video-preview:-1\" \/>\n<link rel=\"canonical\" href=\"https:\/\/blogs.multimeios.ufc.br\/wgabriel\/pagina-exemplo\/\" \/>\n<meta property=\"og:locale\" content=\"pt_BR\" \/>\n<meta property=\"og:type\" content=\"article\" \/>\n<meta property=\"og:title\" content=\"Um recorte da minha hist\u00f3ria dentro do Laborat\u00f3rio Multimeios, com prof. Herm\u00ednio Borges Neto - W. Gabriel - Pesquisador Laborat\u00f3rio Multimeios - Faculdade de Educa\u00e7\u00e3o \/ Universidade Federal do Cear\u00e1\" \/>\n<meta property=\"og:description\" content=\"Minha trajet\u00f3ria cient\u00edfica tem um marco fundamental: o professor Herm\u00ednio Borges Neto. Ele n\u00e3o apenas me apresentou ao universo da pesquisa acad\u00eamica, mas tamb\u00e9m me ajudou a redefinir a forma como entendo a rela\u00e7\u00e3o entre tecnologia e educa\u00e7\u00e3o. PRIMEIRO PASSO Minha forma\u00e7\u00e3o come\u00e7ou no curso de Comunica\u00e7\u00e3o Social da Universidade Federal do Cear\u00e1. Desde o [&hellip;]\" \/>\n<meta property=\"og:url\" content=\"https:\/\/blogs.multimeios.ufc.br\/wgabriel\/pagina-exemplo\/\" \/>\n<meta property=\"og:site_name\" content=\"W. Gabriel - Pesquisador Laborat\u00f3rio Multimeios - Faculdade de Educa\u00e7\u00e3o \/ Universidade Federal do Cear\u00e1\" \/>\n<meta property=\"article:modified_time\" content=\"2025-08-25T14:26:03+00:00\" \/>\n<meta name=\"twitter:card\" content=\"summary_large_image\" \/>\n<meta name=\"twitter:label1\" content=\"Est. tempo de leitura\" \/>\n\t<meta name=\"twitter:data1\" content=\"4 minutos\" \/>\n<script type=\"application\/ld+json\" class=\"yoast-schema-graph\">{\"@context\":\"https:\\\/\\\/schema.org\",\"@graph\":[{\"@type\":\"WebPage\",\"@id\":\"https:\\\/\\\/blogs.multimeios.ufc.br\\\/wgabriel\\\/pagina-exemplo\\\/\",\"url\":\"https:\\\/\\\/blogs.multimeios.ufc.br\\\/wgabriel\\\/pagina-exemplo\\\/\",\"name\":\"Um recorte da minha hist\u00f3ria dentro do Laborat\u00f3rio Multimeios, com prof. Herm\u00ednio Borges Neto - W. Gabriel - Pesquisador Laborat\u00f3rio Multimeios - Faculdade de Educa\u00e7\u00e3o \\\/ Universidade Federal do Cear\u00e1\",\"isPartOf\":{\"@id\":\"https:\\\/\\\/blogs.multimeios.ufc.br\\\/wgabriel\\\/#website\"},\"datePublished\":\"2025-08-25T12:38:14+00:00\",\"dateModified\":\"2025-08-25T14:26:03+00:00\",\"breadcrumb\":{\"@id\":\"https:\\\/\\\/blogs.multimeios.ufc.br\\\/wgabriel\\\/pagina-exemplo\\\/#breadcrumb\"},\"inLanguage\":\"pt-BR\",\"potentialAction\":[{\"@type\":\"ReadAction\",\"target\":[\"https:\\\/\\\/blogs.multimeios.ufc.br\\\/wgabriel\\\/pagina-exemplo\\\/\"]}]},{\"@type\":\"BreadcrumbList\",\"@id\":\"https:\\\/\\\/blogs.multimeios.ufc.br\\\/wgabriel\\\/pagina-exemplo\\\/#breadcrumb\",\"itemListElement\":[{\"@type\":\"ListItem\",\"position\":1,\"name\":\"In\u00edcio\",\"item\":\"https:\\\/\\\/blogs.multimeios.ufc.br\\\/wgabriel\\\/\"},{\"@type\":\"ListItem\",\"position\":2,\"name\":\"Um recorte da minha hist\u00f3ria dentro do Laborat\u00f3rio Multimeios, com prof. Herm\u00ednio Borges Neto\"}]},{\"@type\":\"WebSite\",\"@id\":\"https:\\\/\\\/blogs.multimeios.ufc.br\\\/wgabriel\\\/#website\",\"url\":\"https:\\\/\\\/blogs.multimeios.ufc.br\\\/wgabriel\\\/\",\"name\":\"W. Gabriel - Pesquisador Laborat\u00f3rio Multimeios - Faculdade de Educa\u00e7\u00e3o \\\/ Universidade Federal do Cear\u00e1\",\"description\":\"Registros de pesquisas realizadas dentro do Laborat\u00f3rio Multimeios, orientador pelo prof. Herm\u00ednio Borges Neto, da Faculdade de Educa\u00e7\u00e3o, da Universidade Federal do Cear\u00e1\",\"potentialAction\":[{\"@type\":\"SearchAction\",\"target\":{\"@type\":\"EntryPoint\",\"urlTemplate\":\"https:\\\/\\\/blogs.multimeios.ufc.br\\\/wgabriel\\\/?s={search_term_string}\"},\"query-input\":{\"@type\":\"PropertyValueSpecification\",\"valueRequired\":true,\"valueName\":\"search_term_string\"}}],\"inLanguage\":\"pt-BR\"}]}<\/script>\n<!-- \/ Yoast SEO plugin. -->","yoast_head_json":{"title":"Um recorte da minha hist\u00f3ria dentro do Laborat\u00f3rio Multimeios, com prof. Herm\u00ednio Borges Neto - W. Gabriel - Pesquisador Laborat\u00f3rio Multimeios - Faculdade de Educa\u00e7\u00e3o \/ Universidade Federal do Cear\u00e1","robots":{"index":"index","follow":"follow","max-snippet":"max-snippet:-1","max-image-preview":"max-image-preview:large","max-video-preview":"max-video-preview:-1"},"canonical":"https:\/\/blogs.multimeios.ufc.br\/wgabriel\/pagina-exemplo\/","og_locale":"pt_BR","og_type":"article","og_title":"Um recorte da minha hist\u00f3ria dentro do Laborat\u00f3rio Multimeios, com prof. Herm\u00ednio Borges Neto - W. Gabriel - Pesquisador Laborat\u00f3rio Multimeios - Faculdade de Educa\u00e7\u00e3o \/ Universidade Federal do Cear\u00e1","og_description":"Minha trajet\u00f3ria cient\u00edfica tem um marco fundamental: o professor Herm\u00ednio Borges Neto. Ele n\u00e3o apenas me apresentou ao universo da pesquisa acad\u00eamica, mas tamb\u00e9m me ajudou a redefinir a forma como entendo a rela\u00e7\u00e3o entre tecnologia e educa\u00e7\u00e3o. PRIMEIRO PASSO Minha forma\u00e7\u00e3o come\u00e7ou no curso de Comunica\u00e7\u00e3o Social da Universidade Federal do Cear\u00e1. Desde o [&hellip;]","og_url":"https:\/\/blogs.multimeios.ufc.br\/wgabriel\/pagina-exemplo\/","og_site_name":"W. Gabriel - Pesquisador Laborat\u00f3rio Multimeios - Faculdade de Educa\u00e7\u00e3o \/ Universidade Federal do Cear\u00e1","article_modified_time":"2025-08-25T14:26:03+00:00","twitter_card":"summary_large_image","twitter_misc":{"Est. tempo de leitura":"4 minutos"},"schema":{"@context":"https:\/\/schema.org","@graph":[{"@type":"WebPage","@id":"https:\/\/blogs.multimeios.ufc.br\/wgabriel\/pagina-exemplo\/","url":"https:\/\/blogs.multimeios.ufc.br\/wgabriel\/pagina-exemplo\/","name":"Um recorte da minha hist\u00f3ria dentro do Laborat\u00f3rio Multimeios, com prof. Herm\u00ednio Borges Neto - W. Gabriel - Pesquisador Laborat\u00f3rio Multimeios - Faculdade de Educa\u00e7\u00e3o \/ Universidade Federal do Cear\u00e1","isPartOf":{"@id":"https:\/\/blogs.multimeios.ufc.br\/wgabriel\/#website"},"datePublished":"2025-08-25T12:38:14+00:00","dateModified":"2025-08-25T14:26:03+00:00","breadcrumb":{"@id":"https:\/\/blogs.multimeios.ufc.br\/wgabriel\/pagina-exemplo\/#breadcrumb"},"inLanguage":"pt-BR","potentialAction":[{"@type":"ReadAction","target":["https:\/\/blogs.multimeios.ufc.br\/wgabriel\/pagina-exemplo\/"]}]},{"@type":"BreadcrumbList","@id":"https:\/\/blogs.multimeios.ufc.br\/wgabriel\/pagina-exemplo\/#breadcrumb","itemListElement":[{"@type":"ListItem","position":1,"name":"In\u00edcio","item":"https:\/\/blogs.multimeios.ufc.br\/wgabriel\/"},{"@type":"ListItem","position":2,"name":"Um recorte da minha hist\u00f3ria dentro do Laborat\u00f3rio Multimeios, com prof. Herm\u00ednio Borges Neto"}]},{"@type":"WebSite","@id":"https:\/\/blogs.multimeios.ufc.br\/wgabriel\/#website","url":"https:\/\/blogs.multimeios.ufc.br\/wgabriel\/","name":"W. Gabriel - Pesquisador Laborat\u00f3rio Multimeios - Faculdade de Educa\u00e7\u00e3o \/ Universidade Federal do Cear\u00e1","description":"Registros de pesquisas realizadas dentro do Laborat\u00f3rio Multimeios, orientador pelo prof. Herm\u00ednio Borges Neto, da Faculdade de Educa\u00e7\u00e3o, da Universidade Federal do Cear\u00e1","potentialAction":[{"@type":"SearchAction","target":{"@type":"EntryPoint","urlTemplate":"https:\/\/blogs.multimeios.ufc.br\/wgabriel\/?s={search_term_string}"},"query-input":{"@type":"PropertyValueSpecification","valueRequired":true,"valueName":"search_term_string"}}],"inLanguage":"pt-BR"}]}},"_links":{"self":[{"href":"https:\/\/blogs.multimeios.ufc.br\/wgabriel\/wp-json\/wp\/v2\/pages\/2","targetHints":{"allow":["GET"]}}],"collection":[{"href":"https:\/\/blogs.multimeios.ufc.br\/wgabriel\/wp-json\/wp\/v2\/pages"}],"about":[{"href":"https:\/\/blogs.multimeios.ufc.br\/wgabriel\/wp-json\/wp\/v2\/types\/page"}],"author":[{"embeddable":true,"href":"https:\/\/blogs.multimeios.ufc.br\/wgabriel\/wp-json\/wp\/v2\/users\/47"}],"replies":[{"embeddable":true,"href":"https:\/\/blogs.multimeios.ufc.br\/wgabriel\/wp-json\/wp\/v2\/comments?post=2"}],"version-history":[{"count":2,"href":"https:\/\/blogs.multimeios.ufc.br\/wgabriel\/wp-json\/wp\/v2\/pages\/2\/revisions"}],"predecessor-version":[{"id":11,"href":"https:\/\/blogs.multimeios.ufc.br\/wgabriel\/wp-json\/wp\/v2\/pages\/2\/revisions\/11"}],"wp:attachment":[{"href":"https:\/\/blogs.multimeios.ufc.br\/wgabriel\/wp-json\/wp\/v2\/media?parent=2"}],"curies":[{"name":"wp","href":"https:\/\/api.w.org\/{rel}","templated":true}]}}